[dpdk-test-report] |FAILURE| [GIT MASTER] cfcca6990363250939dd92962b3bd3c31b743c75
dpdklab at iol.unh.edu
dpdklab at iol.unh.edu
Tue Sep 7 13:17:37 CEST 2021
_Testing issues_
Branch: tags/v20.11
cfcca6990363250939dd92962b3bd3c31b743c75 --> testing fail
Test environment and result as below:
+---------------------+--------------------+----------------------+-------------------+
| Environment | dpdk_meson_compile | dpdk_mingw64_compile | dpdk_compile_spdk |
+=====================+====================+======================+===================+
| Windows Server 2019 | FAIL | PASS | SKIPPED |
+---------------------+--------------------+----------------------+-------------------+
| Fedora 31 | PASS | SKIPPED | SKIPPED |
+---------------------+--------------------+----------------------+-------------------+
| Ubuntu 18.04 | PASS | SKIPPED | PASS |
+---------------------+--------------------+----------------------+-------------------+
| CentOS Stream 8 | PASS | SKIPPED | SKIPPED |
+---------------------+--------------------+----------------------+-------------------+
| FreeBSD 13 | PASS | SKIPPED | SKIPPED |
+---------------------+--------------------+----------------------+-------------------+
| openSUSE Leap 15 | PASS | SKIPPED | SKIPPED |
+---------------------+--------------------+----------------------+-------------------+
| RHEL 7 | PASS | SKIPPED | SKIPPED |
+---------------------+--------------------+----------------------+-------------------+
| CentOS 8 | PASS | SKIPPED | SKIPPED |
+---------------------+--------------------+----------------------+-------------------+
| Fedora 32 | PASS | SKIPPED | SKIPPED |
+---------------------+--------------------+----------------------+-------------------+
| Fedora 34 | PASS | SKIPPED | SKIPPED |
+---------------------+--------------------+----------------------+-------------------+
| Alpine | FAIL | SKIPPED | SKIPPED |
+---------------------+--------------------+----------------------+-------------------+
| Ubuntu 20.04 | PASS | SKIPPED | SKIPPED |
+---------------------+--------------------+----------------------+-------------------+
| Arch Linux | PASS | SKIPPED | SKIPPED |
+---------------------+--------------------+----------------------+-------------------+
| Fedora 33 | PASS | SKIPPED | SKIPPED |
+---------------------+--------------------+----------------------+-------------------+
| RHEL8 | PASS | SKIPPED | SKIPPED |
+---------------------+--------------------+----------------------+-------------------+
| Fedora 34 clang | PASS | SKIPPED | SKIPPED |
+---------------------+--------------------+----------------------+-------------------+
==== 20 line log output for Alpine (dpdk_meson_compile): ====
FAILED: drivers/libtmp_rte_event_dlb2.a.p/event_dlb2_dlb2.c.o
ccache cc -Idrivers/libtmp_rte_event_dlb2.a.p -Idrivers -I../drivers -Idrivers/event/dlb2 -I../drivers/event/dlb2 -Ilib/librte_eventdev -I../lib/librte_eventdev -I. -I.. -Iconfig -I../config -Ilib/librte_eal/include -I../lib/librte_eal/include -Ilib/librte_eal/linux/include -I../lib/librte_eal/linux/include -Ilib/librte_eal/x86/include -I../lib/librte_eal/x86/include -Ilib/librte_eal/common -I../lib/librte_eal/common -Ilib/librte_eal -I../lib/librte_eal -Ilib/librte_kvargs -I../lib/librte_kvargs -Ilib/librte_metrics -I../lib/librte_metrics -Ilib/librte_telemetry -I../lib/librte_telemetry -Ilib/librte_ring -I../lib/librte_ring -Ilib/librte_ethdev -I../lib/librte_ethdev -Ilib/librte_net -I../lib/librte_net -Ilib/librte_mbuf -I../lib/librte_mbuf -Ilib/librte_mempool -I../lib/librte_mempool -Ilib/librte_meter -I../lib/librte_meter -Ilib/librte_hash -I../lib/librte_hash -Ilib/librte_rcu -I../lib/librte_rcu -Ilib/librte_timer -I../lib/librte_timer -Ilib/librte_cryptodev -I../lib/librte_cryptodev -Ilib/librte_pci -I../lib/librte_pci -Idrivers/bus/pci -I../drivers/bus/pci -I../drivers/bus/pci/linux -fdiagnostics-color=always -D_FILE_OFFSET_BITS=64 -Wall -Winvalid-pch -Werror -O3 -include rte_config.h -Wextra -Wcast-qual -Wdeprecated -Wformat -Wformat-nonliteral -Wformat-security -Wmissing-declarations -Wmissing-prototypes -Wnested-externs -Wold-style-definition -Wpointer-arith -Wsign-compare -Wstrict-prototypes -Wundef -Wwrite-strings -Wno-address-of-packed-member -Wno-packed-not-aligned -Wno-missing-field-initializers -Wno-zero-length-bounds -D_GNU_SOURCE -fPIC -march=native -DALLOW_EXPERIMENTAL_API -DALLOW_INTERNAL_API -Wno-format-truncation -MD -MQ drivers/libtmp_rte_event_dlb2.a.p/event_dlb2_dlb2.c.o -MF drivers/libtmp_rte_event_dlb2.a.p/event_dlb2_dlb2.c.o.d -o drivers/libtmp_rte_event_dlb2.a.p/event_dlb2_dlb2.c.o -c ../drivers/event/dlb2/dlb2.c
In file included from ../drivers/event/dlb2/dlb2.c:34:
../drivers/event/dlb2/dlb2_priv.h:80: error: "PAGE_SIZE" redefined [-Werror]
80 | #define PAGE_SIZE (sysconf(_SC_PAGESIZE))
|
In file included from /usr/include/fortify/stdlib.h:29,
from /usr/lib/gcc/x86_64-alpine-linux-musl/10.3.1/include/mm_malloc.h:27,
from /usr/lib/gcc/x86_64-alpine-linux-musl/10.3.1/include/xmmintrin.h:34,
from /usr/lib/gcc/x86_64-alpine-linux-musl/10.3.1/include/emmintrin.h:31,
from /usr/lib/gcc/x86_64-alpine-linux-musl/10.3.1/include/pmmintrin.h:31,
from /usr/lib/gcc/x86_64-alpine-linux-musl/10.3.1/include/tmmintrin.h:31,
from /usr/lib/gcc/x86_64-alpine-linux-musl/10.3.1/include/smmintrin.h:32,
from /usr/lib/gcc/x86_64-alpine-linux-musl/10.3.1/include/nmmintrin.h:31,
from ../drivers/event/dlb2/dlb2.c:7:
/usr/include/limits.h:97: note: this is the location of the previous definition
97 | #define PAGE_SIZE PAGESIZE
|
cc1: all warnings being treated as errors
ninja: build stopped: subcommand failed.
==== End log output ====
Windows Server 2019
Kernel: 10.0
Compiler: clang 9.0 and gcc 8.1.0 (MinGW)
Fedora 31
Kernel: 4.18.0-240.10.1.el8_3.x86_64
Compiler: gcc 9.3.1
Ubuntu 18.04
Kernel: 4.18.0-240.10.1.el8_3.x86_64
Compiler: gcc 7.5.0-3ubuntu1~18.04
CentOS Stream 8
Kernel: 4.18.0-240.10.1.el8_3.x86_64
Compiler: gcc 8.4.1 20200928
FreeBSD 13
Kernel: 13.0
Compiler: clang 11.0.1
openSUSE Leap 15
Kernel: 4.18.0-240.10.1.el8_3.x86_64
Compiler: gcc 7.5.0
RHEL 7
Kernel: 4.18.0-240.10.1.el8_3.x86_64
Compiler: gcc 4.8.5 20150623 (Red Hat 4.8.5-44)
CentOS 8
Kernel: 4.18.0-240.10.1.el8_3.x86_64
Compiler: gcc 8.3.1 20191121 (Red Hat 8.3.1-5)
Fedora 32
Kernel: 4.18.0-240.10.1.el8_3.x86_64
Compiler: gcc 10.2.1
Fedora 34
Kernel: 5.4.0-72-generic
Compiler: gcc 11.1.1 20210428 (Red Hat 11.1.1-1)
Alpine
Kernel: 5.4.0-73-generic
Compiler: gcc (Alpine 10.3.1_git20210424) 10.3.1 20210424
Ubuntu 20.04
Kernel: 4.18.0-240.10.1.el8_3.x86_64
Compiler: gcc 9.3.0-17ubuntu1~20.04
Arch Linux
Kernel: 5.4.0-73-generic
Compiler: gcc 11.1.0
Fedora 33
Kernel: 5.4.0-72-generic
Compiler: gcc 10.3.1 20210422 (Red Hat 10.3.1-1)
RHEL8
Kernel: 4.18.0-240.10.1.el8_3.x86_64
Compiler: gcc 8.3.1 20191121 (Red Hat 8.3.1-5)
Fedora 34 clang
Kernel: 5.4.0-72-generic
Compiler: clang 12.0.0 (Fedora 12.0.0-0.3.rc1.fc34)
To view detailed results, visit:
https://lab.dpdk.org/results/dashboard/tarballs/16631/
UNH-IOL DPDK Community Lab
To manage your email subscriptions, visit:
https://lab.dpdk.org/results/dashboard/preferences/subscriptions/
More information about the test-report
mailing list