[dpdk-test-report] |FAILURE| [GIT MASTER] cd9f079d8799f40cf1739045bc7ff5429981cc09
dpdklab at iol.unh.edu
dpdklab at iol.unh.edu
Wed Sep 8 07:51:11 CEST 2021
_Testing issues_
Branch: tags/v20.11
cd9f079d8799f40cf1739045bc7ff5429981cc09 --> testing fail
Test environment and result as below:
+---------------------+--------------------+----------------------+-------------------+
| Environment | dpdk_meson_compile | dpdk_mingw64_compile | dpdk_compile_spdk |
+=====================+====================+======================+===================+
| Windows Server 2019 | FAIL | FAIL | SKIPPED |
+---------------------+--------------------+----------------------+-------------------+
| FreeBSD 13 | PASS | SKIPPED | SKIPPED |
+---------------------+--------------------+----------------------+-------------------+
| Ubuntu 20.04 | PASS | SKIPPED | SKIPPED |
+---------------------+--------------------+----------------------+-------------------+
| Fedora 31 | PASS | SKIPPED | SKIPPED |
+---------------------+--------------------+----------------------+-------------------+
| RHEL 7 | PASS | SKIPPED | SKIPPED |
+---------------------+--------------------+----------------------+-------------------+
| RHEL8 | PASS | SKIPPED | SKIPPED |
+---------------------+--------------------+----------------------+-------------------+
| Ubuntu 18.04 | PASS | SKIPPED | PASS |
+---------------------+--------------------+----------------------+-------------------+
| openSUSE Leap 15 | PASS | SKIPPED | SKIPPED |
+---------------------+--------------------+----------------------+-------------------+
| Fedora 34 | PASS | SKIPPED | SKIPPED |
+---------------------+--------------------+----------------------+-------------------+
| Fedora 33 | PASS | SKIPPED | SKIPPED |
+---------------------+--------------------+----------------------+-------------------+
| Fedora 32 | PASS | SKIPPED | SKIPPED |
+---------------------+--------------------+----------------------+-------------------+
| Alpine | FAIL | SKIPPED | SKIPPED |
+---------------------+--------------------+----------------------+-------------------+
| CentOS 8 | PASS | SKIPPED | SKIPPED |
+---------------------+--------------------+----------------------+-------------------+
| CentOS Stream 8 | PASS | SKIPPED | SKIPPED |
+---------------------+--------------------+----------------------+-------------------+
| Arch Linux | PASS | SKIPPED | SKIPPED |
+---------------------+--------------------+----------------------+-------------------+
| Fedora 34 clang | PASS | SKIPPED | SKIPPED |
+---------------------+--------------------+----------------------+-------------------+
==== 20 line log output for Alpine (dpdk_meson_compile): ====
|
In file included from /usr/include/fortify/stdlib.h:29,
from /usr/lib/gcc/x86_64-alpine-linux-musl/10.3.1/include/mm_malloc.h:27,
from /usr/lib/gcc/x86_64-alpine-linux-musl/10.3.1/include/xmmintrin.h:34,
from /usr/lib/gcc/x86_64-alpine-linux-musl/10.3.1/include/emmintrin.h:31,
from /usr/lib/gcc/x86_64-alpine-linux-musl/10.3.1/include/pmmintrin.h:31,
from /usr/lib/gcc/x86_64-alpine-linux-musl/10.3.1/include/tmmintrin.h:31,
from /usr/lib/gcc/x86_64-alpine-linux-musl/10.3.1/include/smmintrin.h:32,
from /usr/lib/gcc/x86_64-alpine-linux-musl/10.3.1/include/nmmintrin.h:31,
from ../drivers/event/dlb/dlb.c:7:
/usr/include/limits.h:97: note: this is the location of the previous definition
97 | #define PAGE_SIZE PAGESIZE
|
cc1: all warnings being treated as errors
[298/2445] Compiling C object drivers/libtmp_rte_event_sw.a.p/event_sw_sw_evdev_scheduler.c.o
[299/2445] Compiling C object drivers/libtmp_rte_event_octeontx2.a.p/event_octeontx2_otx2_evdev.c.o
[300/2445] Compiling C object app/test/dpdk-test.p/test_ring.c.o
[301/2445] Compiling C object drivers/libtmp_rte_event_octeontx2.a.p/event_octeontx2_otx2_worker.c.o
[302/2445] Compiling C object drivers/libtmp_rte_event_octeontx2.a.p/event_octeontx2_otx2_worker_dual.c.o
ninja: build stopped: subcommand failed.
==== End log output ====
Windows Server 2019
Kernel: 10.0
Compiler: clang 9.0 and gcc 8.1.0 (MinGW)
FreeBSD 13
Kernel: 13.0
Compiler: clang 11.0.1
Ubuntu 20.04
Kernel: 4.18.0-240.10.1.el8_3.x86_64
Compiler: gcc 9.3.0-17ubuntu1~20.04
Fedora 31
Kernel: 4.18.0-240.10.1.el8_3.x86_64
Compiler: gcc 9.3.1
RHEL 7
Kernel: 4.18.0-240.10.1.el8_3.x86_64
Compiler: gcc 4.8.5 20150623 (Red Hat 4.8.5-44)
RHEL8
Kernel: 4.18.0-240.10.1.el8_3.x86_64
Compiler: gcc 8.3.1 20191121 (Red Hat 8.3.1-5)
Ubuntu 18.04
Kernel: 4.18.0-240.10.1.el8_3.x86_64
Compiler: gcc 7.5.0-3ubuntu1~18.04
openSUSE Leap 15
Kernel: 4.18.0-240.10.1.el8_3.x86_64
Compiler: gcc 7.5.0
Fedora 34
Kernel: 5.4.0-72-generic
Compiler: gcc 11.1.1 20210428 (Red Hat 11.1.1-1)
Fedora 33
Kernel: 5.4.0-72-generic
Compiler: gcc 10.3.1 20210422 (Red Hat 10.3.1-1)
Fedora 32
Kernel: 4.18.0-240.10.1.el8_3.x86_64
Compiler: gcc 10.2.1
Alpine
Kernel: 5.4.0-73-generic
Compiler: gcc (Alpine 10.3.1_git20210424) 10.3.1 20210424
CentOS 8
Kernel: 4.18.0-240.10.1.el8_3.x86_64
Compiler: gcc 8.3.1 20191121 (Red Hat 8.3.1-5)
CentOS Stream 8
Kernel: 4.18.0-240.10.1.el8_3.x86_64
Compiler: gcc 8.4.1 20200928
Arch Linux
Kernel: 5.4.0-73-generic
Compiler: gcc 11.1.0
Fedora 34 clang
Kernel: 5.4.0-72-generic
Compiler: clang 12.0.0 (Fedora 12.0.0-0.3.rc1.fc34)
To view detailed results, visit:
https://lab.dpdk.org/results/dashboard/tarballs/16647/
UNH-IOL DPDK Community Lab
To manage your email subscriptions, visit:
https://lab.dpdk.org/results/dashboard/preferences/subscriptions/
More information about the test-report
mailing list