[dpdk-test-report] |FAILURE| pw98492 [PATCH] eal/ppc: replace rte_atomicXX ops with C11 atomic builtins
dpdklab at iol.unh.edu
dpdklab at iol.unh.edu
Thu Sep 9 23:00:33 CEST 2021
Test-Label: iol-x86_64-unit-testing
Test-Status: FAILURE
http://dpdk.org/patch/98492
_Testing issues_
Submitter: David Christensen <drc at linux.vnet.ibm.com>
Date: Thursday, September 09 2021 19:42:43
DPDK git baseline: Repo:dpdk
Branch: master
CommitID:b344eb5d941a7522ff27b6b7b5419f68c3fea9a0
98492 --> testing fail
Test environment and result as below:
+------------------+----------------+
| Environment | dpdk_unit_test |
+==================+================+
| Ubuntu 18.04 | PASS |
+------------------+----------------+
| Arch Linux | PASS |
+------------------+----------------+
| CentOS 8 | PASS |
+------------------+----------------+
| Fedora 32 | PASS |
+------------------+----------------+
| Fedora 31 | PASS |
+------------------+----------------+
| openSUSE Leap 15 | PASS |
+------------------+----------------+
| RHEL 7 | PASS |
+------------------+----------------+
| RHEL8 | PASS |
+------------------+----------------+
| Ubuntu 20.04 | PASS |
+------------------+----------------+
| Fedora 34 | PASS |
+------------------+----------------+
| Fedora 33 | PASS |
+------------------+----------------+
| CentOS Stream 8 | PASS |
+------------------+----------------+
| Fedora 34 clang | FAIL |
+------------------+----------------+
==== 20 line log output for Fedora 34 clang (dpdk_unit_test): ====
92/94 DPDK:fast-tests / latencystats_autotest OK 0.17s
93/94 DPDK:fast-tests / pdump_autotest OK 5.23s
Summary of Failures:
28/94 DPDK:fast-tests / func_reentrancy_autotest FAIL 0.60s (exit status 255 or signal 127 SIGinvalid)
75/94 DPDK:fast-tests / ipsec_autotest SKIP 0.17s
76/94 DPDK:fast-tests / kni_autotest SKIP 0.17s
80/94 DPDK:fast-tests / power_cpufreq_autotest SKIP 0.17s
82/94 DPDK:fast-tests / power_kvm_vm_autotest SKIP 0.17s
94/94 DPDK:fast-tests / compressdev_autotest SKIP 0.17s
Ok: 88
Expected Fail: 0
Fail: 1
Unexpected Pass: 0
Skipped: 5
Timeout: 0
Full log written to /home-local/jenkins-local/jenkins-agent/workspace/Generic-Unit-Test-DPDK/dpdk/build/meson-logs/testlog.txt
==== End log output ====
Ubuntu 18.04
Kernel: 4.18.0-240.10.1.el8_3.x86_64
Compiler: gcc 7.5.0-3ubuntu1~18.04
Arch Linux
Kernel: 5.4.0-73-generic
Compiler: gcc 11.1.0
CentOS 8
Kernel: 4.18.0-240.10.1.el8_3.x86_64
Compiler: gcc 8.3.1 20191121 (Red Hat 8.3.1-5)
Fedora 32
Kernel: 4.18.0-240.10.1.el8_3.x86_64
Compiler: gcc 10.2.1
Fedora 31
Kernel: 4.18.0-240.10.1.el8_3.x86_64
Compiler: gcc 9.3.1
openSUSE Leap 15
Kernel: 4.18.0-240.10.1.el8_3.x86_64
Compiler: gcc 7.5.0
RHEL 7
Kernel: 4.18.0-240.10.1.el8_3.x86_64
Compiler: gcc 4.8.5 20150623 (Red Hat 4.8.5-44)
RHEL8
Kernel: 4.18.0-240.10.1.el8_3.x86_64
Compiler: gcc 8.3.1 20191121 (Red Hat 8.3.1-5)
Ubuntu 20.04
Kernel: 4.18.0-240.10.1.el8_3.x86_64
Compiler: gcc 9.3.0-17ubuntu1~20.04
Fedora 34
Kernel: 5.4.0-72-generic
Compiler: gcc 11.1.1 20210428 (Red Hat 11.1.1-1)
Fedora 33
Kernel: 5.4.0-72-generic
Compiler: gcc 10.3.1 20210422 (Red Hat 10.3.1-1)
CentOS Stream 8
Kernel: 4.18.0-240.10.1.el8_3.x86_64
Compiler: gcc 8.4.1 20200928
Fedora 34 clang
Kernel: 5.4.0-72-generic
Compiler: clang 12.0.0 (Fedora 12.0.0-0.3.rc1.fc34)
To view detailed results, visit:
https://lab.dpdk.org/results/dashboard/patchsets/18655/
UNH-IOL DPDK Community Lab
To manage your email subscriptions, visit:
https://lab.dpdk.org/results/dashboard/preferences/subscriptions/
More information about the test-report
mailing list