[dpdk-test-report] |WARNING| pw98856 [PATCH] [v2] examples/ipsec-secgw: add support for event vector

dpdklab at iol.unh.edu dpdklab at iol.unh.edu
Tue Sep 14 16:19:52 CEST 2021


Test-Label: iol-x86_64-compile-testing
Test-Status: WARNING
http://dpdk.org/patch/98856

_Testing issues_

Submitter: Srujana Challa <schalla at marvell.com>
Date: Tuesday, September 14 2021 13:14:24 
DPDK git baseline: Repo:dpdk
  Branch: master
  CommitID:af167bcf174b59fa4776297e628a94143cf6a330

98856 --> testing fail

Test environment and result as below:

+---------------------+--------------------+-------------------+----------------------+
|     Environment     | dpdk_meson_compile | dpdk_compile_spdk | dpdk_mingw64_compile |
+=====================+====================+===================+======================+
| Windows Server 2019 | PASS               | SKIPPED           | PASS                 |
+---------------------+--------------------+-------------------+----------------------+
| Fedora 31           | PASS               | SKIPPED           | SKIPPED              |
+---------------------+--------------------+-------------------+----------------------+
| FreeBSD 13          | PASS               | SKIPPED           | SKIPPED              |
+---------------------+--------------------+-------------------+----------------------+
| Fedora 32           | PASS               | SKIPPED           | SKIPPED              |
+---------------------+--------------------+-------------------+----------------------+
| Ubuntu 20.04        | PASS               | SKIPPED           | SKIPPED              |
+---------------------+--------------------+-------------------+----------------------+
| Ubuntu 18.04        | PASS               | FAIL              | SKIPPED              |
+---------------------+--------------------+-------------------+----------------------+
| CentOS Stream 8     | PASS               | SKIPPED           | SKIPPED              |
+---------------------+--------------------+-------------------+----------------------+
| CentOS 8            | PASS               | SKIPPED           | SKIPPED              |
+---------------------+--------------------+-------------------+----------------------+
| openSUSE Leap 15    | PASS               | SKIPPED           | SKIPPED              |
+---------------------+--------------------+-------------------+----------------------+
| RHEL8               | PASS               | SKIPPED           | SKIPPED              |
+---------------------+--------------------+-------------------+----------------------+
| RHEL 7              | PASS               | SKIPPED           | SKIPPED              |
+---------------------+--------------------+-------------------+----------------------+
| Fedora 33           | PASS               | SKIPPED           | SKIPPED              |
+---------------------+--------------------+-------------------+----------------------+
| Arch Linux          | PASS               | SKIPPED           | SKIPPED              |
+---------------------+--------------------+-------------------+----------------------+
| Fedora 34           | PASS               | SKIPPED           | SKIPPED              |
+---------------------+--------------------+-------------------+----------------------+
| Alpine              | PASS               | SKIPPED           | SKIPPED              |
+---------------------+--------------------+-------------------+----------------------+
| Fedora 34 clang     | PASS               | SKIPPED           | SKIPPED              |
+---------------------+--------------------+-------------------+----------------------+

==== 20 line log output for Ubuntu 18.04 (dpdk_compile_spdk): ====
process_ipsec_ev_drv_mode_outbound_vector(struct rte_event_vector *vec,
^~~~~~~~~~~~~~~~~~~~~~~~~~~~~~~~~~~~~~~~~
../examples/ipsec-secgw/ipsec_worker.c: In function 'ipsec_wrkr_non_burst_int_port_drv_mode':
../examples/ipsec-secgw/ipsec_worker.c:783:49: error: 'data' undeclared (first use in this function)
ipsec_ev_vector_drv_mode_process(links, &ev, data);
^~~~
../examples/ipsec-secgw/ipsec_worker.c:783:49: note: each undeclared identifier is reported only once for each function it appears in
cc1: all warnings being treated as errors
[3003/3124] Compiling C object examples/dpdk-ipsec-secgw.p/ipsec-secgw_sad.c.o
[3004/3124] Compiling C object examples/dpdk-ipsec-secgw.p/ipsec-secgw_rt.c.o
[3005/3124] Compiling C object examples/dpdk-ipsec-secgw.p/ipsec-secgw_parser.c.o
[3006/3124] Compiling C object examples/dpdk-ipsec-secgw.p/ipsec-secgw_ipsec_process.c.o
[3007/3124] Compiling C object examples/dpdk-ipsec-secgw.p/ipsec-secgw_sp6.c.o
[3008/3124] Compiling C object examples/dpdk-ipsec-secgw.p/ipsec-secgw_sp4.c.o
[3009/3124] Compiling C object examples/dpdk-ipsec-secgw.p/ipsec-secgw_esp.c.o
[3010/3124] Compiling C object examples/dpdk-ipsec-secgw.p/ipsec-secgw_ipsec.c.o
[3011/3124] Generating symbol file drivers/librte_mempool_cnxk.so.22.0.p/librte_mempool_cnxk.so.22.0.symbols
[3012/3124] Compiling C object examples/dpdk-ipsec-secgw.p/ipsec-secgw_sa.c.o
[3013/3124] Compiling C object examples/dpdk-ipsec-secgw.p/ipsec-secgw_ipsec-secgw.c.o
ninja: build stopped: subcommand failed.
==== End log output ====

Windows Server 2019
	Kernel: 10.0
	Compiler: clang 9.0 and gcc 8.1.0 (MinGW)

Fedora 31
	Kernel: 4.18.0-240.10.1.el8_3.x86_64
	Compiler: gcc 9.3.1

FreeBSD 13
	Kernel: 13.0
	Compiler: clang 11.0.1

Fedora 32
	Kernel: 4.18.0-240.10.1.el8_3.x86_64
	Compiler: gcc 10.2.1

Ubuntu 20.04
	Kernel: 4.18.0-240.10.1.el8_3.x86_64
	Compiler: gcc 9.3.0-17ubuntu1~20.04

Ubuntu 18.04
	Kernel: 4.18.0-240.10.1.el8_3.x86_64
	Compiler: gcc 7.5.0-3ubuntu1~18.04

CentOS Stream 8
	Kernel: 4.18.0-240.10.1.el8_3.x86_64
	Compiler: gcc 8.4.1 20200928

CentOS 8
	Kernel: 4.18.0-240.10.1.el8_3.x86_64
	Compiler: gcc 8.3.1 20191121 (Red Hat 8.3.1-5)

openSUSE Leap 15
	Kernel: 4.18.0-240.10.1.el8_3.x86_64
	Compiler: gcc 7.5.0

RHEL8
	Kernel: 4.18.0-240.10.1.el8_3.x86_64
	Compiler: gcc 8.3.1 20191121 (Red Hat 8.3.1-5)

RHEL 7
	Kernel: 4.18.0-240.10.1.el8_3.x86_64
	Compiler: gcc 4.8.5 20150623 (Red Hat 4.8.5-44)

Fedora 33
	Kernel: 5.4.0-72-generic
	Compiler: gcc 10.3.1 20210422 (Red Hat 10.3.1-1)

Arch Linux
	Kernel: 5.4.0-73-generic
	Compiler: gcc 11.1.0

Fedora 34
	Kernel: 5.4.0-72-generic
	Compiler: gcc 11.1.1 20210428 (Red Hat 11.1.1-1)

Alpine
	Kernel: 5.4.0-73-generic
	Compiler: gcc (Alpine 10.3.1_git20210424) 10.3.1 20210424

Fedora 34 clang
	Kernel: 5.4.0-72-generic
	Compiler: clang 12.0.0 (Fedora 12.0.0-0.3.rc1.fc34)

To view detailed results, visit:
https://lab.dpdk.org/results/dashboard/patchsets/18735/

UNH-IOL DPDK Community Lab

To manage your email subscriptions, visit: 
https://lab.dpdk.org/results/dashboard/preferences/subscriptions/


More information about the test-report mailing list