[dpdk-test-report] |FAILURE| pw98974 [PATCH] [v2] Enable AddressSanitizer feature on DPDK
    dpdklab at iol.unh.edu 
    dpdklab at iol.unh.edu
       
    Tue Sep 21 19:00:38 CEST 2021
    
    
  
Test-Label: iol-x86_64-compile-testing
Test-Status: FAILURE
http://dpdk.org/patch/98974
_Testing issues_
Submitter: Peng, ZhihongX <zhihongx.peng at intel.com>
Date: Thursday, September 16 2021 01:38:43 
DPDK git baseline: Repo:dpdk
  Branch: master
  CommitID:dfb1ad1e7a070926c9bd9fdf38e6b944a21f1d49
98974 --> testing fail
Test environment and result as below:
+---------------------+--------------------+-------------------+----------------------+
|     Environment     | dpdk_meson_compile | dpdk_compile_spdk | dpdk_mingw64_compile |
+=====================+====================+===================+======================+
| Windows Server 2019 | PASS               | SKIPPED           | PASS                 |
+---------------------+--------------------+-------------------+----------------------+
| Ubuntu 18.04        | PASS               | PASS              | SKIPPED              |
+---------------------+--------------------+-------------------+----------------------+
| CentOS Stream 8     | PASS               | SKIPPED           | SKIPPED              |
+---------------------+--------------------+-------------------+----------------------+
| openSUSE Leap 15    | PASS               | SKIPPED           | SKIPPED              |
+---------------------+--------------------+-------------------+----------------------+
| CentOS 8            | PASS               | SKIPPED           | SKIPPED              |
+---------------------+--------------------+-------------------+----------------------+
| FreeBSD 13          | PASS               | SKIPPED           | SKIPPED              |
+---------------------+--------------------+-------------------+----------------------+
| Fedora 31           | PASS               | SKIPPED           | SKIPPED              |
+---------------------+--------------------+-------------------+----------------------+
| RHEL 7              | PASS               | SKIPPED           | SKIPPED              |
+---------------------+--------------------+-------------------+----------------------+
| Arch Linux          | FAIL               | SKIPPED           | SKIPPED              |
+---------------------+--------------------+-------------------+----------------------+
| Ubuntu 20.04        | PASS               | SKIPPED           | SKIPPED              |
+---------------------+--------------------+-------------------+----------------------+
| Fedora 32           | FAIL               | SKIPPED           | SKIPPED              |
+---------------------+--------------------+-------------------+----------------------+
| RHEL8               | PASS               | SKIPPED           | SKIPPED              |
+---------------------+--------------------+-------------------+----------------------+
| Fedora 34           | FAIL               | SKIPPED           | SKIPPED              |
+---------------------+--------------------+-------------------+----------------------+
| Fedora 33           | FAIL               | SKIPPED           | SKIPPED              |
+---------------------+--------------------+-------------------+----------------------+
| Alpine              | FAIL               | SKIPPED           | SKIPPED              |
+---------------------+--------------------+-------------------+----------------------+
| Fedora 34 clang     | PASS               | SKIPPED           | SKIPPED              |
+---------------------+--------------------+-------------------+----------------------+
==== 20 line log output for Alpine (dpdk_meson_compile): ====
|            ^~~~~~~~~~~~~~~~~~~~~~~~~~~~~~~~~
cc1: all warnings being treated as errors
[147/2724] Compiling C object app/dpdk-testpmd.p/test-pmd_parameters.c.o
[148/2724] Compiling C object app/dpdk-testpmd.p/test-pmd_rxonly.c.o
[149/2724] Compiling C object app/dpdk-testpmd.p/test-pmd_macfwd.c.o
[150/2724] Compiling C object app/test/dpdk-test.p/test_asan_use_after_free.c.o
[151/2724] Compiling C object app/dpdk-testpmd.p/test-pmd_bpf_cmd.c.o
[152/2724] Compiling C object app/test/dpdk-test.p/test_alarm.c.o
[153/2724] Compiling C object app/dpdk-test-sad.p/test-sad_main.c.o
[154/2724] Compiling C object app/dpdk-test-regex.p/test-regex_main.c.o
[155/2724] Compiling C object app/dpdk-testpmd.p/test-pmd_util.c.o
[156/2724] Compiling C object app/test/dpdk-test.p/commands.c.o
[157/2724] Compiling C object app/test/dpdk-test.p/test.c.o
[158/2724] Compiling C object app/test/dpdk-test.p/test_bitops.c.o
[159/2724] Compiling C object app/test/dpdk-test.p/test_atomic.c.o
[160/2724] Compiling C object app/test/dpdk-test.p/test_acl.c.o
[161/2724] Compiling C object app/test/dpdk-test.p/packet_burst_generator.c.o
[162/2724] Compiling C object app/test/dpdk-test.p/test_barrier.c.o
[163/2724] Compiling C object app/test/dpdk-test.p/test_memzone.c.o
ninja: build stopped: subcommand failed.
==== End log output ====
Windows Server 2019
	Kernel: 10.0
	Compiler: clang 9.0 and gcc 8.1.0 (MinGW)
Ubuntu 18.04
	Kernel: 4.18.0-240.10.1.el8_3.x86_64
	Compiler: gcc 7.5.0-3ubuntu1~18.04
CentOS Stream 8
	Kernel: 4.18.0-240.10.1.el8_3.x86_64
	Compiler: gcc 8.4.1 20200928
openSUSE Leap 15
	Kernel: 4.18.0-240.10.1.el8_3.x86_64
	Compiler: gcc 7.5.0
CentOS 8
	Kernel: 4.18.0-240.10.1.el8_3.x86_64
	Compiler: gcc 8.3.1 20191121 (Red Hat 8.3.1-5)
FreeBSD 13
	Kernel: 13.0
	Compiler: clang 11.0.1
Fedora 31
	Kernel: 4.18.0-240.10.1.el8_3.x86_64
	Compiler: gcc 9.3.1
RHEL 7
	Kernel: 4.18.0-240.10.1.el8_3.x86_64
	Compiler: gcc 4.8.5 20150623 (Red Hat 4.8.5-44)
Arch Linux
	Kernel: 5.4.0-73-generic
	Compiler: gcc 11.1.0
Ubuntu 20.04
	Kernel: 4.18.0-240.10.1.el8_3.x86_64
	Compiler: gcc 9.3.0-17ubuntu1~20.04
Fedora 32
	Kernel: 4.18.0-240.10.1.el8_3.x86_64
	Compiler: gcc 10.2.1
RHEL8
	Kernel: 4.18.0-240.10.1.el8_3.x86_64
	Compiler: gcc 8.3.1 20191121 (Red Hat 8.3.1-5)
Fedora 34
	Kernel: 5.4.0-72-generic
	Compiler: gcc 11.1.1 20210428 (Red Hat 11.1.1-1)
Fedora 33
	Kernel: 5.4.0-72-generic
	Compiler: gcc 10.3.1 20210422 (Red Hat 10.3.1-1)
Alpine
	Kernel: 5.4.0-73-generic
	Compiler: gcc (Alpine 10.3.1_git20210424) 10.3.1 20210424
Fedora 34 clang
	Kernel: 5.4.0-72-generic
	Compiler: clang 12.0.0 (Fedora 12.0.0-0.3.rc1.fc34)
To view detailed results, visit:
https://lab.dpdk.org/results/dashboard/patchsets/18787/
UNH-IOL DPDK Community Lab
To manage your email subscriptions, visit: 
https://lab.dpdk.org/results/dashboard/preferences/subscriptions/
    
    
More information about the test-report
mailing list