[dpdk-test-report] |FAILURE| pw99241-99246 [PATCH] [v2, 6/6] examples/ioat: rename application to dmafwd
dpdklab at iol.unh.edu
dpdklab at iol.unh.edu
Thu Sep 23 20:47:35 CEST 2021
Test-Label: iol-x86_64-compile-testing
Test-Status: FAILURE
http://dpdk.org/patch/99246
_Testing issues_
Submitter: Kevin Laatz <kevin.laatz at intel.com>
Date: Friday, September 17 2021 16:41:36
DPDK git baseline: Repo:dpdk
Branch: master
CommitID:4777674c4428f528fa2890d8afab551f6dd54c24
99241-99246 --> testing fail
Test environment and result as below:
+---------------------+--------------------+-------------------+----------------------+
| Environment | dpdk_meson_compile | dpdk_compile_spdk | dpdk_mingw64_compile |
+=====================+====================+===================+======================+
| FreeBSD 13 | PASS | SKIPPED | SKIPPED |
+---------------------+--------------------+-------------------+----------------------+
| openSUSE Leap 15 | PASS | SKIPPED | SKIPPED |
+---------------------+--------------------+-------------------+----------------------+
| Ubuntu 18.04 | PASS | FAIL | SKIPPED |
+---------------------+--------------------+-------------------+----------------------+
| CentOS 8 | PASS | SKIPPED | SKIPPED |
+---------------------+--------------------+-------------------+----------------------+
| CentOS Stream 8 | PASS | SKIPPED | SKIPPED |
+---------------------+--------------------+-------------------+----------------------+
| Fedora 31 | FAIL | SKIPPED | SKIPPED |
+---------------------+--------------------+-------------------+----------------------+
| Fedora 32 | PASS | SKIPPED | SKIPPED |
+---------------------+--------------------+-------------------+----------------------+
| Ubuntu 20.04 | PASS | SKIPPED | SKIPPED |
+---------------------+--------------------+-------------------+----------------------+
| RHEL 7 | PASS | SKIPPED | SKIPPED |
+---------------------+--------------------+-------------------+----------------------+
| RHEL8 | PASS | SKIPPED | SKIPPED |
+---------------------+--------------------+-------------------+----------------------+
| Arch Linux | PASS | SKIPPED | SKIPPED |
+---------------------+--------------------+-------------------+----------------------+
| Fedora 34 clang | PASS | SKIPPED | SKIPPED |
+---------------------+--------------------+-------------------+----------------------+
| Fedora 34 | PASS | SKIPPED | SKIPPED |
+---------------------+--------------------+-------------------+----------------------+
| Fedora 33 | PASS | SKIPPED | SKIPPED |
+---------------------+--------------------+-------------------+----------------------+
| Alpine | PASS | SKIPPED | SKIPPED |
+---------------------+--------------------+-------------------+----------------------+
| Windows Server 2019 | SKIPPED | SKIPPED | PASS |
+---------------------+--------------------+-------------------+----------------------+
==== 20 line log output for Fedora 31 (dpdk_meson_compile): ====
Message: drivers/event/sw: Defining dependency "event_sw"
Message: drivers/event/octeontx: Defining dependency "event_octeontx"
Message: drivers/baseband/acc100: Defining dependency "baseband_acc100"
Message: drivers/baseband/fpga_5gnr_fec: Defining dependency "baseband_fpga_5gnr_fec"
Message: drivers/baseband/fpga_lte_fec: Defining dependency "baseband_fpga_lte_fec"
Message: drivers/baseband/null: Defining dependency "baseband_null"
Library libturbo found: NO
Library libldpc_decoder_5gnr found: NO
Message: drivers/baseband/turbo_sw: Defining dependency "baseband_turbo_sw"
Compiler for C supports arguments -Wno-format-truncation: YES (cached)
Dependency zlib found: YES 1.2.11 (cached)
Message: hugepage availability: true
Program get-coremask.sh found: YES (/home-local/jenkins-local/jenkins-agent/workspace/Fedora-Compile-DPDK-SPDK at 3/dpdk/app/test/get-coremask.sh)
Program doxygen found: NO
Program sphinx-build found: NO
Compiler for C supports arguments -Wno-format-truncation: YES (cached)
examples/meson.build:119:12: ERROR: Problem encountered: Missing dependency "dmadev" for example "dma"
A full log can be found at /home-local/jenkins-local/jenkins-agent/workspace/Fedora-Compile-DPDK-SPDK at 3/dpdk/build-tmp/meson-logs/meson-log.txt
==== End log output ====
FreeBSD 13
Kernel: 13.0
Compiler: clang 11.0.1
openSUSE Leap 15
Kernel: 4.18.0-240.10.1.el8_3.x86_64
Compiler: gcc 7.5.0
Ubuntu 18.04
Kernel: 4.18.0-240.10.1.el8_3.x86_64
Compiler: gcc 7.5.0-3ubuntu1~18.04
CentOS 8
Kernel: 4.18.0-240.10.1.el8_3.x86_64
Compiler: gcc 8.3.1 20191121 (Red Hat 8.3.1-5)
CentOS Stream 8
Kernel: 4.18.0-240.10.1.el8_3.x86_64
Compiler: gcc 8.4.1 20200928
Fedora 31
Kernel: 4.18.0-240.10.1.el8_3.x86_64
Compiler: gcc 9.3.1
Fedora 32
Kernel: 4.18.0-240.10.1.el8_3.x86_64
Compiler: gcc 10.2.1
Ubuntu 20.04
Kernel: 4.18.0-240.10.1.el8_3.x86_64
Compiler: gcc 9.3.0-17ubuntu1~20.04
RHEL 7
Kernel: 4.18.0-240.10.1.el8_3.x86_64
Compiler: gcc 4.8.5 20150623 (Red Hat 4.8.5-44)
RHEL8
Kernel: 4.18.0-240.10.1.el8_3.x86_64
Compiler: gcc 8.3.1 20191121 (Red Hat 8.3.1-5)
Arch Linux
Kernel: 5.4.0-73-generic
Compiler: gcc 11.1.0
Fedora 34 clang
Kernel: 5.4.0-72-generic
Compiler: clang 12.0.0 (Fedora 12.0.0-0.3.rc1.fc34)
Fedora 34
Kernel: 5.4.0-72-generic
Compiler: gcc 11.1.1 20210428 (Red Hat 11.1.1-1)
Fedora 33
Kernel: 5.4.0-72-generic
Compiler: gcc 10.3.1 20210422 (Red Hat 10.3.1-1)
Alpine
Kernel: 5.4.0-73-generic
Compiler: gcc (Alpine 10.3.1_git20210424) 10.3.1 20210424
Windows Server 2019
Kernel: 10.0
Compiler: clang 9.0 and gcc 8.1.0 (MinGW)
To view detailed results, visit:
https://lab.dpdk.org/results/dashboard/patchsets/18849/
UNH-IOL DPDK Community Lab
To manage your email subscriptions, visit:
https://lab.dpdk.org/results/dashboard/preferences/subscriptions/
More information about the test-report
mailing list