[dpdk-test-report] |FAILURE| pw99259-99260 [PATCH] [v3, 2/2] app/testpmd: fix txonly forwording
dpdklab at iol.unh.edu
dpdklab at iol.unh.edu
Thu Sep 23 23:46:46 CEST 2021
Test-Label: iol-x86_64-compile-testing
Test-Status: FAILURE
http://dpdk.org/patch/99260
_Testing issues_
Submitter: Alvin Zhang <alvinx.zhang at intel.com>
Date: Saturday, September 18 2021 03:06:59
DPDK git baseline: Repo:dpdk
Branch: master
CommitID:4777674c4428f528fa2890d8afab551f6dd54c24
99259-99260 --> testing fail
Test environment and result as below:
+---------------------+--------------------+-------------------+----------------------+
| Environment | dpdk_meson_compile | dpdk_compile_spdk | dpdk_mingw64_compile |
+=====================+====================+===================+======================+
| FreeBSD 13 | FAIL | SKIPPED | SKIPPED |
+---------------------+--------------------+-------------------+----------------------+
| Fedora 31 | PASS | SKIPPED | SKIPPED |
+---------------------+--------------------+-------------------+----------------------+
| Windows Server 2019 | FAIL | SKIPPED | FAIL |
+---------------------+--------------------+-------------------+----------------------+
| Ubuntu 18.04 | PASS | PASS | SKIPPED |
+---------------------+--------------------+-------------------+----------------------+
| openSUSE Leap 15 | PASS | SKIPPED | SKIPPED |
+---------------------+--------------------+-------------------+----------------------+
| Ubuntu 20.04 | PASS | SKIPPED | SKIPPED |
+---------------------+--------------------+-------------------+----------------------+
| Fedora 34 | PASS | SKIPPED | SKIPPED |
+---------------------+--------------------+-------------------+----------------------+
| Alpine | PASS | SKIPPED | SKIPPED |
+---------------------+--------------------+-------------------+----------------------+
| RHEL8 | PASS | SKIPPED | SKIPPED |
+---------------------+--------------------+-------------------+----------------------+
| Fedora 33 | PASS | SKIPPED | SKIPPED |
+---------------------+--------------------+-------------------+----------------------+
| CentOS 8 | PASS | SKIPPED | SKIPPED |
+---------------------+--------------------+-------------------+----------------------+
| CentOS Stream 8 | PASS | SKIPPED | SKIPPED |
+---------------------+--------------------+-------------------+----------------------+
| Fedora 32 | PASS | SKIPPED | SKIPPED |
+---------------------+--------------------+-------------------+----------------------+
| Arch Linux | PASS | SKIPPED | SKIPPED |
+---------------------+--------------------+-------------------+----------------------+
| Fedora 34 clang | PASS | SKIPPED | SKIPPED |
+---------------------+--------------------+-------------------+----------------------+
| RHEL 7 | PASS | SKIPPED | SKIPPED |
+---------------------+--------------------+-------------------+----------------------+
==== 20 line log output for Windows Server 2019 (dpdk_mingw64_compile): ====
[355/368] Compiling C object app/dpdk-testpmd.exe.p/test-pmd_flowgen.c.obj
[356/368] Compiling C object app/dpdk-testpmd.exe.p/test-pmd_iofwd.c.obj
[357/368] Compiling C object app/dpdk-testpmd.exe.p/test-pmd_cmdline_tm.c.obj
[358/368] Compiling C object app/dpdk-testpmd.exe.p/test-pmd_rxonly.c.obj
[359/368] Compiling C object app/dpdk-testpmd.exe.p/test-pmd_noisy_vnf.c.obj
[360/368] Compiling C object app/dpdk-testpmd.exe.p/test-pmd_macswap.c.obj
[361/368] Compiling C object app/dpdk-testpmd.exe.p/test-pmd_parameters.c.obj
[362/368] Compiling C object examples/dpdk-helloworld.exe.p/helloworld_main.c.obj
[363/368] Compiling C object app/dpdk-testpmd.exe.p/test-pmd_txonly.c.obj
FAILED: app/dpdk-testpmd.exe.p/test-pmd_txonly.c.obj
"gcc" "-Iapp\dpdk-testpmd.exe.p" "-Iapp" "-I..\app" "-Ilib\ethdev" "-I..\lib\ethdev" "-I." "-I.." "-Iconfig" "-I..\config" "-Ilib\eal\include" "-I..\lib\eal\include" "-Ilib\eal\windows\include" "-I..\lib\eal\windows\include" "-Ilib\eal\x86\include" "-I..\lib\eal\x86\include" "-Ilib\eal\common" "-I..\lib\eal\common" "-Ilib\eal" "-I..\lib\eal" "-Ilib\kvargs" "-I..\lib\kvargs" "-Ilib\net" "-I..\lib\net" "-Ilib\mbuf" "-I..\lib\mbuf" "-Ilib\mempool" "-I..\lib\mempool" "-Ilib\ring" "-I..\lib\ring" "-Ilib\meter" "-I..\lib\meter" "-Ilib\metrics" "-I..\lib\metrics" "-Ilib\telemetry" "-I..\lib\telemetry" "-Ilib\gro" "-I..\lib\gro" "-Ilib\gso" "-I..\lib\gso" "-Ilib\cmdline" "-I..\lib\cmdline" "-Idrivers\bus\pci" "-I..\drivers\bus\pci" "-I..\drivers\bus\pci\windows" "-Ilib\pci" "-I..\lib\pci" "-Ilib\bitratestats" "-I..\lib\bitratestats" "-Ilib\pdump" "-I..\lib\pdump" "-Ilib\latencystats" "-I..\lib\latencystats" "-Idrivers\net\i40e" "-I..\drivers\net\i40e" "-Idrivers\net\i40e\base" "-I..\drivers\net\i40e\base" "-Idrivers\bus\vdev" "-I..\drivers\bus\vdev" "-Ilib\hash" "-I..\lib\hash" "-Ilib\rcu" "-I..\lib\rcu" "-fdiagnostics-color=always" "-pipe" "-D_FILE_OFFSET_BITS=64" "-Wall" "-Winvalid-pch" "-Werror" "-O3" "-include" "rte_config.h" "-Wextra" "-Wcast-qual" "-Wdeprecated" "-Wformat" "-Wformat-nonliteral" "-Wformat-security" "-Wmissing-declarations" "-Wmissing-prototypes" "-Wnested-externs" "-Wold-style-definition" "-Wpointer-arith" "-Wsign-compare" "-Wstrict-prototypes" "-Wundef" "-Wwrite-strings" "-Wno-packed-not-aligned" "-Wno-missing-field-initializers" "-D_GNU_SOURCE" "-D_WIN32_WINNT=0x0A00" "-D__USE_MINGW_ANSI_STDIO" "-march=native" "-DALLOW_EXPERIMENTAL_API" "-Wno-deprecated-declarations" -MD -MQ app/dpdk-testpmd.exe.p/test-pmd_txonly.c.obj -MF "app\dpdk-testpmd.exe.p\test-pmd_txonly.c.obj.d" -o app/dpdk-testpmd.exe.p/test-pmd_txonly.c.obj "-c" ../app/test-pmd/txonly.c
../app/test-pmd/txonly.c: In function 'tx_only_begin':
../app/test-pmd/txonly.c:480:25: error: invalid application of 'sizeof' to incomplete type 'struct timestamp'
pkt_hdr_len += sizeof(struct timestamp);
^~~~~~
[364/368] Linking target examples/dpdk-helloworld.exe
[365/368] Compiling C object app/dpdk-testpmd.exe.p/test-pmd_config.c.obj
[366/368] Compiling C object app/dpdk-testpmd.exe.p/test-pmd_util.c.obj
[367/368] Compiling C object app/dpdk-testpmd.exe.p/test-pmd_testpmd.c.obj
ninja: build stopped: subcommand failed.
==== End log output ====
FreeBSD 13
Kernel: 13.0
Compiler: clang 11.0.1
Fedora 31
Kernel: 4.18.0-240.10.1.el8_3.x86_64
Compiler: gcc 9.3.1
Windows Server 2019
Kernel: 10.0
Compiler: clang 9.0 and gcc 8.1.0 (MinGW)
Ubuntu 18.04
Kernel: 4.18.0-240.10.1.el8_3.x86_64
Compiler: gcc 7.5.0-3ubuntu1~18.04
openSUSE Leap 15
Kernel: 4.18.0-240.10.1.el8_3.x86_64
Compiler: gcc 7.5.0
Ubuntu 20.04
Kernel: 4.18.0-240.10.1.el8_3.x86_64
Compiler: gcc 9.3.0-17ubuntu1~20.04
Fedora 34
Kernel: 5.4.0-72-generic
Compiler: gcc 11.1.1 20210428 (Red Hat 11.1.1-1)
Alpine
Kernel: 5.4.0-73-generic
Compiler: gcc (Alpine 10.3.1_git20210424) 10.3.1 20210424
RHEL8
Kernel: 4.18.0-240.10.1.el8_3.x86_64
Compiler: gcc 8.3.1 20191121 (Red Hat 8.3.1-5)
Fedora 33
Kernel: 5.4.0-72-generic
Compiler: gcc 10.3.1 20210422 (Red Hat 10.3.1-1)
CentOS 8
Kernel: 4.18.0-240.10.1.el8_3.x86_64
Compiler: gcc 8.3.1 20191121 (Red Hat 8.3.1-5)
CentOS Stream 8
Kernel: 4.18.0-240.10.1.el8_3.x86_64
Compiler: gcc 8.4.1 20200928
Fedora 32
Kernel: 4.18.0-240.10.1.el8_3.x86_64
Compiler: gcc 10.2.1
Arch Linux
Kernel: 5.4.0-73-generic
Compiler: gcc 11.1.0
Fedora 34 clang
Kernel: 5.4.0-72-generic
Compiler: clang 12.0.0 (Fedora 12.0.0-0.3.rc1.fc34)
RHEL 7
Kernel: 4.18.0-240.10.1.el8_3.x86_64
Compiler: gcc 4.8.5 20150623 (Red Hat 4.8.5-44)
To view detailed results, visit:
https://lab.dpdk.org/results/dashboard/patchsets/18853/
UNH-IOL DPDK Community Lab
To manage your email subscriptions, visit:
https://lab.dpdk.org/results/dashboard/preferences/subscriptions/
More information about the test-report
mailing list