|FAILURE| pw114718 [PATCH] [1/1] devtools: eol abi as a separate function
dpdklab at iol.unh.edu
dpdklab at iol.unh.edu
Mon Aug 8 13:51:33 CEST 2022
Test-Label: iol-x86_64-unit-testing
Test-Status: FAILURE
http://dpdk.org/patch/114718
_Testing issues_
Submitter: Ray Kinsella <mdr at ashroe.eu>
Date: Monday, August 08 2022 10:58:34
DPDK git baseline: Repo:dpdk
Branch: master
CommitID:72206323a5dd3182b13f61b25a64abdddfee595c
114718 --> testing fail
Test environment and result as below:
+---------------------+----------------+
| Environment | dpdk_unit_test |
+=====================+================+
| Fedora 31 | FAIL |
+---------------------+----------------+
| Ubuntu 18.04 | PASS |
+---------------------+----------------+
| Arch Linux | FAIL |
+---------------------+----------------+
| Fedora 32 | PASS |
+---------------------+----------------+
| Windows Server 2019 | PASS |
+---------------------+----------------+
| CentOS Stream 8 | PASS |
+---------------------+----------------+
| Fedora 33 | PASS |
+---------------------+----------------+
| Ubuntu 20.04 | PASS |
+---------------------+----------------+
| RHEL 7 | PASS |
+---------------------+----------------+
| Fedora 34 | PASS |
+---------------------+----------------+
| RHEL8 | PASS |
+---------------------+----------------+
| Fedora 34 clang | PASS |
+---------------------+----------------+
==== 20 line log output for Arch Linux (dpdk_unit_test): ====
1169 | LIBBPF_API int bpf_get_link_xdp_id(int ifindex, __u32 *prog_id, __u32 flags);
| ^~~~~~~~~~~~~~~~~~~
../drivers/net/af_xdp/rte_eth_af_xdp.c:879:9: error: ‘bpf_set_link_xdp_fd’ is deprecated: libbpf v0.8+: use bpf_xdp_attach() instead [-Werror=deprecated-declarations]
879 | bpf_set_link_xdp_fd(internals->if_index, -1,
| ^~~~~~~~~~~~~~~~~~~
/usr/include/bpf/libbpf.h:1164:16: note: declared here
1164 | LIBBPF_API int bpf_set_link_xdp_fd(int ifindex, int fd, __u32 flags);
| ^~~~~~~~~~~~~~~~~~~
../drivers/net/af_xdp/rte_eth_af_xdp.c: In function ‘load_custom_xdp_prog’:
../drivers/net/af_xdp/rte_eth_af_xdp.c:1201:9: error: ‘bpf_set_link_xdp_fd’ is deprecated: libbpf v0.8+: use bpf_xdp_attach() instead [-Werror=deprecated-declarations]
1201 | ret = bpf_set_link_xdp_fd(if_index, prog_fd,
| ^~~
/usr/include/bpf/libbpf.h:1164:16: note: declared here
1164 | LIBBPF_API int bpf_set_link_xdp_fd(int ifindex, int fd, __u32 flags);
| ^~~~~~~~~~~~~~~~~~~
cc1: all warnings being treated as errors
[1032/3369] Compiling C object 'drivers/a715181@@rte_net_af_packet at sha/meson-generated_.._rte_net_af_packet.pmd.c.o'.
[1033/3369] Linking target drivers/librte_dma_skeleton.so.23.0.
[1034/3369] Compiling C object 'drivers/a715181@@tmp_rte_net_ark at sta/net_ark_ark_ethdev.c.o'.
ninja: build stopped: subcommand failed.
==== End log output ====
Fedora 31
Kernel: 4.18.0-240.10.1.el8_3.x86_64
Compiler: gcc 9.3.1
Ubuntu 18.04
Kernel: 4.18.0-240.10.1.el8_3.x86_64
Compiler: gcc 7.5.0-3ubuntu1~18.04
Arch Linux
Kernel: 5.4.0-73-generic
Compiler: gcc 11.1.0
Fedora 32
Kernel: 4.18.0-240.10.1.el8_3.x86_64
Compiler: gcc 10.2.1
Windows Server 2019
Kernel: 10.0
Compiler: clang 14.0 and gcc 8.1.0 (MinGW)
CentOS Stream 8
Kernel: 4.18.0-240.10.1.el8_3.x86_64
Compiler: gcc 8.4.1 20200928
Fedora 33
Kernel: 5.4.0-72-generic
Compiler: gcc 10.3.1 20210422 (Red Hat 10.3.1-1)
Ubuntu 20.04
Kernel: 4.18.0-240.10.1.el8_3.x86_64
Compiler: gcc 9.3.0-17ubuntu1~20.04
RHEL 7
Kernel: 4.18.0-240.10.1.el8_3.x86_64
Compiler: gcc 4.8.5 20150623 (Red Hat 4.8.5-44)
Fedora 34
Kernel: 5.4.0-72-generic
Compiler: gcc 11.1.1 20210428 (Red Hat 11.1.1-1)
RHEL8
Kernel: 4.18.0-240.10.1.el8_3.x86_64
Compiler: gcc 8.3.1 20191121 (Red Hat 8.3.1-5)
Fedora 34 clang
Kernel: 5.4.0-72-generic
Compiler: clang 12.0.0 (Fedora 12.0.0-0.3.rc1.fc34)
To view detailed results, visit:
https://lab.dpdk.org/results/dashboard/patchsets/23163/
UNH-IOL DPDK Community Lab
To manage your email subscriptions, visit:
https://lab.dpdk.org/results/dashboard/preferences/subscriptions/
More information about the test-report
mailing list