|FAILURE| pw115222-115223 [PATCH] [2/2] test/crypto: add ecdh tests
dpdklab at iol.unh.edu
dpdklab at iol.unh.edu
Thu Aug 18 09:55:37 CEST 2022
Test-Label: iol-x86_64-unit-testing
Test-Status: FAILURE
http://dpdk.org/patch/115223
_Testing issues_
Submitter: Arek Kusztal <arkadiuszx.kusztal at intel.com>
Date: Thursday, August 18 2022 06:05:26
DPDK git baseline: Repo:dpdk
Branch: master
CommitID:72206323a5dd3182b13f61b25a64abdddfee595c
115222-115223 --> testing fail
Test environment and result as below:
+---------------------+----------------+
| Environment | dpdk_unit_test |
+=====================+================+
| RHEL8 | PASS |
+---------------------+----------------+
| Ubuntu 18.04 | PASS |
+---------------------+----------------+
| Fedora 31 | PASS |
+---------------------+----------------+
| Windows Server 2019 | FAIL |
+---------------------+----------------+
| Ubuntu 20.04 | PASS |
+---------------------+----------------+
| Fedora 32 | PASS |
+---------------------+----------------+
| Fedora 33 | PASS |
+---------------------+----------------+
| RHEL 7 | PASS |
+---------------------+----------------+
| Fedora 34 | PASS |
+---------------------+----------------+
| openSUSE Leap 15 | PASS |
+---------------------+----------------+
| Fedora 34 clang | PASS |
+---------------------+----------------+
==== 20 line log output for Windows Server 2019 (dpdk_unit_test): ====
b o b _ o p - > a s y m - > e c d h . s h a r e d _ s e c r e t . y . l e n g t h ,
^ ~ ~ ~ ~ ~ ~ ~ ~ ~ ~ ~ ~ ~ ~ ~ ~ ~ ~ ~ ~ ~ ~ ~ ~ ~ ~ ~ ~ ~ ~ ~ ~ ~ ~ ~ ~ ~ ~ ~ ~
. . \ l i b \ e a l \ i n c l u d e / r t e _ l o g . h : 3 4 2 : 3 2 : n o t e : e x p a n d e d f r o m m a c r o ' R T E _ L O G '
R T E _ L O G T Y P E _ # # t , # t " : " _ _ V A _ A R G S _ _ )
^ ~ ~ ~ ~ ~ ~ ~ ~ ~ ~
. . / a p p / t e s t / t e s t _ c r y p t o d e v _ a s y m . c : 2 6 7 9 : 5 : e r r o r : f o r m a t s p e c i f i e s t y p e ' u n s i g n e d l o n g ' b u t t h e a r g u m e n t h a s t y p e ' s i z e _ t ' ( a k a ' u n s i g n e d l o n g l o n g ' ) [ - W e r r o r , - W f o r m a t ]
t e s t _ v e c t o r - > Z . y . l e n g t h
^ ~ ~ ~ ~ ~ ~ ~ ~ ~ ~ ~ ~ ~ ~ ~ ~ ~ ~ ~ ~ ~ ~
. . \ l i b \ e a l \ i n c l u d e / r t e _ l o g . h : 3 4 2 : 3 2 : n o t e : e x p a n d e d f r o m m a c r o ' R T E _ L O G '
R T E _ L O G T Y P E _ # # t , # t " : " _ _ V A _ A R G S _ _ )
^ ~ ~ ~ ~ ~ ~ ~ ~ ~ ~
1 6 e r r o r s g e n e r a t e d .
[ 2 0 / 3 0 1 ] C o m p i l i n g C o b j e c t a p p / t e s t / d p d k - t e s t . e x e . p / c o m m a n d s . c . o b j
[ 2 1 / 3 0 1 ] C o m p i l i n g C o b j e c t a p p / t e s t / d p d k - t e s t . e x e . p / t e s t _ e v e n t _ c r y p t o _ a d a p t e r . c . o b j
[ 2 2 / 3 0 1 ] C o m p i l i n g C o b j e c t a p p / t e s t / d p d k - t e s t . e x e . p / t e s t _ c m d l i n e _ e t h e r a d d r . c . o b j
[ 2 3 / 3 0 1 ] C o m p i l i n g C o b j e c t a p p / t e s t / d p d k - t e s t . e x e . p / t e s t _ f b a r r a y . c . o b j
[ 2 4 / 3 0 1 ] C o m p i l i n g C o b j e c t a p p / t e s t / d p d k - t e s t . e x e . p / t e s t _ c r y p t o d e v . c . o b j
n i n j a : b u i l d s t o p p e d : s u b c o m m a n d f a i l e d .
C o u l d n o t r e b u i l d C : \ U s e r s \ b u i l d e r \ j e n k i n s \ w o r k s p a c e \ G e n e r i c - V M - U n i t - T e s t - D P D K \ d p d k \ b u i l d
==== End log output ====
RHEL8
Kernel: 4.18.0-240.10.1.el8_3.x86_64
Compiler: gcc 8.3.1 20191121 (Red Hat 8.3.1-5)
Ubuntu 18.04
Kernel: 4.18.0-240.10.1.el8_3.x86_64
Compiler: gcc 7.5.0-3ubuntu1~18.04
Fedora 31
Kernel: 4.18.0-240.10.1.el8_3.x86_64
Compiler: gcc 9.3.1
Windows Server 2019
Kernel: 10.0
Compiler: clang 14.0 and gcc 8.1.0 (MinGW)
Ubuntu 20.04
Kernel: 4.18.0-240.10.1.el8_3.x86_64
Compiler: gcc 9.3.0-17ubuntu1~20.04
Fedora 32
Kernel: 4.18.0-240.10.1.el8_3.x86_64
Compiler: gcc 10.2.1
Fedora 33
Kernel: 5.4.0-72-generic
Compiler: gcc 10.3.1 20210422 (Red Hat 10.3.1-1)
RHEL 7
Kernel: 4.18.0-240.10.1.el8_3.x86_64
Compiler: gcc 4.8.5 20150623 (Red Hat 4.8.5-44)
Fedora 34
Kernel: 5.4.0-72-generic
Compiler: gcc 11.1.1 20210428 (Red Hat 11.1.1-1)
openSUSE Leap 15
Kernel: 4.18.0-240.10.1.el8_3.x86_64
Compiler: gcc 7.5.0
Fedora 34 clang
Kernel: 5.4.0-72-generic
Compiler: clang 12.0.0 (Fedora 12.0.0-0.3.rc1.fc34)
To view detailed results, visit:
https://lab.dpdk.org/results/dashboard/patchsets/23252/
UNH-IOL DPDK Community Lab
To manage your email subscriptions, visit:
https://lab.dpdk.org/results/dashboard/preferences/subscriptions/
More information about the test-report
mailing list