|FAILURE| pw120388-120395 [PATCH] [8/8] pcapng: windows compatability
dpdklab at iol.unh.edu
dpdklab at iol.unh.edu
Fri Dec 2 18:35:27 CET 2022
Test-Label: iol-testing
Test-Status: FAILURE
http://dpdk.org/patch/120395
_Testing issues_
Submitter: Stephen Hemminger <stephen at networkplumber.org>
Date: Thursday, December 01 2022 01:44:39
DPDK git baseline: Repo:dpdk
Branch: master
CommitID:f262f16087ea6a77357a915cf4c0d10ddc7b6562
120388-120395 --> testing fail
Test environment and result as below:
+----------------------------------------+--------------------+----------------+
| Environment | dpdk_meson_compile | dpdk_unit_test |
+========================================+====================+================+
| Ubuntu 20.04 aarch32 GCC Cross Compile | PASS | SKIPPED |
+----------------------------------------+--------------------+----------------+
| Ubuntu 20.04 ARM GCC Native | PASS | PASS |
+----------------------------------------+--------------------+----------------+
| Ubuntu 20.04 ARM Clang Native | PASS | PASS |
+----------------------------------------+--------------------+----------------+
| Ubuntu 20.04 ARM Clang Cross Compile | PASS | SKIPPED |
+----------------------------------------+--------------------+----------------+
| Ubuntu 20.04 ARM GCC Cross Compile | PASS | SKIPPED |
+----------------------------------------+--------------------+----------------+
| Ubuntu 20.04 ARM SVE | PASS | SKIPPED |
+----------------------------------------+--------------------+----------------+
| Windows Server 2019 | SKIPPED | FAIL |
+----------------------------------------+--------------------+----------------+
| Ubuntu 20.04 | SKIPPED | PASS |
+----------------------------------------+--------------------+----------------+
| Debian Buster | SKIPPED | PASS |
+----------------------------------------+--------------------+----------------+
| RHEL 7 | SKIPPED | PASS |
+----------------------------------------+--------------------+----------------+
| Ubuntu 22.04 | SKIPPED | PASS |
+----------------------------------------+--------------------+----------------+
==== 20 line log output for Windows Server 2019 (dpdk_unit_test): ====
n a m e = s t r d u p ( v a l u e ) ;
^
C : \ P r o g r a m F i l e s ( x 8 6 ) \ W i n d o w s K i t s \ 1 0 \ I n c l u d e \ 1 0 . 0 . 1 8 3 6 2 . 0 \ u c r t \ s t r i n g . h : 5 3 5 : 2 0 : n o t e : ' s t r d u p ' h a s b e e n e x p l i c i t l y m a r k e d d e p r e c a t e d h e r e
_ C h e c k _ r e t u r n _ _ C R T _ N O N S T D C _ D E P R E C A T E ( _ s t r d u p )
^
C : \ P r o g r a m F i l e s ( x 8 6 ) \ W i n d o w s K i t s \ 1 0 \ I n c l u d e \ 1 0 . 0 . 1 8 3 6 2 . 0 \ u c r t \ c o r e c r t . h : 3 3 5 : 5 0 : n o t e : e x p a n d e d f r o m m a c r o ' _ C R T _ N O N S T D C _ D E P R E C A T E '
# d e f i n e _ C R T _ N O N S T D C _ D E P R E C A T E ( _ N e w N a m e ) _ C R T _ D E P R E C A T E _ T E X T ( \
^
C : \ P r o g r a m F i l e s ( x 8 6 ) \ M i c r o s o f t V i s u a l S t u d i o \ 2 0 1 9 \ B u i l d T o o l s \ V C \ T o o l s \ M S V C \ 1 4 . 2 9 . 3 0 1 3 3 \ i n c l u d e \ v c r u n t i m e . h : 3 1 0 : 4 7 : n o t e : e x p a n d e d f r o m m a c r o ' _ C R T _ D E P R E C A T E _ T E X T '
# d e f i n e _ C R T _ D E P R E C A T E _ T E X T ( _ T e x t ) _ _ d e c l s p e c ( d e p r e c a t e d ( _ T e x t ) )
^
2 e r r o r s g e n e r a t e d .
[ 6 / 3 2 4 ] G e n e r a t i n g r t e _ c r y p t o _ m l x 5 . p m d . c w i t h a c u s t o m c o m m a n d ( w r a p p e d b y m e s o n t o s e t P A T H )
[ 7 / 3 2 4 ] C o m p i l i n g C o b j e c t d r i v e r s / l i b t m p _ r t e _ c o m m o n _ i a v f . a . p / c o m m o n _ i a v f _ i a v f _ c o m m o n . c . o b j
[ 8 / 3 2 4 ] G e n e r a t i n g r t e _ n e t _ v m x n e t 3 . p m d . c w i t h a c u s t o m c o m m a n d ( w r a p p e d b y m e s o n t o s e t P A T H )
[ 9 / 3 2 4 ] G e n e r a t i n g r t e _ n e t _ o c t e o n _ e p . p m d . c w i t h a c u s t o m c o m m a n d ( w r a p p e d b y m e s o n t o s e t P A T H )
[ 1 0 / 3 2 4 ] G e n e r a t i n g r t e _ n e t _ m l x 5 . p m d . c w i t h a c u s t o m c o m m a n d ( w r a p p e d b y m e s o n t o s e t P A T H )
n i n j a : b u i l d s t o p p e d : s u b c o m m a n d f a i l e d .
C o u l d n o t r e b u i l d C : \ U s e r s \ b u i l d e r \ j e n k i n s \ w o r k s p a c e \ G e n e r i c - V M - U n i t - T e s t - D P D K \ d p d k \ b u i l d
==== End log output ====
Ubuntu 20.04 aarch32 GCC Cross Compile
Kernel: 5.4.0-72-generic
Compiler: gcc 9.3.0
Ubuntu 20.04 ARM GCC Native
Kernel: 5.4.0-53-generic
Compiler: gcc 9.3
Ubuntu 20.04 ARM Clang Native
Kernel: 5.4.0-53-generic
Compiler: clang 10.0.0-4ubuntu1
Ubuntu 20.04 ARM Clang Cross Compile
Kernel: 5.4.0-72-generic
Compiler: clang version 10.0.0-4ubuntu1
Ubuntu 20.04 ARM GCC Cross Compile
Kernel: 5.4.0-72-generic
Compiler: aarch64-linux-gnu-gcc (Ubuntu 9.3.0-17ubuntu1~20.04) 9.3.0
Ubuntu 20.04 ARM SVE
Kernel: 5.4.0-80-generic
Compiler: gcc 10.3.0 (Ubuntu 10.3.0-1ubuntu1~20.04)
Windows Server 2019
Kernel: 10.0
Compiler: clang 14.0 and gcc 8.1.0 (MinGW)
Ubuntu 20.04
Kernel: 4.18.0-240.10.1.el8_3.x86_64
Compiler: gcc 9.3.0-17ubuntu1~20.04
Debian Buster
Kernel: 5.4.0-122-generic
Compiler: gcc 8.3.0-6
RHEL 7
Kernel: 4.18.0-240.10.1.el8_3.x86_64
Compiler: gcc 4.8.5 20150623 (Red Hat 4.8.5-44)
Ubuntu 22.04
Kernel: 4.18.0-240.10.1.el8_3.x86_64
Compiler: gcc 11.3.0
To view detailed results, visit:
https://lab.dpdk.org/results/dashboard/patchsets/24607/
UNH-IOL DPDK Community Lab
To manage your email subscriptions, visit:
https://lab.dpdk.org/results/dashboard/preferences/subscriptions/
More information about the test-report
mailing list