|WARNING| pw120434 [PATCH] app/testeventdev: add vector worker to perf test

dpdklab at iol.unh.edu dpdklab at iol.unh.edu
Fri Dec 2 22:25:21 CET 2022


Test-Label: iol-aarch64-unit-testing
Test-Status: WARNING
http://dpdk.org/patch/120434

_Testing issues_

Submitter: Volodymyr Fialko <vfialko at marvell.com>
Date: Friday, December 02 2022 10:11:39 
DPDK git baseline: Repo:dpdk
  Branch: master
  CommitID:7b1934d01a1a8afa1391f361088d8285d100e62a

120434 --> testing fail

Test environment and result as below:

+-------------------------------+----------------+--------------+
|          Environment          | dpdk_unit_test | lpm_autotest |
+===============================+================+==============+
| Ubuntu 20.04 ARM Clang Native | PASS           | SKIPPED      |
+-------------------------------+----------------+--------------+
| Ubuntu 20.04 ARM GCC Native   | PASS           | SKIPPED      |
+-------------------------------+----------------+--------------+
| Ubuntu 20.04 ARM SVE          | SKIPPED        | FAIL         |
+-------------------------------+----------------+--------------+

==== 20 line log output for Ubuntu 20.04 ARM SVE (lpm_autotest): ====
[526/708] Compiling C object 'app/a172ced@@dpdk-test-eventdev at exe/test-eventdev_test_pipeline_atq.c.o'.
[527/708] Compiling C object 'app/a172ced@@dpdk-test-fib at exe/test-fib_main.c.o'.
[528/708] Linking target app/dpdk-test-fib.
[529/708] Compiling C object 'app/a172ced@@dpdk-test-eventdev at exe/test-eventdev_test_perf_common.c.o'.
[530/708] Compiling C object 'app/a172ced@@dpdk-test-eventdev at exe/test-eventdev_test_pipeline_common.c.o'.
[531/708] Compiling C object 'app/a172ced@@dpdk-test-flow-perf at exe/test-flow-perf_flow_gen.c.o'.
[532/708] Compiling C object 'app/a172ced@@dpdk-test-flow-perf at exe/test-flow-perf_items_gen.c.o'.
[533/708] Compiling C object 'app/a172ced@@dpdk-testpmd at exe/test-pmd_5tswap.c.o'.
[534/708] Compiling C object 'app/a172ced@@dpdk-test-sad at exe/test-sad_main.c.o'.
[535/708] Compiling C object 'app/a172ced@@dpdk-test-eventdev at exe/test-eventdev_test_pipeline_queue.c.o'.
[536/708] Linking target app/dpdk-test-eventdev.
FAILED: app/dpdk-test-eventdev
gcc-10  -o app/dpdk-test-eventdev 'app/a172ced@@dpdk-test-eventdev at exe/test-eventdev_evt_main.c.o' 'app/a172ced@@dpdk-test-eventdev at exe/test-eventdev_evt_options.c.o' 'app/a172ced@@dpdk-test-eventdev at exe/test-eventdev_evt_test.c.o' 'app/a172ced@@dpdk-test-eventdev at exe/test-eventdev_parser.c.o' 'app/a172ced@@dpdk-test-eventdev at exe/test-eventdev_test_order_atq.c.o' 'app/a172ced@@dpdk-test-eventdev at exe/test-eventdev_test_order_common.c.o' 'app/a172ced@@dpdk-test-eventdev at exe/test-eventdev_test_order_queue.c.o' 'app/a172ced@@dpdk-test-eventdev at exe/test-eventdev_test_perf_atq.c.o' 'app/a172ced@@dpdk-test-eventdev at exe/test-eventdev_test_perf_common.c.o' 'app/a172ced@@dpdk-test-eventdev at exe/test-eventdev_test_perf_queue.c.o' 'app/a172ced@@dpdk-test-eventdev at exe/test-eventdev_test_pipeline_atq.c.o' 'app/a172ced@@dpdk-test-eventdev at exe/test-eventdev_test_pipeline_common.c.o' 'app/a172ced@@dpdk-test-eventdev at exe/test-eventdev_test_pipeline_queue.c.o' -Wl,--as-needed -Wl,--no-undefined -Wl,-O1 -Wl,--no-as-needed -pthread -Wl,--start-group -lm -ldl -lnuma lib/librte_eventdev.so.23.1 lib/librte_eal.so.23.1 lib/librte_kvargs.so.23.1 lib/librte_telemetry.so.23.1 lib/librte_ring.so.23.1 lib/librte_ethdev.so.23.1 lib/librte_net.so.23.1 lib/librte_mbuf.so.23.1 lib/librte_mempool.so.23.1 lib/librte_meter.so.23.1 lib/librte_hash.so.23.1 lib/librte_rcu.so.23.1 lib/librte_timer.so.23.1 lib/librte_cryptodev.so.23.1 -Wl,--end-group '-Wl,-rpath,$ORIGIN/../lib:XXXXXXXXXXXXXXXXXXXXXXXXXXXXXXXXX' -Wl,-rpath-link,/home-local/jenkins-local/jenkins-agent/workspace/Generic-Unit-Test-DPDK/dpdk/build/lib
/usr/bin/ld: app/a172ced@@dpdk-test-eventdev at exe/test-eventdev_test_perf_common.c.o: in function `perf_event_dev_port_setup':
test_perf_common.c:(.text+0x4ad4): undefined reference to `rte_event_crypto_adapter_vector_limits_get'
collect2: error: ld returned 1 exit status
[537/708] Compiling C object 'app/a172ced@@dpdk-test-flow-perf at exe/test-flow-perf_main.c.o'.
[538/708] Compiling C object 'app/a172ced@@dpdk-testpmd at exe/test-pmd_cmdline.c.o'.
[539/708] Compiling C object 'app/a172ced@@dpdk-testpmd at exe/test-pmd_cmdline_flow.c.o'.
ninja: build stopped: subcommand failed.
==== End log output ====

Ubuntu 20.04 ARM Clang Native
	Kernel: 5.4.0-53-generic
	Compiler: clang 10.0.0-4ubuntu1

Ubuntu 20.04 ARM GCC Native
	Kernel: 5.4.0-53-generic
	Compiler: gcc 9.3

Ubuntu 20.04 ARM SVE
	Kernel: 5.4.0-80-generic
	Compiler: gcc 10.3.0 (Ubuntu 10.3.0-1ubuntu1~20.04)

To view detailed results, visit:
https://lab.dpdk.org/results/dashboard/patchsets/24619/

UNH-IOL DPDK Community Lab

To manage your email subscriptions, visit: 
https://lab.dpdk.org/results/dashboard/preferences/subscriptions/


More information about the test-report mailing list