|FAILURE| [GIT MASTER] abfe2cb0b40b3ceeb44df642c9d28a06bdfc9fb4
dpdklab at iol.unh.edu
dpdklab at iol.unh.edu
Fri Dec 2 23:25:23 CET 2022
_Testing issues_
Branch: tags/v20.11
abfe2cb0b40b3ceeb44df642c9d28a06bdfc9fb4 --> testing fail
Test environment and result as below:
+------------------------------------+--------------------+----------------+
| Environment | dpdk_meson_compile | dpdk_unit_test |
+====================================+====================+================+
| Ubuntu 20.04 ARM GCC Cross Compile | PASS | SKIPPED |
+------------------------------------+--------------------+----------------+
| Ubuntu 20.04 ARM GCC Native | PASS | PASS |
+------------------------------------+--------------------+----------------+
| Ubuntu 20.04 ARM Clang Native | PASS | PASS |
+------------------------------------+--------------------+----------------+
| Ubuntu 20.04 ARM SVE | PASS | SKIPPED |
+------------------------------------+--------------------+----------------+
| Ubuntu 22.04 | SKIPPED | FAIL |
+------------------------------------+--------------------+----------------+
| CentOS Stream 8 | SKIPPED | FAIL |
+------------------------------------+--------------------+----------------+
==== 20 line log output for CentOS Stream 8 (dpdk_unit_test): ====
84/94 DPDK:fast-tests / service_autotest OK 3.63 s
85/94 DPDK:fast-tests / thash_autotest OK 0.27 s
86/94 DPDK:fast-tests / trace_autotest OK 0.27 s
87/94 DPDK:fast-tests / telemetry_json_autotest OK 0.27 s
88/94 DPDK:fast-tests / telemetry_data_autotest OK 0.27 s
89/94 DPDK:fast-tests / ring_pmd_autotest OK 0.27 s
90/94 DPDK:fast-tests / event_eth_tx_adapter_autotest OK 0.72 s
91/94 DPDK:fast-tests / bitratestats_autotest OK 0.27 s
92/94 DPDK:fast-tests / latencystats_autotest OK 0.27 s
93/94 DPDK:fast-tests / pdump_autotest OK 5.33 s
94/94 DPDK:fast-tests / compressdev_autotest SKIP 0.27 s
Ok: 88
Expected Fail: 0
Fail: 0
Unexpected Pass: 0
Skipped: 5
Timeout: 1
Full log written to /home-local/jenkins-local/jenkins-agent/workspace/Generic-Unit-Test-DPDK at 2/dpdk/build/meson-logs/testlog.txt
==== End log output ====
Ubuntu 20.04 ARM GCC Cross Compile
Kernel: 5.4.0-72-generic
Compiler: aarch64-linux-gnu-gcc (Ubuntu 9.3.0-17ubuntu1~20.04) 9.3.0
Ubuntu 20.04 ARM GCC Native
Kernel: 5.4.0-53-generic
Compiler: gcc 9.3
Ubuntu 20.04 ARM Clang Native
Kernel: 5.4.0-53-generic
Compiler: clang 10.0.0-4ubuntu1
Ubuntu 20.04 ARM SVE
Kernel: 5.4.0-80-generic
Compiler: gcc 10.3.0 (Ubuntu 10.3.0-1ubuntu1~20.04)
Ubuntu 22.04
Kernel: Container Host Kernel
Compiler: gcc 12.2.1-2
CentOS Stream 8
Kernel: 4.18.0-240.10.1.el8_3.x86_64
Compiler: gcc 8.4.1 20200928
To view detailed results, visit:
https://lab.dpdk.org/results/dashboard/tarballs/22493/
UNH-IOL DPDK Community Lab
To manage your email subscriptions, visit:
https://lab.dpdk.org/results/dashboard/preferences/subscriptions/
More information about the test-report
mailing list