|FAILURE| pw120439 [PATCH] eal: add nonnull and access function attributes
dpdklab at iol.unh.edu
dpdklab at iol.unh.edu
Sat Dec 3 22:15:15 CET 2022
Test-Label: iol-x86_64-compile-testing
Test-Status: FAILURE
http://dpdk.org/patch/120439
_Testing issues_
Submitter: Morten Brørup <mb at smartsharesystems.com>
Date: Friday, December 02 2022 15:34:32
DPDK git baseline: Repo:dpdk
Branch: master
CommitID:7b1934d01a1a8afa1391f361088d8285d100e62a
120439 --> testing fail
Test environment and result as below:
+------------------+--------------------+
| Environment | dpdk_meson_compile |
+==================+====================+
| FreeBSD 13 | FAIL |
+------------------+--------------------+
| Ubuntu 22.04 | PASS |
+------------------+--------------------+
| RHEL 7 | PASS |
+------------------+--------------------+
| Debian Bullseye | PASS |
+------------------+--------------------+
| CentOS Stream 9 | PASS |
+------------------+--------------------+
| RHEL8 | PASS |
+------------------+--------------------+
| CentOS Stream 8 | PASS |
+------------------+--------------------+
| Debian Buster | PASS |
+------------------+--------------------+
| openSUSE Leap 15 | PASS |
+------------------+--------------------+
| Ubuntu 20.04 | PASS |
+------------------+--------------------+
==== 20 line log output for FreeBSD 13 (dpdk_meson_compile): ====
FAILED: lib/librte_telemetry.a.p/telemetry_telemetry_legacy.c.o
ccache cc -Ilib/librte_telemetry.a.p -Ilib -I../lib -I. -I.. -Iconfig -I../config -Ilib/eal/include -I../lib/eal/include -Ilib/eal/freebsd/include -I../lib/eal/freebsd/include -Ilib/eal/x86/include -I../lib/eal/x86/include -Ilib/metrics -I../lib/metrics -Ilib/telemetry -I../lib/telemetry -fcolor-diagnostics -D_FILE_OFFSET_BITS=64 -Wall -Winvalid-pch -Wextra -Werror -O3 -include rte_config.h -Wcast-qual -Wdeprecated -Wformat -Wformat-nonliteral -Wformat-security -Wmissing-declarations -Wmissing-prototypes -Wnested-externs -Wold-style-definition -Wpointer-arith -Wsign-compare -Wstrict-prototypes -Wundef -Wwrite-strings -Wno-address-of-packed-member -Wno-missing-field-initializers -D_GNU_SOURCE -D__BSD_VISIBLE -fPIC -march=native -DALLOW_EXPERIMENTAL_API -DALLOW_INTERNAL_API -DRTE_LOG_DEFAULT_LOGTYPE=lib.telemetry -MD -MQ lib/librte_telemetry.a.p/telemetry_telemetry_legacy.c.o -MF lib/librte_telemetry.a.p/telemetry_telemetry_legacy.c.o.d -o lib/librte_telemetry.a.p/telemetry_telemetry_legacy.c.o -c ../lib/telemetry/telemetry_legacy.c
In file included from ../lib/telemetry/telemetry_legacy.c:15:
In file included from ../lib/eal/include/rte_string_fns.h:21:
../lib/eal/include/rte_common.h:171:32: error: 'GCC_VERSION' is not defined, evaluates to 0 [-Werror,-Wundef]
#if defined(RTE_CC_IS_GNU) && (GCC_VERSION >= 100400)
^
1 error generated.
[10/1864] Compiling C object lib/librte_eal.a.p/eal_common_eal_common_bus.c.o
FAILED: lib/librte_eal.a.p/eal_common_eal_common_bus.c.o
ccache cc -Ilib/librte_eal.a.p -Ilib -I../lib -I. -I.. -Iconfig -I../config -Ilib/eal/include -I../lib/eal/include -Ilib/eal/freebsd/include -I../lib/eal/freebsd/include -Ilib/eal/x86/include -I../lib/eal/x86/include -Ilib/eal/common -I../lib/eal/common -Ilib/eal -I../lib/eal -Ilib/kvargs -I../lib/kvargs -Ilib/metrics -I../lib/metrics -Ilib/telemetry -I../lib/telemetry -fcolor-diagnostics -D_FILE_OFFSET_BITS=64 -Wall -Winvalid-pch -Wextra -Werror -O3 -include rte_config.h -Wcast-qual -Wdeprecated -Wformat -Wformat-nonliteral -Wformat-security -Wmissing-declarations -Wmissing-prototypes -Wnested-externs -Wold-style-definition -Wpointer-arith -Wsign-compare -Wstrict-prototypes -Wundef -Wwrite-strings -Wno-address-of-packed-member -Wno-missing-field-initializers -D_GNU_SOURCE -D__BSD_VISIBLE -fPIC -march=native -DALLOW_EXPERIMENTAL_API -DALLOW_INTERNAL_API '-DABI_VERSION="23.1"' -DRTE_LIBEAL_USE_GETENTROPY -DRTE_LOG_DEFAULT_LOGTYPE=lib.eal -MD -MQ lib/librte_eal.a.p/eal_common_eal_common_bus.c.o -MF lib/librte_eal.a.p/eal_common_eal_common_bus.c.o.d -o lib/librte_eal.a.p/eal_common_eal_common_bus.c.o -c ../lib/eal/common/eal_common_bus.c
In file included from ../lib/eal/common/eal_common_bus.c:9:
In file included from ../lib/eal/include/bus_driver.h:14:
In file included from ../lib/eal/include/rte_dev.h:23:
../lib/eal/include/rte_common.h:171:32: error: 'GCC_VERSION' is not defined, evaluates to 0 [-Werror,-Wundef]
#if defined(RTE_CC_IS_GNU) && (GCC_VERSION >= 100400)
^
1 error generated.
[11/1864] Generating lib/kvargs.sym_chk with a custom command (wrapped by meson to capture output)
ninja: build stopped: subcommand failed.
==== End log output ====
FreeBSD 13
Kernel: 13.0
Compiler: clang 11.0.1
Ubuntu 22.04
Kernel: Container Host Kernel
Compiler: clang 14.0.5-1.fc36
RHEL 7
Kernel: 4.18.0-240.10.1.el8_3.x86_64
Compiler: gcc 4.8.5 20150623 (Red Hat 4.8.5-44)
Debian Bullseye
Kernel: 5.4.0-122-generic
Compiler: gcc 10.2.1-6
CentOS Stream 9
Kernel: 4.18.0-240.10.1.el8_3.x86_64
Compiler: gcc 11.3.1 20220421
RHEL8
Kernel: 4.18.0-240.10.1.el8_3.x86_64
Compiler: gcc 8.3.1 20191121 (Red Hat 8.3.1-5)
CentOS Stream 8
Kernel: 4.18.0-240.10.1.el8_3.x86_64
Compiler: gcc 8.4.1 20200928
Debian Buster
Kernel: 5.4.0-122-generic
Compiler: gcc 8.3.0-6
openSUSE Leap 15
Kernel: 4.18.0-240.10.1.el8_3.x86_64
Compiler: gcc 7.5.0
Ubuntu 20.04
Kernel: 4.18.0-240.10.1.el8_3.x86_64
Compiler: gcc 9.3.0-17ubuntu1~20.04
To view detailed results, visit:
https://lab.dpdk.org/results/dashboard/patchsets/24623/
UNH-IOL DPDK Community Lab
To manage your email subscriptions, visit:
https://lab.dpdk.org/results/dashboard/preferences/subscriptions/
More information about the test-report
mailing list