|FAILURE| pw120434 [PATCH] app/testeventdev: add vector worker to perf test

dpdklab at iol.unh.edu dpdklab at iol.unh.edu
Sat Dec 3 23:57:58 CET 2022


Test-Label: iol-x86_64-compile-testing
Test-Status: FAILURE
http://dpdk.org/patch/120434

_Testing issues_

Submitter: Volodymyr Fialko <vfialko at marvell.com>
Date: Friday, December 02 2022 10:11:39 
DPDK git baseline: Repo:dpdk
  Branch: master
  CommitID:7b1934d01a1a8afa1391f361088d8285d100e62a

120434 --> testing fail

Test environment and result as below:

+------------------+--------------------+
|   Environment    | dpdk_meson_compile |
+==================+====================+
| FreeBSD 13       | PASS               |
+------------------+--------------------+
| RHEL 7           | FAIL               |
+------------------+--------------------+
| Debian Buster    | FAIL               |
+------------------+--------------------+
| CentOS Stream 9  | FAIL               |
+------------------+--------------------+
| openSUSE Leap 15 | FAIL               |
+------------------+--------------------+
| Ubuntu 22.04     | FAIL               |
+------------------+--------------------+
| CentOS Stream 8  | FAIL               |
+------------------+--------------------+
| Debian Bullseye  | FAIL               |
+------------------+--------------------+
| RHEL8            | FAIL               |
+------------------+--------------------+
| Ubuntu 20.04     | FAIL               |
+------------------+--------------------+

==== 20 line log output for Ubuntu 20.04 (dpdk_meson_compile): ====
[3107/3335] Compiling C object 'app/a172ced@@dpdk-test-eventdev at exe/test-eventdev_test_perf_queue.c.o'.
[3108/3335] Compiling C object 'app/a172ced@@dpdk-test-eventdev at exe/test-eventdev_test_pipeline_atq.c.o'.
[3109/3335] Compiling C object 'app/a172ced@@dpdk-test-eventdev at exe/test-eventdev_evt_test.c.o'.
[3110/3335] Compiling C object 'app/a172ced@@dpdk-test-eventdev at exe/test-eventdev_parser.c.o'.
[3111/3335] Compiling C object 'app/a172ced@@dpdk-test-eventdev at exe/test-eventdev_test_order_atq.c.o'.
[3112/3335] Compiling C object 'app/a172ced@@dpdk-test-eventdev at exe/test-eventdev_test_order_common.c.o'.
[3113/3335] Compiling C object 'app/a172ced@@dpdk-test-eventdev at exe/test-eventdev_test_order_queue.c.o'.
[3114/3335] Compiling C object 'app/a172ced@@dpdk-test-eventdev at exe/test-eventdev_test_perf_atq.c.o'.
[3115/3335] Compiling C object 'app/a172ced@@dpdk-test-eventdev at exe/test-eventdev_test_perf_common.c.o'.
[3116/3335] Compiling C object 'app/a172ced@@dpdk-test-eventdev at exe/test-eventdev_test_pipeline_common.c.o'.
[3117/3335] Compiling C object 'app/a172ced@@dpdk-test-fib at exe/test-fib_main.c.o'.
[3118/3335] Linking target app/dpdk-test-fib.
[3119/3335] Compiling C object 'app/a172ced@@dpdk-test-eventdev at exe/test-eventdev_test_pipeline_queue.c.o'.
[3120/3335] Linking target app/dpdk-test-eventdev.
FAILED: app/dpdk-test-eventdev
cc  -o app/dpdk-test-eventdev 'app/a172ced@@dpdk-test-eventdev at exe/test-eventdev_evt_main.c.o' 'app/a172ced@@dpdk-test-eventdev at exe/test-eventdev_evt_options.c.o' 'app/a172ced@@dpdk-test-eventdev at exe/test-eventdev_evt_test.c.o' 'app/a172ced@@dpdk-test-eventdev at exe/test-eventdev_parser.c.o' 'app/a172ced@@dpdk-test-eventdev at exe/test-eventdev_test_order_atq.c.o' 'app/a172ced@@dpdk-test-eventdev at exe/test-eventdev_test_order_common.c.o' 'app/a172ced@@dpdk-test-eventdev at exe/test-eventdev_test_order_queue.c.o' 'app/a172ced@@dpdk-test-eventdev at exe/test-eventdev_test_perf_atq.c.o' 'app/a172ced@@dpdk-test-eventdev at exe/test-eventdev_test_perf_common.c.o' 'app/a172ced@@dpdk-test-eventdev at exe/test-eventdev_test_perf_queue.c.o' 'app/a172ced@@dpdk-test-eventdev at exe/test-eventdev_test_pipeline_atq.c.o' 'app/a172ced@@dpdk-test-eventdev at exe/test-eventdev_test_pipeline_common.c.o' 'app/a172ced@@dpdk-test-eventdev at exe/test-eventdev_test_pipeline_queue.c.o' -Wl,--as-needed -Wl,--no-undefined -Wl,-O1 -Wl,--no-as-needed -pthread -Wl,--start-group -lm -ldl -lnuma lib/librte_eventdev.so.23.1 lib/librte_eal.so.23.1 lib/librte_kvargs.so.23.1 lib/librte_telemetry.so.23.1 lib/librte_ring.so.23.1 lib/librte_ethdev.so.23.1 lib/librte_net.so.23.1 lib/librte_mbuf.so.23.1 lib/librte_mempool.so.23.1 lib/librte_meter.so.23.1 lib/librte_hash.so.23.1 lib/librte_rcu.so.23.1 lib/librte_timer.so.23.1 lib/librte_cryptodev.so.23.1 -Wl,--end-group '-Wl,-rpath,$ORIGIN/../lib:XXXXXXXXXXXXXXXXXXXXXXXXXXXXXXXX' -Wl,-rpath-link,/home-local/jenkins-local/jenkins-agent/workspace/Generic-DPDK-Compile-Meson at 3/dpdk/build/lib
/usr/bin/ld: app/a172ced@@dpdk-test-eventdev at exe/test-eventdev_test_perf_common.c.o: in function `perf_event_dev_port_setup':
test_perf_common.c:(.text+0x5481): undefined reference to `rte_event_crypto_adapter_vector_limits_get'
collect2: error: ld returned 1 exit status
ninja: build stopped: subcommand failed.
==== End log output ====

FreeBSD 13
	Kernel: 13.0
	Compiler: clang 11.0.1

RHEL 7
	Kernel: 4.18.0-240.10.1.el8_3.x86_64
	Compiler: gcc 4.8.5 20150623 (Red Hat 4.8.5-44)

Debian Buster
	Kernel: 5.4.0-122-generic
	Compiler: gcc 8.3.0-6

CentOS Stream 9
	Kernel: 4.18.0-240.10.1.el8_3.x86_64
	Compiler: gcc 11.3.1 20220421

openSUSE Leap 15
	Kernel: 4.18.0-240.10.1.el8_3.x86_64
	Compiler: gcc 7.5.0

Ubuntu 22.04
	Kernel: Container Host Kernel
	Compiler: gcc 12.2.1-2

CentOS Stream 8
	Kernel: 4.18.0-240.10.1.el8_3.x86_64
	Compiler: gcc 8.4.1 20200928

Debian Bullseye
	Kernel: 5.4.0-122-generic
	Compiler: gcc 10.2.1-6

RHEL8
	Kernel: 4.18.0-240.10.1.el8_3.x86_64
	Compiler: gcc 8.3.1 20191121 (Red Hat 8.3.1-5)

Ubuntu 20.04
	Kernel: 4.18.0-240.10.1.el8_3.x86_64
	Compiler: gcc 9.3.0-17ubuntu1~20.04

To view detailed results, visit:
https://lab.dpdk.org/results/dashboard/patchsets/24619/

UNH-IOL DPDK Community Lab

To manage your email subscriptions, visit: 
https://lab.dpdk.org/results/dashboard/preferences/subscriptions/


More information about the test-report mailing list