|FAILURE| [GIT MASTER] 655f0ed4a75b2ed17a56c3665be32b06323647f9
dpdklab at iol.unh.edu
dpdklab at iol.unh.edu
Mon Dec 5 08:59:31 CET 2022
_Testing issues_
Branch: tags/v21.11
655f0ed4a75b2ed17a56c3665be32b06323647f9 --> testing fail
Test environment and result as below:
+---------------------+----------------+
| Environment | dpdk_unit_test |
+=====================+================+
| Windows Server 2019 | PASS |
+---------------------+----------------+
| Ubuntu 22.04 | PASS |
+---------------------+----------------+
| CentOS Stream 9 | PASS |
+---------------------+----------------+
| RHEL8 | PASS |
+---------------------+----------------+
| Debian Bullseye | PASS |
+---------------------+----------------+
| RHEL 7 | FAIL |
+---------------------+----------------+
| Debian Buster | PASS |
+---------------------+----------------+
| Ubuntu 20.04 | PASS |
+---------------------+----------------+
| CentOS Stream 8 | PASS |
+---------------------+----------------+
| openSUSE Leap 15 | PASS |
+---------------------+----------------+
==== 20 line log output for RHEL 7 (dpdk_unit_test): ====
55/65 DPDK:fast-tests / service_autotest FAIL 2.03 s (exit status 255 or signal 127 SIGinvalid)
56/65 DPDK:fast-tests / thash_autotest OK 0.23 s
57/65 DPDK:fast-tests / trace_autotest OK 0.23 s
58/65 DPDK:fast-tests / metrics_autotest OK 0.33 s
59/65 DPDK:fast-tests / telemetry_json_autotest OK 0.18 s
60/65 DPDK:fast-tests / telemetry_data_autotest OK 0.22 s
61/65 DPDK:fast-tests / ring_pmd_autotest OK 0.47 s
62/65 DPDK:fast-tests / bitratestats_autotest OK 0.22 s
63/65 DPDK:fast-tests / latencystats_autotest OK 0.34 s
64/65 DPDK:fast-tests / pdump_autotest OK 0.33 s
65/65 DPDK:fast-tests / vdev_autotest OK 0.31 s
Ok: 63
Expected Fail: 0
Fail: 1
Unexpected Pass: 0
Skipped: 1
Timeout: 0
Full log written to /home-local/jenkins-local/jenkins-agent/workspace/Generic-Unit-Test-DPDK at 2/dpdk/build/meson-logs/testlog.txt
==== End log output ====
Windows Server 2019
Kernel: 10.0
Compiler: clang 14.0 and gcc 8.1.0 (MinGW)
Ubuntu 22.04
Kernel: Container Host Kernel
Compiler: gcc 11.3.1-2
CentOS Stream 9
Kernel: 4.18.0-240.10.1.el8_3.x86_64
Compiler: gcc 11.3.1 20220421
RHEL8
Kernel: 4.18.0-240.10.1.el8_3.x86_64
Compiler: gcc 8.3.1 20191121 (Red Hat 8.3.1-5)
Debian Bullseye
Kernel: 5.4.0-122-generic
Compiler: gcc 10.2.1-6
RHEL 7
Kernel: 4.18.0-240.10.1.el8_3.x86_64
Compiler: gcc 4.8.5 20150623 (Red Hat 4.8.5-44)
Debian Buster
Kernel: 5.4.0-122-generic
Compiler: gcc 8.3.0-6
Ubuntu 20.04
Kernel: 4.18.0-240.10.1.el8_3.x86_64
Compiler: gcc 9.3.0-17ubuntu1~20.04
CentOS Stream 8
Kernel: 4.18.0-240.10.1.el8_3.x86_64
Compiler: gcc 8.4.1 20200928
openSUSE Leap 15
Kernel: 4.18.0-240.10.1.el8_3.x86_64
Compiler: gcc 7.5.0
To view detailed results, visit:
https://lab.dpdk.org/results/dashboard/tarballs/22525/
UNH-IOL DPDK Community Lab
To manage your email subscriptions, visit:
https://lab.dpdk.org/results/dashboard/preferences/subscriptions/
More information about the test-report
mailing list