|FAILURE| pw120482-120478 [PATCH] [V4, 5/5] app/testpmd: stop forwarding in new or destroy event
dpdklab at iol.unh.edu
dpdklab at iol.unh.edu
Tue Dec 6 13:43:22 CET 2022
Test-Label: iol-testing
Test-Status: FAILURE
http://dpdk.org/patch/120478
_Testing issues_
Submitter: Huisong Li <lihuisong at huawei.com>
Date: Tuesday, December 06 2022 09:26:49
DPDK git baseline: Repo:dpdk
Branch: master
CommitID:6c8aed5ab7f6dbed8e71199504fa227f5f60c6fd
120482-120478 --> testing fail
Test environment and result as below:
+-------------------------------+--------------------+----------------------+----------------+
| Environment | dpdk_meson_compile | dpdk_mingw64_compile | dpdk_unit_test |
+===============================+====================+======================+================+
| FreeBSD 13 | PASS | SKIPPED | SKIPPED |
+-------------------------------+--------------------+----------------------+----------------+
| Windows Server 2019 | PASS | PASS | PASS |
+-------------------------------+--------------------+----------------------+----------------+
| Debian Buster | PASS | SKIPPED | PASS |
+-------------------------------+--------------------+----------------------+----------------+
| Debian Bullseye | PASS | SKIPPED | PASS |
+-------------------------------+--------------------+----------------------+----------------+
| CentOS Stream 9 | PASS | SKIPPED | PASS |
+-------------------------------+--------------------+----------------------+----------------+
| CentOS Stream 8 | PASS | SKIPPED | PASS |
+-------------------------------+--------------------+----------------------+----------------+
| Ubuntu 22.04 | PASS | SKIPPED | FAIL |
+-------------------------------+--------------------+----------------------+----------------+
| openSUSE Leap 15 | PASS | SKIPPED | PASS |
+-------------------------------+--------------------+----------------------+----------------+
| RHEL8 | PASS | SKIPPED | PASS |
+-------------------------------+--------------------+----------------------+----------------+
| RHEL 7 | PASS | SKIPPED | PASS |
+-------------------------------+--------------------+----------------------+----------------+
| Ubuntu 20.04 | PASS | SKIPPED | PASS |
+-------------------------------+--------------------+----------------------+----------------+
| Ubuntu 20.04 ARM GCC Native | SKIPPED | SKIPPED | PASS |
+-------------------------------+--------------------+----------------------+----------------+
| Ubuntu 20.04 ARM Clang Native | SKIPPED | SKIPPED | PASS |
+-------------------------------+--------------------+----------------------+----------------+
==== 20 line log output for Ubuntu 22.04 (dpdk_unit_test): ====
60/70 DPDK:fast-tests / trace_autotest_with_traces OK 0.37 s
61/70 DPDK:fast-tests / metrics_autotest OK 0.17 s
62/70 DPDK:fast-tests / telemetry_json_autotest OK 0.26 s
63/70 DPDK:fast-tests / telemetry_data_autotest OK 0.39 s
64/70 DPDK:fast-tests / table_autotest OK 14.30 s
65/70 DPDK:fast-tests / ring_pmd_autotest OK 0.41 s
66/70 DPDK:fast-tests / bitratestats_autotest OK 0.58 s
67/70 DPDK:fast-tests / latencystats_autotest OK 0.41 s
68/70 DPDK:fast-tests / pdump_autotest OK 0.74 s
69/70 DPDK:fast-tests / vdev_autotest OK 0.41 s
70/70 DPDK:fast-tests / telemetry_all SKIP 0.01 s
Ok: 65
Expected Fail: 0
Fail: 1
Unexpected Pass: 0
Skipped: 4
Timeout: 0
Full log written to /home-local/jenkins-local/jenkins-agent/workspace/Generic-Unit-Test-DPDK at 3/dpdk/build/meson-logs/testlog.txt
==== End log output ====
FreeBSD 13
Kernel: 13.0
Compiler: clang 11.0.1
Windows Server 2019
Kernel: 10.0
Compiler: clang 14.0 and gcc 8.1.0 (MinGW)
Debian Buster
Kernel: 5.4.0-122-generic
Compiler: gcc 8.3.0-6
Debian Bullseye
Kernel: 5.4.0-122-generic
Compiler: gcc 10.2.1-6
CentOS Stream 9
Kernel: 4.18.0-240.10.1.el8_3.x86_64
Compiler: gcc 11.3.1 20220421
CentOS Stream 8
Kernel: 4.18.0-240.10.1.el8_3.x86_64
Compiler: gcc 8.4.1 20200928
Ubuntu 22.04
Kernel: Container Host Kernel
Compiler: gcc 11.3.1-2
openSUSE Leap 15
Kernel: 4.18.0-240.10.1.el8_3.x86_64
Compiler: gcc 7.5.0
RHEL8
Kernel: 4.18.0-240.10.1.el8_3.x86_64
Compiler: gcc 8.3.1 20191121 (Red Hat 8.3.1-5)
RHEL 7
Kernel: 4.18.0-240.10.1.el8_3.x86_64
Compiler: gcc 4.8.5 20150623 (Red Hat 4.8.5-44)
Ubuntu 20.04
Kernel: 4.18.0-240.10.1.el8_3.x86_64
Compiler: gcc 9.3.0-17ubuntu1~20.04
Ubuntu 20.04 ARM GCC Native
Kernel: 5.4.0-53-generic
Compiler: gcc 9.3
Ubuntu 20.04 ARM Clang Native
Kernel: 5.4.0-53-generic
Compiler: clang 10.0.0-4ubuntu1
To view detailed results, visit:
https://lab.dpdk.org/results/dashboard/patchsets/24643/
UNH-IOL DPDK Community Lab
To manage your email subscriptions, visit:
https://lab.dpdk.org/results/dashboard/preferences/subscriptions/
More information about the test-report
mailing list