|FAILURE| pw120482-120478 [PATCH] [V4, 5/5] app/testpmd: stop forwarding in new or destroy event
dpdklab at iol.unh.edu
dpdklab at iol.unh.edu
Tue Dec 6 13:43:49 CET 2022
Test-Label: iol-x86_64-unit-testing
Test-Status: FAILURE
http://dpdk.org/patch/120478
_Testing issues_
Submitter: Huisong Li <lihuisong at huawei.com>
Date: Tuesday, December 06 2022 09:26:49
DPDK git baseline: Repo:dpdk
Branch: master
CommitID:6c8aed5ab7f6dbed8e71199504fa227f5f60c6fd
120482-120478 --> testing fail
Test environment and result as below:
+---------------------+----------------+
| Environment | dpdk_unit_test |
+=====================+================+
| Windows Server 2019 | PASS |
+---------------------+----------------+
| Ubuntu 22.04 | FAIL |
+---------------------+----------------+
| RHEL 7 | PASS |
+---------------------+----------------+
| RHEL8 | PASS |
+---------------------+----------------+
| CentOS Stream 8 | PASS |
+---------------------+----------------+
| openSUSE Leap 15 | PASS |
+---------------------+----------------+
| CentOS Stream 9 | PASS |
+---------------------+----------------+
| Ubuntu 20.04 | PASS |
+---------------------+----------------+
| Debian Buster | PASS |
+---------------------+----------------+
| Debian Bullseye | PASS |
+---------------------+----------------+
==== 20 line log output for Ubuntu 22.04 (dpdk_unit_test): ====
60/70 DPDK:fast-tests / trace_autotest_with_traces OK 0.37 s
61/70 DPDK:fast-tests / metrics_autotest OK 0.17 s
62/70 DPDK:fast-tests / telemetry_json_autotest OK 0.26 s
63/70 DPDK:fast-tests / telemetry_data_autotest OK 0.39 s
64/70 DPDK:fast-tests / table_autotest OK 14.30 s
65/70 DPDK:fast-tests / ring_pmd_autotest OK 0.41 s
66/70 DPDK:fast-tests / bitratestats_autotest OK 0.58 s
67/70 DPDK:fast-tests / latencystats_autotest OK 0.41 s
68/70 DPDK:fast-tests / pdump_autotest OK 0.74 s
69/70 DPDK:fast-tests / vdev_autotest OK 0.41 s
70/70 DPDK:fast-tests / telemetry_all SKIP 0.01 s
Ok: 65
Expected Fail: 0
Fail: 1
Unexpected Pass: 0
Skipped: 4
Timeout: 0
Full log written to /home-local/jenkins-local/jenkins-agent/workspace/Generic-Unit-Test-DPDK at 3/dpdk/build/meson-logs/testlog.txt
==== End log output ====
Windows Server 2019
Kernel: 10.0
Compiler: clang 14.0 and gcc 8.1.0 (MinGW)
Ubuntu 22.04
Kernel: Container Host Kernel
Compiler: gcc 11.3.1-2
RHEL 7
Kernel: 4.18.0-240.10.1.el8_3.x86_64
Compiler: gcc 4.8.5 20150623 (Red Hat 4.8.5-44)
RHEL8
Kernel: 4.18.0-240.10.1.el8_3.x86_64
Compiler: gcc 8.3.1 20191121 (Red Hat 8.3.1-5)
CentOS Stream 8
Kernel: 4.18.0-240.10.1.el8_3.x86_64
Compiler: gcc 8.4.1 20200928
openSUSE Leap 15
Kernel: 4.18.0-240.10.1.el8_3.x86_64
Compiler: gcc 7.5.0
CentOS Stream 9
Kernel: 4.18.0-240.10.1.el8_3.x86_64
Compiler: gcc 11.3.1 20220421
Ubuntu 20.04
Kernel: 4.18.0-240.10.1.el8_3.x86_64
Compiler: gcc 9.3.0-17ubuntu1~20.04
Debian Buster
Kernel: 5.4.0-122-generic
Compiler: gcc 8.3.0-6
Debian Bullseye
Kernel: 5.4.0-122-generic
Compiler: gcc 10.2.1-6
To view detailed results, visit:
https://lab.dpdk.org/results/dashboard/patchsets/24643/
UNH-IOL DPDK Community Lab
To manage your email subscriptions, visit:
https://lab.dpdk.org/results/dashboard/preferences/subscriptions/
More information about the test-report
mailing list