|FAILURE| pw120538-120540 [PATCH] [5/5] eal: deprecate rte thread setname API
dpdklab at iol.unh.edu
dpdklab at iol.unh.edu
Wed Dec 7 23:12:03 CET 2022
Test-Label: iol-testing
Test-Status: FAILURE
http://dpdk.org/patch/120540
_Testing issues_
Submitter: Tyler Retzlaff <roretzla at linux.microsoft.com>
Date: Wednesday, December 07 2022 19:00:17
DPDK git baseline: Repo:dpdk
Branch: master
CommitID:6c8aed5ab7f6dbed8e71199504fa227f5f60c6fd
120538-120540 --> testing fail
Test environment and result as below:
+-------------------------------+----------------+--------------------+----------------------+
| Environment | dpdk_unit_test | dpdk_meson_compile | dpdk_mingw64_compile |
+===============================+================+====================+======================+
| Ubuntu 20.04 ARM GCC Native | FAIL | FAIL | SKIPPED |
+-------------------------------+----------------+--------------------+----------------------+
| Ubuntu 20.04 ARM Clang Native | FAIL | SKIPPED | SKIPPED |
+-------------------------------+----------------+--------------------+----------------------+
| Windows Server 2019 | PASS | PASS | FAIL |
+-------------------------------+----------------+--------------------+----------------------+
| RHEL 7 | FAIL | FAIL | SKIPPED |
+-------------------------------+----------------+--------------------+----------------------+
| Ubuntu 22.04 | FAIL | FAIL | SKIPPED |
+-------------------------------+----------------+--------------------+----------------------+
| openSUSE Leap 15 | FAIL | FAIL | SKIPPED |
+-------------------------------+----------------+--------------------+----------------------+
| Ubuntu 20.04 | FAIL | SKIPPED | SKIPPED |
+-------------------------------+----------------+--------------------+----------------------+
| Debian Buster | FAIL | FAIL | SKIPPED |
+-------------------------------+----------------+--------------------+----------------------+
| Debian Bullseye | FAIL | FAIL | SKIPPED |
+-------------------------------+----------------+--------------------+----------------------+
| RHEL8 | FAIL | FAIL | SKIPPED |
+-------------------------------+----------------+--------------------+----------------------+
| CentOS Stream 9 | FAIL | FAIL | SKIPPED |
+-------------------------------+----------------+--------------------+----------------------+
| CentOS Stream 8 | FAIL | FAIL | SKIPPED |
+-------------------------------+----------------+--------------------+----------------------+
| FreeBSD 13 | SKIPPED | FAIL | SKIPPED |
+-------------------------------+----------------+--------------------+----------------------+
==== 20 line log output for FreeBSD 13 (dpdk_meson_compile): ====
[10/1724] Compiling C object lib/librte_eal.a.p/eal_common_eal_common_hexdump.c.o
[11/1724] Compiling C object lib/librte_telemetry.a.p/telemetry_telemetry.c.o
[12/1724] Linking static target lib/librte_telemetry.a
[13/1724] Compiling C object lib/librte_eal.a.p/eal_common_eal_common_dev.c.o
[14/1724] Compiling C object lib/librte_eal.a.p/eal_common_eal_common_devargs.c.o
[15/1724] Compiling C object lib/librte_eal.a.p/eal_common_eal_common_interrupts.c.o
[16/1724] Compiling C object lib/librte_eal.a.p/eal_common_eal_common_launch.c.o
[17/1724] Compiling C object lib/librte_eal.a.p/eal_common_eal_common_lcore.c.o
FAILED: lib/librte_eal.a.p/eal_common_eal_common_lcore.c.o
ccache cc -Ilib/librte_eal.a.p -Ilib -I../lib -I. -I.. -Iconfig -I../config -Ilib/eal/include -I../lib/eal/include -Ilib/eal/freebsd/include -I../lib/eal/freebsd/include -Ilib/eal/x86/include -I../lib/eal/x86/include -Ilib/eal/common -I../lib/eal/common -Ilib/eal -I../lib/eal -Ilib/kvargs -I../lib/kvargs -Ilib/metrics -I../lib/metrics -Ilib/telemetry -I../lib/telemetry -fcolor-diagnostics -D_FILE_OFFSET_BITS=64 -Wall -Winvalid-pch -Wextra -Werror -O3 -include rte_config.h -Wcast-qual -Wdeprecated -Wformat -Wformat-nonliteral -Wformat-security -Wmissing-declarations -Wmissing-prototypes -Wnested-externs -Wold-style-definition -Wpointer-arith -Wsign-compare -Wstrict-prototypes -Wundef -Wwrite-strings -Wno-address-of-packed-member -Wno-missing-field-initializers -D_GNU_SOURCE -D__BSD_VISIBLE -fPIC -march=native -DALLOW_EXPERIMENTAL_API -DALLOW_INTERNAL_API '-DABI_VERSION="23.1"' -DRTE_LIBEAL_USE_GETENTROPY -DRTE_LOG_DEFAULT_LOGTYPE=lib.eal -MD -MQ lib/librte_eal.a.p/eal_common_eal_common_lcore.c.o -MF lib/librte_eal.a.p/eal_common_eal_common_lcore.c.o.d -o lib/librte_eal.a.p/eal_common_eal_common_lcore.c.o -c ../lib/eal/common/eal_common_lcore.c
../lib/eal/common/eal_common_lcore.c:30:37: error: incompatible pointer to integer conversion initializing 'uintptr_t' (aka 'unsigned long') with an expression of type 'pthread_t' (aka 'struct pthread *') [-Werror,-Wint-conversion]
rte_thread_set_name((rte_thread_t){lcore_config[lcore_id].thread_id}, name);
^~~~~~~~~~~~~~~~~~~~~~~~~~~~~~~~
1 error generated.
[18/1724] Compiling C object lib/librte_eal.a.p/eal_common_eal_common_log.c.o
[19/1724] Compiling C object lib/librte_eal.a.p/eal_common_eal_common_mcfg.c.o
[20/1724] Generating lib/kvargs.sym_chk with a custom command (wrapped by meson to capture output)
[21/1724] Compiling C object lib/librte_eal.a.p/eal_common_eal_common_fbarray.c.o
[22/1724] Generating lib/telemetry.sym_chk with a custom command (wrapped by meson to capture output)
ninja: build stopped: subcommand failed.
==== End log output ====
Ubuntu 20.04 ARM GCC Native
Kernel: 5.4.0-53-generic
Compiler: gcc 9.3
Ubuntu 20.04 ARM Clang Native
Kernel: 5.4.0-53-generic
Compiler: clang 10.0.0-4ubuntu1
Windows Server 2019
Kernel: 10.0
Compiler: clang 14.0 and gcc 8.1.0 (MinGW)
RHEL 7
Kernel: 4.18.0-240.10.1.el8_3.x86_64
Compiler: gcc 4.8.5 20150623 (Red Hat 4.8.5-44)
Ubuntu 22.04
Kernel: Container Host Kernel
Compiler: clang 14.0.5-1.fc36
openSUSE Leap 15
Kernel: 4.18.0-240.10.1.el8_3.x86_64
Compiler: gcc 7.5.0
Ubuntu 20.04
Kernel: 4.18.0-240.10.1.el8_3.x86_64
Compiler: gcc 9.3.0-17ubuntu1~20.04
Debian Buster
Kernel: 5.4.0-122-generic
Compiler: gcc 8.3.0-6
Debian Bullseye
Kernel: 5.4.0-122-generic
Compiler: gcc 10.2.1-6
RHEL8
Kernel: 4.18.0-240.10.1.el8_3.x86_64
Compiler: gcc 8.3.1 20191121 (Red Hat 8.3.1-5)
CentOS Stream 9
Kernel: 4.18.0-240.10.1.el8_3.x86_64
Compiler: gcc 11.3.1 20220421
CentOS Stream 8
Kernel: 4.18.0-240.10.1.el8_3.x86_64
Compiler: gcc 8.4.1 20200928
FreeBSD 13
Kernel: 13.0
Compiler: clang 11.0.1
To view detailed results, visit:
https://lab.dpdk.org/results/dashboard/patchsets/24666/
UNH-IOL DPDK Community Lab
To manage your email subscriptions, visit:
https://lab.dpdk.org/results/dashboard/preferences/subscriptions/
More information about the test-report
mailing list