|FAILURE| pw120581 [PATCH] doc: update recipe for static rdma-core in mlx guides
dpdklab at iol.unh.edu
dpdklab at iol.unh.edu
Thu Dec 8 14:30:52 CET 2022
Test-Label: iol-testing
Test-Status: FAILURE
http://dpdk.org/patch/120581
_Testing issues_
Submitter: Thomas Monjalon <thomas at monjalon.net>
Date: Thursday, December 08 2022 11:16:46
DPDK git baseline: Repo:dpdk
Branch: master
CommitID:6c8aed5ab7f6dbed8e71199504fa227f5f60c6fd
120581 --> testing fail
Test environment and result as below:
+-------------------------------+--------------------+----------------------+----------------+
| Environment | dpdk_meson_compile | dpdk_mingw64_compile | dpdk_unit_test |
+===============================+====================+======================+================+
| FreeBSD 13 | PASS | SKIPPED | SKIPPED |
+-------------------------------+--------------------+----------------------+----------------+
| Windows Server 2019 | PASS | PASS | PASS |
+-------------------------------+--------------------+----------------------+----------------+
| Ubuntu 20.04 ARM Clang Native | PASS | SKIPPED | PASS |
+-------------------------------+--------------------+----------------------+----------------+
| Ubuntu 20.04 ARM GCC Native | PASS | SKIPPED | PASS |
+-------------------------------+--------------------+----------------------+----------------+
| CentOS Stream 8 | PASS | SKIPPED | PASS |
+-------------------------------+--------------------+----------------------+----------------+
| CentOS Stream 9 | PASS | SKIPPED | PASS |
+-------------------------------+--------------------+----------------------+----------------+
| Debian Buster | PASS | SKIPPED | FAIL |
+-------------------------------+--------------------+----------------------+----------------+
| Debian Bullseye | PASS | SKIPPED | PASS |
+-------------------------------+--------------------+----------------------+----------------+
| openSUSE Leap 15 | SKIPPED | SKIPPED | PASS |
+-------------------------------+--------------------+----------------------+----------------+
| Ubuntu 20.04 | SKIPPED | SKIPPED | PASS |
+-------------------------------+--------------------+----------------------+----------------+
| RHEL 7 | SKIPPED | SKIPPED | PASS |
+-------------------------------+--------------------+----------------------+----------------+
| Ubuntu 22.04 | SKIPPED | SKIPPED | PASS |
+-------------------------------+--------------------+----------------------+----------------+
| RHEL8 | SKIPPED | SKIPPED | PASS |
+-------------------------------+--------------------+----------------------+----------------+
==== 20 line log output for Debian Buster (dpdk_unit_test): ====
93/103 DPDK:fast-tests / telemetry_json_autotest OK 0.37 s
94/103 DPDK:fast-tests / telemetry_data_autotest OK 0.21 s
95/103 DPDK:fast-tests / table_autotest OK 9.07 s
96/103 DPDK:fast-tests / ring_pmd_autotest OK 0.25 s
97/103 DPDK:fast-tests / event_eth_tx_adapter_autotest OK 0.73 s
98/103 DPDK:fast-tests / bitratestats_autotest OK 0.17 s
99/103 DPDK:fast-tests / latencystats_autotest OK 0.22 s
100/103 DPDK:fast-tests / pdump_autotest OK 5.31 s
101/103 DPDK:fast-tests / vdev_autotest OK 0.21 s
102/103 DPDK:fast-tests / compressdev_autotest SKIP 0.18 s
103/103 DPDK:fast-tests / telemetry_all SKIP 0.02 s
Ok: 93
Expected Fail: 0
Fail: 0
Unexpected Pass: 0
Skipped: 9
Timeout: 1
Full log written to /home-local/jenkins-local/jenkins-agent/workspace/Generic-Unit-Test-DPDK at 4/dpdk/build/meson-logs/testlog.txt
==== End log output ====
FreeBSD 13
Kernel: 13.0
Compiler: clang 11.0.1
Windows Server 2019
Kernel: 10.0
Compiler: clang 14.0 and gcc 8.1.0 (MinGW)
Ubuntu 20.04 ARM Clang Native
Kernel: 5.4.0-53-generic
Compiler: clang 10.0.0-4ubuntu1
Ubuntu 20.04 ARM GCC Native
Kernel: 5.4.0-53-generic
Compiler: gcc 9.3
CentOS Stream 8
Kernel: 4.18.0-240.10.1.el8_3.x86_64
Compiler: gcc 8.4.1 20200928
CentOS Stream 9
Kernel: 4.18.0-240.10.1.el8_3.x86_64
Compiler: gcc 11.3.1 20220421
Debian Buster
Kernel: 5.4.0-122-generic
Compiler: gcc 8.3.0-6
Debian Bullseye
Kernel: 5.4.0-122-generic
Compiler: gcc 10.2.1-6
openSUSE Leap 15
Kernel: 4.18.0-240.10.1.el8_3.x86_64
Compiler: gcc 7.5.0
Ubuntu 20.04
Kernel: 4.18.0-240.10.1.el8_3.x86_64
Compiler: gcc 9.3.0-17ubuntu1~20.04
RHEL 7
Kernel: 4.18.0-240.10.1.el8_3.x86_64
Compiler: gcc 4.8.5 20150623 (Red Hat 4.8.5-44)
Ubuntu 22.04
Kernel: Container Host Kernel
Compiler: gcc 11.3.1-2
RHEL8
Kernel: 4.18.0-240.10.1.el8_3.x86_64
Compiler: gcc 8.3.1 20191121 (Red Hat 8.3.1-5)
To view detailed results, visit:
https://lab.dpdk.org/results/dashboard/patchsets/24674/
UNH-IOL DPDK Community Lab
To manage your email subscriptions, visit:
https://lab.dpdk.org/results/dashboard/preferences/subscriptions/
More information about the test-report
mailing list