|FAILURE| pw120582 [PATCH] net/iavf: fix mbuf VLAN offload flags in the L2TAG2 path with AVX2
dpdklab at iol.unh.edu
dpdklab at iol.unh.edu
Thu Dec 8 15:21:26 CET 2022
Test-Label: iol-testing
Test-Status: FAILURE
http://dpdk.org/patch/120582
_Testing issues_
Submitter: Michal Schmidt <mschmidt at redhat.com>
Date: Thursday, December 08 2022 12:19:16
DPDK git baseline: Repo:dpdk
Branch: master
CommitID:6c8aed5ab7f6dbed8e71199504fa227f5f60c6fd
120582 --> testing fail
Test environment and result as below:
+-------------------------------+--------------------+----------------------+----------------+
| Environment | dpdk_meson_compile | dpdk_mingw64_compile | dpdk_unit_test |
+===============================+====================+======================+================+
| Ubuntu 20.04 ARM GCC Native | PASS | SKIPPED | PASS |
+-------------------------------+--------------------+----------------------+----------------+
| FreeBSD 13 | PASS | SKIPPED | SKIPPED |
+-------------------------------+--------------------+----------------------+----------------+
| Windows Server 2019 | PASS | PASS | FAIL |
+-------------------------------+--------------------+----------------------+----------------+
| Ubuntu 20.04 ARM Clang Native | PASS | SKIPPED | PASS |
+-------------------------------+--------------------+----------------------+----------------+
| CentOS Stream 8 | PASS | SKIPPED | SKIPPED |
+-------------------------------+--------------------+----------------------+----------------+
| CentOS Stream 9 | PASS | SKIPPED | SKIPPED |
+-------------------------------+--------------------+----------------------+----------------+
| openSUSE Leap 15 | SKIPPED | SKIPPED | PASS |
+-------------------------------+--------------------+----------------------+----------------+
| Ubuntu 22.04 | SKIPPED | SKIPPED | PASS |
+-------------------------------+--------------------+----------------------+----------------+
| Debian Buster | SKIPPED | SKIPPED | PASS |
+-------------------------------+--------------------+----------------------+----------------+
| RHEL8 | SKIPPED | SKIPPED | PASS |
+-------------------------------+--------------------+----------------------+----------------+
| Ubuntu 20.04 | SKIPPED | SKIPPED | PASS |
+-------------------------------+--------------------+----------------------+----------------+
| RHEL 7 | SKIPPED | SKIPPED | PASS |
+-------------------------------+--------------------+----------------------+----------------+
==== 20 line log output for Windows Server 2019 (dpdk_unit_test): ====
8 5 / 9 1 D P D K : f a s t - t e s t s / p o w e r _ i n t e l _ u n c o r e _ a u t o t e s t S K I P 0 . 1 1 s e x i t s t a t u s 7 7
8 6 / 9 1 D P D K : f a s t - t e s t s / r e o r d e r _ a u t o t e s t S K I P 0 . 1 1 s e x i t s t a t u s 7 7
8 7 / 9 1 D P D K : f a s t - t e s t s / s e r v i c e _ a u t o t e s t F A I L 4 . 0 0 s ( e x i t s t a t u s 4 2 9 4 9 6 7 2 9 5 o r s i g n a l 4 2 9 4 9 6 7 1 6 7 S I G i n v a l i d )
> > > D P D K _ T E S T = s e r v i c e _ a u t o t e s t M A L L O C _ P E R T U R B _ = 1 9 2 C : \ U s e r s \ b u i l d e r \ j e n k i n s \ w o r k s p a c e \ G e n e r i c - V M - U n i t - T e s t - D P D K \ d p d k \ b u i l d \ a p p \ t e s t \ d p d k - t e s t . e x e
8 8 / 9 1 D P D K : f a s t - t e s t s / t h a s h _ a u t o t e s t O K 0 . 1 2 s
8 9 / 9 1 D P D K : f a s t - t e s t s / t h r e a d s _ a u t o t e s t O K 0 . 8 3 s
9 0 / 9 1 D P D K : f a s t - t e s t s / t r a c e _ a u t o t e s t S K I P 0 . 1 5 s e x i t s t a t u s 7 7
9 1 / 9 1 D P D K : f a s t - t e s t s / m e t r i c s _ a u t o t e s t O K 0 . 1 1 s
O k : 4 8
E x p e c t e d F a i l : 0
F a i l : 1
U n e x p e c t e d P a s s : 0
S k i p p e d : 4 2
T i m e o u t : 0
F u l l l o g w r i t t e n t o C : \ U s e r s \ b u i l d e r \ j e n k i n s \ w o r k s p a c e \ G e n e r i c - V M - U n i t - T e s t - D P D K \ d p d k \ b u i l d \ m e s o n - l o g s \ t e s t l o g . t x t
==== End log output ====
Ubuntu 20.04 ARM GCC Native
Kernel: 5.4.0-53-generic
Compiler: gcc 9.3
FreeBSD 13
Kernel: 13.0
Compiler: clang 11.0.1
Windows Server 2019
Kernel: 10.0
Compiler: clang 14.0 and gcc 8.1.0 (MinGW)
Ubuntu 20.04 ARM Clang Native
Kernel: 5.4.0-53-generic
Compiler: clang 10.0.0-4ubuntu1
CentOS Stream 8
Kernel: 4.18.0-240.10.1.el8_3.x86_64
Compiler: gcc 8.4.1 20200928
CentOS Stream 9
Kernel: 4.18.0-240.10.1.el8_3.x86_64
Compiler: gcc 11.3.1 20220421
openSUSE Leap 15
Kernel: 4.18.0-240.10.1.el8_3.x86_64
Compiler: gcc 7.5.0
Ubuntu 22.04
Kernel: Container Host Kernel
Compiler: gcc 11.3.1-2
Debian Buster
Kernel: 5.4.0-122-generic
Compiler: gcc 8.3.0-6
RHEL8
Kernel: 4.18.0-240.10.1.el8_3.x86_64
Compiler: gcc 8.3.1 20191121 (Red Hat 8.3.1-5)
Ubuntu 20.04
Kernel: 4.18.0-240.10.1.el8_3.x86_64
Compiler: gcc 9.3.0-17ubuntu1~20.04
RHEL 7
Kernel: 4.18.0-240.10.1.el8_3.x86_64
Compiler: gcc 4.8.5 20150623 (Red Hat 4.8.5-44)
To view detailed results, visit:
https://lab.dpdk.org/results/dashboard/patchsets/24675/
UNH-IOL DPDK Community Lab
To manage your email subscriptions, visit:
https://lab.dpdk.org/results/dashboard/preferences/subscriptions/
More information about the test-report
mailing list