|FAILURE| pw120774 [PATCH] cryptodev: add algo enums to string conversion APIs

dpdklab at iol.unh.edu dpdklab at iol.unh.edu
Tue Dec 13 07:46:18 CET 2022


Test-Label: iol-x86_64-unit-testing
Test-Status: FAILURE
http://dpdk.org/patch/120774

_Testing issues_

Submitter: Akhil Goyal <gakhil at marvell.com>
Date: Monday, December 12 2022 15:10:23 
DPDK git baseline: Repo:dpdk
  Branch: master
  CommitID:c581c49cd3fcaff596fbe566e270b442e6326c79

120774 --> testing fail

Test environment and result as below:

+---------------------+----------------+
|     Environment     | dpdk_unit_test |
+=====================+================+
| Windows Server 2019 | FAIL           |
+---------------------+----------------+
| Ubuntu 22.04        | PASS           |
+---------------------+----------------+
| Debian Bullseye     | PASS           |
+---------------------+----------------+
| RHEL 7              | PASS           |
+---------------------+----------------+
| Debian Buster       | PASS           |
+---------------------+----------------+
| CentOS Stream 8     | PASS           |
+---------------------+----------------+
| RHEL8               | PASS           |
+---------------------+----------------+
| CentOS Stream 9     | PASS           |
+---------------------+----------------+
| openSUSE Leap 15    | PASS           |
+---------------------+----------------+
| Ubuntu 20.04        | PASS           |
+---------------------+----------------+

==== 20 line log output for Windows Server 2019 (dpdk_unit_test): ====
                 i f   ( a l g o _ e n u m   <   R T E _ D I M ( c r y p t o _ c i p h e r _ a l g o r i t h m _ s t r i n g s ) ) 
 
                         ~ ~ ~ ~ ~ ~ ~ ~ ~   ^   ~ ~ ~ ~ ~ ~ ~ ~ ~ ~ ~ ~ ~ ~ ~ ~ ~ ~ ~ ~ ~ ~ ~ ~ ~ ~ ~ ~ ~ ~ ~ ~ ~ ~ ~ ~ ~ ~ ~ ~ 
 
 . . / l i b / c r y p t o d e v / r t e _ c r y p t o d e v . c : 4 3 6 : 1 6 :   e r r o r :   c o m p a r i s o n   o f   i n t e g e r s   o f   d i f f e r e n t   s i g n s :   ' e n u m   r t e _ c r y p t o _ a u t h _ a l g o r i t h m '   a n d   ' u n s i g n e d   l o n g   l o n g '   [ - W e r r o r , - W s i g n - c o m p a r e ] 
 
                 i f   ( a l g o _ e n u m   <   R T E _ D I M ( c r y p t o _ a u t h _ a l g o r i t h m _ s t r i n g s ) ) 
 
                         ~ ~ ~ ~ ~ ~ ~ ~ ~   ^   ~ ~ ~ ~ ~ ~ ~ ~ ~ ~ ~ ~ ~ ~ ~ ~ ~ ~ ~ ~ ~ ~ ~ ~ ~ ~ ~ ~ ~ ~ ~ ~ ~ ~ ~ ~ ~ ~ 
 
 . . / l i b / c r y p t o d e v / r t e _ c r y p t o d e v . c : 4 4 9 : 1 6 :   e r r o r :   c o m p a r i s o n   o f   i n t e g e r s   o f   d i f f e r e n t   s i g n s :   ' e n u m   r t e _ c r y p t o _ a e a d _ a l g o r i t h m '   a n d   ' u n s i g n e d   l o n g   l o n g '   [ - W e r r o r , - W s i g n - c o m p a r e ] 
 
                 i f   ( a l g o _ e n u m   <   R T E _ D I M ( c r y p t o _ a e a d _ a l g o r i t h m _ s t r i n g s ) ) 
 
                         ~ ~ ~ ~ ~ ~ ~ ~ ~   ^   ~ ~ ~ ~ ~ ~ ~ ~ ~ ~ ~ ~ ~ ~ ~ ~ ~ ~ ~ ~ ~ ~ ~ ~ ~ ~ ~ ~ ~ ~ ~ ~ ~ ~ ~ ~ ~ ~ 
 
 . . / l i b / c r y p t o d e v / r t e _ c r y p t o d e v . c : 4 6 2 : 1 7 :   e r r o r :   c o m p a r i s o n   o f   i n t e g e r s   o f   d i f f e r e n t   s i g n s :   ' e n u m   r t e _ c r y p t o _ a s y m _ x f o r m _ t y p e '   a n d   ' u n s i g n e d   l o n g   l o n g '   [ - W e r r o r , - W s i g n - c o m p a r e ] 
 
                 i f   ( x f o r m _ e n u m   <   R T E _ D I M ( c r y p t o _ a s y m _ x f o r m _ s t r i n g s ) ) 
 
                         ~ ~ ~ ~ ~ ~ ~ ~ ~ ~   ^   ~ ~ ~ ~ ~ ~ ~ ~ ~ ~ ~ ~ ~ ~ ~ ~ ~ ~ ~ ~ ~ ~ ~ ~ ~ ~ ~ ~ ~ ~ ~ ~ ~ ~ 
 
 4   e r r o r s   g e n e r a t e d . 
 
 [ 3 / 5 2 0 ]   C o m p i l i n g   C   o b j e c t   d r i v e r s / l i b t m p _ r t e _ c o m m o n _ i a v f . a . p / c o m m o n _ i a v f _ i a v f _ i m p l . c . o b j 
 
 [ 4 / 5 2 0 ]   C o m p i l i n g   C   o b j e c t   l i b / l i b r t e _ s e c u r i t y . a . p / s e c u r i t y _ r t e _ s e c u r i t y . c . o b j 
 
 [ 5 / 5 2 0 ]   C o m p i l i n g   C   o b j e c t   l i b / l i b r t e _ g s o . a . p / g s o _ g s o _ t u n n e l _ t c p 4 . c . o b j 
 
 [ 6 / 5 2 0 ]   C o m p i l i n g   C   o b j e c t   l i b / l i b r t e _ g s o . a . p / g s o _ g s o _ u d p 4 . c . o b j 
 
 [ 7 / 5 2 0 ]   C o m p i l i n g   C   o b j e c t   l i b / l i b r t e _ g s o . a . p / g s o _ g s o _ c o m m o n . c . o b j 
 
 n i n j a :   b u i l d   s t o p p e d :   s u b c o m m a n d   f a i l e d . 
 
 C o u l d   n o t   r e b u i l d   C : \ U s e r s \ b u i l d e r \ j e n k i n s \ w o r k s p a c e \ G e n e r i c - V M - U n i t - T e s t - D P D K \ d p d k \ b u i l d 
 
 
==== End log output ====

Windows Server 2019
	Kernel: 10.0
	Compiler: clang 14.0 and gcc 8.1.0 (MinGW)

Ubuntu 22.04
	Kernel: Container Host Kernel
	Compiler: clang 14.0.5-1.fc36

Debian Bullseye
	Kernel: 5.4.0-122-generic
	Compiler: gcc 10.2.1-6

RHEL 7
	Kernel: 4.18.0-240.10.1.el8_3.x86_64
	Compiler: gcc 4.8.5 20150623 (Red Hat 4.8.5-44)

Debian Buster
	Kernel: 5.4.0-122-generic
	Compiler: gcc 8.3.0-6

CentOS Stream 8
	Kernel: 4.18.0-240.10.1.el8_3.x86_64
	Compiler: gcc 8.4.1 20200928

RHEL8
	Kernel: 4.18.0-240.10.1.el8_3.x86_64
	Compiler: gcc 8.3.1 20191121 (Red Hat 8.3.1-5)

CentOS Stream 9
	Kernel: 4.18.0-240.10.1.el8_3.x86_64
	Compiler: gcc 11.3.1 20220421

openSUSE Leap 15
	Kernel: 4.18.0-240.10.1.el8_3.x86_64
	Compiler: gcc 7.5.0

Ubuntu 20.04
	Kernel: 4.18.0-240.10.1.el8_3.x86_64
	Compiler: gcc 9.3.0-17ubuntu1~20.04

To view detailed results, visit:
https://lab.dpdk.org/results/dashboard/patchsets/24706/

UNH-IOL DPDK Community Lab

To manage your email subscriptions, visit: 
https://lab.dpdk.org/results/dashboard/preferences/subscriptions/


More information about the test-report mailing list