|FAILURE| pw120831-120833 [PATCH] [v4, 4/4] eal: add PMU support to tracing library

dpdklab at iol.unh.edu dpdklab at iol.unh.edu
Tue Dec 13 13:46:37 CET 2022


Test-Label: iol-aarch64-unit-testing
Test-Status: FAILURE
http://dpdk.org/patch/120833

_Testing issues_

Submitter: Tomasz Duszynski <tduszynski at marvell.com>
Date: Tuesday, December 13 2022 10:43:50 
DPDK git baseline: Repo:dpdk
  Branch: master
  CommitID:c581c49cd3fcaff596fbe566e270b442e6326c79

120831-120833 --> testing fail

Test environment and result as below:

+-------------------------------+----------------+--------------+
|          Environment          | dpdk_unit_test | lpm_autotest |
+===============================+================+==============+
| Ubuntu 20.04 ARM Clang Native | FAIL           | SKIPPED      |
+-------------------------------+----------------+--------------+
| Ubuntu 20.04 ARM GCC Native   | FAIL           | SKIPPED      |
+-------------------------------+----------------+--------------+
| Ubuntu 20.04 ARM SVE          | SKIPPED        | PASS         |
+-------------------------------+----------------+--------------+

==== 20 line log output for Ubuntu 20.04 ARM GCC Native (dpdk_unit_test): ====

101/103 DPDK:fast-tests / vdev_autotest                  FAIL             0.45s   killed by signal 11 SIGSEGV
>>> MALLOC_PERTURB_=222 DPDK_TEST=vdev_autotest /home-local/jenkins-local/jenkins-agent/workspace/Generic-VM-Unit-Test-DPDK/dpdk/build/app/test/dpdk-test --file-prefix=vdev_autotest '-l 0-3'

102/103 DPDK:fast-tests / compressdev_autotest           FAIL             0.54s   killed by signal 11 SIGSEGV
>>> DPDK_TEST=compressdev_autotest MALLOC_PERTURB_=199 /home-local/jenkins-local/jenkins-agent/workspace/Generic-VM-Unit-Test-DPDK/dpdk/build/app/test/dpdk-test --file-prefix=compressdev_autotest '-l 0-3'

103/103 DPDK:fast-tests / telemetry_all                  FAIL            13.50s   (exit status 139 or signal 11 SIGSEGV)
>>> PATH=/usr/lib/aarch64-linux-gnu:/usr/local/sbin:/usr/local/bin:/usr/sbin:/usr/bin:/sbin:/bin:/snap/bin MALLOC_PERTURB_=194 /home-local/jenkins-local/jenkins-agent/workspace/Generic-VM-Unit-Test-DPDK/dpdk/app/test/test_telemetry.sh app/test/dpdk-test --no-huge -m 2048 --vdev=crypto_null0 --vdev=dma_skeleton0 --vdev=event_skeleton0 --vdev=net_null0 --vdev=rawdev_skeleton0 -a 0000:00:00.0 '-l 0-3'



Ok:                 0
Expected Fail:      0
Fail:               103
Unexpected Pass:    0
Skipped:            0
Timeout:            0

Full log written to /home-local/jenkins-local/jenkins-agent/workspace/Generic-VM-Unit-Test-DPDK/dpdk/build/meson-logs/testlog.txt
==== End log output ====

Ubuntu 20.04 ARM Clang Native
	Kernel: 5.4.0-53-generic
	Compiler: clang 10.0.0-4ubuntu1

Ubuntu 20.04 ARM GCC Native
	Kernel: 5.4.0-53-generic
	Compiler: gcc 9.3

Ubuntu 20.04 ARM SVE
	Kernel: 5.4.0-80-generic
	Compiler: gcc 10.3.0 (Ubuntu 10.3.0-1ubuntu1~20.04)

To view detailed results, visit:
https://lab.dpdk.org/results/dashboard/patchsets/24716/

UNH-IOL DPDK Community Lab

To manage your email subscriptions, visit: 
https://lab.dpdk.org/results/dashboard/preferences/subscriptions/


More information about the test-report mailing list