|FAILURE| pw121037 [PATCH] eventdev: add trace points

dpdklab at iol.unh.edu dpdklab at iol.unh.edu
Mon Dec 19 16:52:37 CET 2022


Test-Label: iol-aarch64-unit-testing
Test-Status: FAILURE
http://dpdk.org/patch/121037

_Testing issues_

Submitter: Amit Prakash Shukla <amitprakashs at marvell.com>
Date: Monday, December 19 2022 14:11:14 
DPDK git baseline: Repo:dpdk
  Branch: master
  CommitID:c581c49cd3fcaff596fbe566e270b442e6326c79

121037 --> testing fail

Test environment and result as below:

+-------------------------------+----------------+--------------+
|          Environment          | dpdk_unit_test | lpm_autotest |
+===============================+================+==============+
| Ubuntu 20.04 ARM GCC Native   | FAIL           | SKIPPED      |
+-------------------------------+----------------+--------------+
| Ubuntu 20.04 ARM Clang Native | FAIL           | SKIPPED      |
+-------------------------------+----------------+--------------+
| Ubuntu 20.04 ARM SVE          | SKIPPED        | PASS         |
+-------------------------------+----------------+--------------+

==== 20 line log output for Ubuntu 20.04 ARM Clang Native (dpdk_unit_test): ====
96/103 DPDK:fast-tests / ring_pmd_autotest              OK               0.14s
97/103 DPDK:fast-tests / event_eth_tx_adapter_autotest  FAIL             0.45s   killed by signal 11 SIGSEGV
>>> DPDK_TEST=event_eth_tx_adapter_autotest MALLOC_PERTURB_=44 /home-local/jenkins-local/jenkins-agent/workspace/Generic-VM-Unit-Test-DPDK/dpdk/build/app/test/dpdk-test --file-prefix=event_eth_tx_adapter_autotest '-l 0-3'

98/103 DPDK:fast-tests / bitratestats_autotest          OK               0.14s
99/103 DPDK:fast-tests / latencystats_autotest          OK               0.14s
100/103 DPDK:fast-tests / pdump_autotest                 OK               5.23s
101/103 DPDK:fast-tests / vdev_autotest                  OK               0.14s
102/103 DPDK:fast-tests / compressdev_autotest           SKIP             0.24s   exit status 77
103/103 DPDK:fast-tests / telemetry_all                  OK              13.21s


Ok:                 95
Expected Fail:      0
Fail:               2
Unexpected Pass:    0
Skipped:            6
Timeout:            0

Full log written to /home-local/jenkins-local/jenkins-agent/workspace/Generic-VM-Unit-Test-DPDK/dpdk/build/meson-logs/testlog.txt
==== End log output ====

Ubuntu 20.04 ARM GCC Native
	Kernel: 5.4.0-53-generic
	Compiler: gcc 9.3

Ubuntu 20.04 ARM Clang Native
	Kernel: 5.4.0-53-generic
	Compiler: clang 10.0.0-4ubuntu1

Ubuntu 20.04 ARM SVE
	Kernel: 5.4.0-80-generic
	Compiler: gcc 10.3.0 (Ubuntu 10.3.0-1ubuntu1~20.04)

To view detailed results, visit:
https://lab.dpdk.org/results/dashboard/patchsets/24770/

UNH-IOL DPDK Community Lab

To manage your email subscriptions, visit: 
https://lab.dpdk.org/results/dashboard/preferences/subscriptions/


More information about the test-report mailing list