|FAILURE| pw121045 [PATCH] app/dma-perf: introduce dma-perf application

dpdklab at iol.unh.edu dpdklab at iol.unh.edu
Tue Dec 20 04:09:19 CET 2022


Test-Label: iol-aarch64-unit-testing
Test-Status: FAILURE
http://dpdk.org/patch/121045

_Testing issues_

Submitter: Cheng Jiang <Cheng1.jiang at intel.com>
Date: Tuesday, December 20 2022 01:06:19 
DPDK git baseline: Repo:dpdk
  Branch: master
  CommitID:c581c49cd3fcaff596fbe566e270b442e6326c79

121045 --> testing fail

Test environment and result as below:

+-------------------------------+----------------+--------------+
|          Environment          | dpdk_unit_test | lpm_autotest |
+===============================+================+==============+
| Ubuntu 20.04 ARM Clang Native | FAIL           | SKIPPED      |
+-------------------------------+----------------+--------------+
| Ubuntu 20.04 ARM GCC Native   | FAIL           | SKIPPED      |
+-------------------------------+----------------+--------------+
| Ubuntu 20.04 ARM SVE          | SKIPPED        | PASS         |
+-------------------------------+----------------+--------------+

==== 20 line log output for Ubuntu 20.04 ARM GCC Native (dpdk_unit_test): ====
../app/test-dma-perf/benchmark.c:532:3: error: incompatible implicit declaration of built-in function ‘free’ [-Werror]
532 |   free(dsts);
|   ^~~~
../app/test-dma-perf/benchmark.c:532:3: note: include ‘<stdlib.h>’ or provide a declaration of ‘free’
cc1: all warnings being treated as errors
[2840/3125] Generating drivers/rte_net_ixgbe.sym_chk with a custom command (wrapped by meson to capture output)
[2841/3125] Generating drivers/rte_net_mlx5.sym_chk with a custom command (wrapped by meson to capture output)
[2842/3125] Generating drivers/rte_bus_dpaa.sym_chk with a custom command (wrapped by meson to capture output)
[2843/3125] Generating drivers/rte_bus_fslmc.sym_chk with a custom command (wrapped by meson to capture output)
[2844/3125] Generating lib/pipeline.sym_chk with a custom command (wrapped by meson to capture output)
[2845/3125] Generating drivers/rte_net_cnxk.sym_chk with a custom command (wrapped by meson to capture output)
[2846/3125] Generating drivers/rte_baseband_fpga_5gnr_fec.sym_chk with a custom command (wrapped by meson to capture output)
[2847/3125] Generating drivers/rte_baseband_fpga_lte_fec.sym_chk with a custom command (wrapped by meson to capture output)
[2848/3125] Generating drivers/rte_common_mlx5.sym_chk with a custom command (wrapped by meson to capture output)
[2849/3125] Generating lib/ethdev.sym_chk with a custom command (wrapped by meson to capture output)
[2850/3125] Generating drivers/rte_common_sfc_efx.sym_chk with a custom command (wrapped by meson to capture output)
[2851/3125] Generating lib/eal.sym_chk with a custom command (wrapped by meson to capture output)
[2852/3125] Generating drivers/rte_event_cnxk.pmd.c with a custom command
[2853/3125] Generating drivers/rte_common_cnxk.sym_chk with a custom command (wrapped by meson to capture output)
ninja: build stopped: subcommand failed.
==== End log output ====

Ubuntu 20.04 ARM Clang Native
	Kernel: 5.4.0-53-generic
	Compiler: clang 10.0.0-4ubuntu1

Ubuntu 20.04 ARM GCC Native
	Kernel: 5.4.0-53-generic
	Compiler: gcc 9.3

Ubuntu 20.04 ARM SVE
	Kernel: 5.4.0-80-generic
	Compiler: gcc 10.3.0 (Ubuntu 10.3.0-1ubuntu1~20.04)

To view detailed results, visit:
https://lab.dpdk.org/results/dashboard/patchsets/24775/

UNH-IOL DPDK Community Lab

To manage your email subscriptions, visit: 
https://lab.dpdk.org/results/dashboard/preferences/subscriptions/


More information about the test-report mailing list