|FAILURE| pw121042-121044 [PATCH] [3/3] vhost: add batch dequeue in async vhost packed ring
dpdklab at iol.unh.edu
dpdklab at iol.unh.edu
Tue Dec 20 04:41:24 CET 2022
Test-Label: iol-x86_64-unit-testing
Test-Status: FAILURE
http://dpdk.org/patch/121044
_Testing issues_
Submitter: Cheng Jiang <Cheng1.jiang at intel.com>
Date: Tuesday, December 20 2022 00:44:15
DPDK git baseline: Repo:dpdk
Branch: master
CommitID:c581c49cd3fcaff596fbe566e270b442e6326c79
121042-121044 --> testing fail
Test environment and result as below:
+---------------------+----------------+
| Environment | dpdk_unit_test |
+=====================+================+
| Windows Server 2019 | PASS |
+---------------------+----------------+
| Debian Bullseye | PASS |
+---------------------+----------------+
| Ubuntu 22.04 | PASS |
+---------------------+----------------+
| RHEL 7 | PASS |
+---------------------+----------------+
| CentOS Stream 8 | FAIL |
+---------------------+----------------+
| RHEL8 | PASS |
+---------------------+----------------+
| Debian Buster | PASS |
+---------------------+----------------+
| CentOS Stream 9 | PASS |
+---------------------+----------------+
| Ubuntu 20.04 | PASS |
+---------------------+----------------+
| openSUSE Leap 15 | PASS |
+---------------------+----------------+
==== 20 line log output for CentOS Stream 8 (dpdk_unit_test): ====
93/103 DPDK:fast-tests / telemetry_json_autotest OK 0.18 s
94/103 DPDK:fast-tests / telemetry_data_autotest OK 0.17 s
95/103 DPDK:fast-tests / table_autotest FAIL 1.01 s (exit status 255 or signal 127 SIGinvalid)
96/103 DPDK:fast-tests / ring_pmd_autotest OK 0.19 s
97/103 DPDK:fast-tests / event_eth_tx_adapter_autotest OK 0.87 s
98/103 DPDK:fast-tests / bitratestats_autotest OK 0.18 s
99/103 DPDK:fast-tests / latencystats_autotest OK 0.17 s
100/103 DPDK:fast-tests / pdump_autotest OK 5.24 s
101/103 DPDK:fast-tests / vdev_autotest OK 0.31 s
102/103 DPDK:fast-tests / compressdev_autotest SKIP 0.18 s
103/103 DPDK:fast-tests / telemetry_all SKIP 0.01 s
Ok: 93
Expected Fail: 0
Fail: 1
Unexpected Pass: 0
Skipped: 9
Timeout: 0
Full log written to /home-local/jenkins-local/jenkins-agent/workspace/Generic-Unit-Test-DPDK/dpdk/build/meson-logs/testlog.txt
==== End log output ====
Windows Server 2019
Kernel: 10.0
Compiler: clang 14.0 and gcc 8.1.0 (MinGW)
Debian Bullseye
Kernel: 5.4.0-122-generic
Compiler: gcc 10.2.1-6
Ubuntu 22.04
Kernel: Container Host Kernel
Compiler: clang 14.0.5-1.fc36
RHEL 7
Kernel: 4.18.0-240.10.1.el8_3.x86_64
Compiler: gcc 4.8.5 20150623 (Red Hat 4.8.5-44)
CentOS Stream 8
Kernel: 4.18.0-240.10.1.el8_3.x86_64
Compiler: gcc 8.4.1 20200928
RHEL8
Kernel: 4.18.0-240.10.1.el8_3.x86_64
Compiler: gcc 8.3.1 20191121 (Red Hat 8.3.1-5)
Debian Buster
Kernel: 5.4.0-122-generic
Compiler: gcc 8.3.0-6
CentOS Stream 9
Kernel: 4.18.0-240.10.1.el8_3.x86_64
Compiler: gcc 11.3.1 20220421
Ubuntu 20.04
Kernel: 4.18.0-240.10.1.el8_3.x86_64
Compiler: gcc 9.3.0-17ubuntu1~20.04
openSUSE Leap 15
Kernel: 4.18.0-240.10.1.el8_3.x86_64
Compiler: gcc 7.5.0
To view detailed results, visit:
https://lab.dpdk.org/results/dashboard/patchsets/24774/
UNH-IOL DPDK Community Lab
To manage your email subscriptions, visit:
https://lab.dpdk.org/results/dashboard/preferences/subscriptions/
More information about the test-report
mailing list