|FAILURE| [GIT MASTER] 9dae7a15aea76313c592c11db44e1386e85f86fe

dpdklab at iol.unh.edu dpdklab at iol.unh.edu
Tue Dec 20 07:40:44 CET 2022


_Testing issues_

Branch: tags/v22.11

9dae7a15aea76313c592c11db44e1386e85f86fe --> testing fail

Test environment and result as below:

+-------------------------------+--------------------+----------------------+----------------+
|          Environment          | dpdk_meson_compile | dpdk_mingw64_compile | dpdk_unit_test |
+===============================+====================+======================+================+
| FreeBSD 13                    | PASS               | SKIPPED              | SKIPPED        |
+-------------------------------+--------------------+----------------------+----------------+
| Windows Server 2019           | PASS               | PASS                 | PASS           |
+-------------------------------+--------------------+----------------------+----------------+
| Ubuntu 20.04 ARM GCC Native   | PASS               | SKIPPED              | PASS           |
+-------------------------------+--------------------+----------------------+----------------+
| Ubuntu 20.04 ARM Clang Native | PASS               | SKIPPED              | PASS           |
+-------------------------------+--------------------+----------------------+----------------+
| CentOS Stream 9               | PASS               | SKIPPED              | SKIPPED        |
+-------------------------------+--------------------+----------------------+----------------+
| CentOS Stream 8               | PASS               | SKIPPED              | SKIPPED        |
+-------------------------------+--------------------+----------------------+----------------+
| RHEL 7                        | SKIPPED            | SKIPPED              | PASS           |
+-------------------------------+--------------------+----------------------+----------------+
| openSUSE Leap 15              | SKIPPED            | SKIPPED              | FAIL           |
+-------------------------------+--------------------+----------------------+----------------+

==== 20 line log output for openSUSE Leap 15 (dpdk_unit_test): ====
93/103 DPDK:fast-tests / telemetry_json_autotest  OK       0.17 s
94/103 DPDK:fast-tests / telemetry_data_autotest  OK       0.17 s
95/103 DPDK:fast-tests / table_autotest        FAIL     1.35 s (exit status 255 or signal 127 SIGinvalid)
96/103 DPDK:fast-tests / ring_pmd_autotest     OK       0.24 s
97/103 DPDK:fast-tests / event_eth_tx_adapter_autotest  OK       0.94 s
98/103 DPDK:fast-tests / bitratestats_autotest  OK       0.17 s
99/103 DPDK:fast-tests / latencystats_autotest  OK       0.33 s
100/103 DPDK:fast-tests / pdump_autotest        OK       5.26 s
101/103 DPDK:fast-tests / vdev_autotest         OK       0.35 s
102/103 DPDK:fast-tests / compressdev_autotest  SKIP     0.17 s
103/103 DPDK:fast-tests / telemetry_all         SKIP     0.01 s

Ok:                   92
Expected Fail:         0
Fail:                  1
Unexpected Pass:       0
Skipped:              10
Timeout:               0

Full log written to /home-local/jenkins-local/jenkins-agent/workspace/Generic-Unit-Test-DPDK at 2/dpdk/build/meson-logs/testlog.txt
==== End log output ====

FreeBSD 13
	Kernel: 13.0
	Compiler: clang 11.0.1

Windows Server 2019
	Kernel: 10.0
	Compiler: clang 14.0 and gcc 8.1.0 (MinGW)

Ubuntu 20.04 ARM GCC Native
	Kernel: 5.4.0-53-generic
	Compiler: gcc 9.3

Ubuntu 20.04 ARM Clang Native
	Kernel: 5.4.0-53-generic
	Compiler: clang 10.0.0-4ubuntu1

CentOS Stream 9
	Kernel: 4.18.0-240.10.1.el8_3.x86_64
	Compiler: gcc 11.3.1 20220421

CentOS Stream 8
	Kernel: 4.18.0-240.10.1.el8_3.x86_64
	Compiler: gcc 8.4.1 20200928

RHEL 7
	Kernel: 4.18.0-240.10.1.el8_3.x86_64
	Compiler: gcc 4.8.5 20150623 (Red Hat 4.8.5-44)

openSUSE Leap 15
	Kernel: 4.18.0-240.10.1.el8_3.x86_64
	Compiler: gcc 7.5.0

To view detailed results, visit:
https://lab.dpdk.org/results/dashboard/tarballs/22680/

UNH-IOL DPDK Community Lab

To manage your email subscriptions, visit: 
https://lab.dpdk.org/results/dashboard/preferences/subscriptions/


More information about the test-report mailing list