|FAILURE| [GIT MASTER] e1d728588dc73af9ed60cc0074d51a7f24b2ba60
dpdklab at iol.unh.edu
dpdklab at iol.unh.edu
Tue Dec 20 16:58:20 CET 2022
_Testing issues_
Branch: 21.11-staging
e1d728588dc73af9ed60cc0074d51a7f24b2ba60 --> testing fail
Test environment and result as below:
+------------------------------------+--------------------+----------------------+----------------+
| Environment | dpdk_meson_compile | dpdk_mingw64_compile | dpdk_unit_test |
+====================================+====================+======================+================+
| Windows Server 2019 | PASS | PASS | PASS |
+------------------------------------+--------------------+----------------------+----------------+
| FreeBSD 13 | PASS | SKIPPED | SKIPPED |
+------------------------------------+--------------------+----------------------+----------------+
| Ubuntu 20.04 ARM GCC Native | PASS | SKIPPED | PASS |
+------------------------------------+--------------------+----------------------+----------------+
| CentOS Stream 8 | PASS | SKIPPED | PASS |
+------------------------------------+--------------------+----------------------+----------------+
| Debian Bullseye | PASS | SKIPPED | SKIPPED |
+------------------------------------+--------------------+----------------------+----------------+
| Ubuntu 22.04 | PASS | SKIPPED | PASS |
+------------------------------------+--------------------+----------------------+----------------+
| Debian Buster | PASS | SKIPPED | FAIL |
+------------------------------------+--------------------+----------------------+----------------+
| RHEL8 | PASS | SKIPPED | SKIPPED |
+------------------------------------+--------------------+----------------------+----------------+
| Ubuntu 20.04 ARM Clang Native | PASS | SKIPPED | PASS |
+------------------------------------+--------------------+----------------------+----------------+
| openSUSE Leap 15 | PASS | SKIPPED | SKIPPED |
+------------------------------------+--------------------+----------------------+----------------+
| RHEL 7 | PASS | SKIPPED | SKIPPED |
+------------------------------------+--------------------+----------------------+----------------+
| Ubuntu 20.04 | PASS | SKIPPED | SKIPPED |
+------------------------------------+--------------------+----------------------+----------------+
| CentOS Stream 9 | PASS | SKIPPED | PASS |
+------------------------------------+--------------------+----------------------+----------------+
| Ubuntu 20.04 ARM GCC Cross Compile | PASS | SKIPPED | SKIPPED |
+------------------------------------+--------------------+----------------------+----------------+
| Ubuntu 20.04 ARM SVE | PASS | SKIPPED | SKIPPED |
+------------------------------------+--------------------+----------------------+----------------+
==== 20 line log output for Debian Buster (dpdk_unit_test): ====
89/99 DPDK:fast-tests / trace_autotest OK 0.36 s
90/99 DPDK:fast-tests / metrics_autotest OK 0.18 s
91/99 DPDK:fast-tests / telemetry_json_autotest OK 0.27 s
92/99 DPDK:fast-tests / telemetry_data_autotest OK 0.34 s
93/99 DPDK:fast-tests / ring_pmd_autotest OK 0.19 s
94/99 DPDK:fast-tests / event_eth_tx_adapter_autotest FAIL 0.71 s (killed by signal 6 SIGABRT)
95/99 DPDK:fast-tests / bitratestats_autotest OK 0.17 s
96/99 DPDK:fast-tests / latencystats_autotest OK 0.29 s
97/99 DPDK:fast-tests / pdump_autotest OK 5.51 s
98/99 DPDK:fast-tests / vdev_autotest OK 0.35 s
99/99 DPDK:fast-tests / compressdev_autotest SKIP 0.40 s
Ok: 82
Expected Fail: 0
Fail: 11
Unexpected Pass: 0
Skipped: 6
Timeout: 0
Full log written to /home-local/jenkins-local/jenkins-agent/workspace/Generic-Unit-Test-DPDK/dpdk/build/meson-logs/testlog.txt
==== End log output ====
Windows Server 2019
Kernel: 10.0
Compiler: clang 14.0 and gcc 8.1.0 (MinGW)
FreeBSD 13
Kernel: 13.0
Compiler: clang 11.0.1
Ubuntu 20.04 ARM GCC Native
Kernel: 5.4.0-53-generic
Compiler: gcc 9.3
CentOS Stream 8
Kernel: 4.18.0-240.10.1.el8_3.x86_64
Compiler: gcc 8.4.1 20200928
Debian Bullseye
Kernel: 5.4.0-122-generic
Compiler: gcc 10.2.1-6
Ubuntu 22.04
Kernel: Container Host Kernel
Compiler: gcc 11.3.1-2
Debian Buster
Kernel: 5.4.0-122-generic
Compiler: gcc 8.3.0-6
RHEL8
Kernel: 4.18.0-240.10.1.el8_3.x86_64
Compiler: gcc 8.3.1 20191121 (Red Hat 8.3.1-5)
Ubuntu 20.04 ARM Clang Native
Kernel: 5.4.0-53-generic
Compiler: clang 10.0.0-4ubuntu1
openSUSE Leap 15
Kernel: 4.18.0-240.10.1.el8_3.x86_64
Compiler: gcc 7.5.0
RHEL 7
Kernel: 4.18.0-240.10.1.el8_3.x86_64
Compiler: gcc 4.8.5 20150623 (Red Hat 4.8.5-44)
Ubuntu 20.04
Kernel: 4.18.0-240.10.1.el8_3.x86_64
Compiler: gcc 9.3.0-17ubuntu1~20.04
CentOS Stream 9
Kernel: 4.18.0-240.10.1.el8_3.x86_64
Compiler: gcc 11.3.1 20220421
Ubuntu 20.04 ARM GCC Cross Compile
Kernel: 5.4.0-72-generic
Compiler: aarch64-linux-gnu-gcc (Ubuntu 9.3.0-17ubuntu1~20.04) 9.3.0
Ubuntu 20.04 ARM SVE
Kernel: 5.4.0-80-generic
Compiler: gcc 10.3.0 (Ubuntu 10.3.0-1ubuntu1~20.04)
To view detailed results, visit:
https://lab.dpdk.org/results/dashboard/tarballs/22687/
UNH-IOL DPDK Community Lab
To manage your email subscriptions, visit:
https://lab.dpdk.org/results/dashboard/preferences/subscriptions/
More information about the test-report
mailing list