|FAILURE| pw121138-121139 [PATCH] [v4, 2/2] app/testpmd: add command to process Rx metadata negotiation
dpdklab at iol.unh.edu
dpdklab at iol.unh.edu
Tue Dec 20 23:30:36 CET 2022
Test-Label: iol-x86_64-unit-testing
Test-Status: FAILURE
http://dpdk.org/patch/121139
_Testing issues_
Submitter: Hanumanth Pothula <hpothula at marvell.com>
Date: Tuesday, December 20 2022 20:02:50
DPDK git baseline: Repo:dpdk
Branch: master
CommitID:c581c49cd3fcaff596fbe566e270b442e6326c79
121138-121139 --> testing fail
Test environment and result as below:
+---------------------+----------------+
| Environment | dpdk_unit_test |
+=====================+================+
| Windows Server 2019 | PASS |
+---------------------+----------------+
| RHEL 7 | PASS |
+---------------------+----------------+
| Ubuntu 22.04 | FAIL |
+---------------------+----------------+
| Debian Bullseye | PASS |
+---------------------+----------------+
| Ubuntu 20.04 | PASS |
+---------------------+----------------+
| CentOS Stream 8 | FAIL |
+---------------------+----------------+
| openSUSE Leap 15 | PASS |
+---------------------+----------------+
| Debian Buster | PASS |
+---------------------+----------------+
| CentOS Stream 9 | FAIL |
+---------------------+----------------+
| RHEL8 | PASS |
+---------------------+----------------+
==== 20 line log output for CentOS Stream 9 (dpdk_unit_test): ====
93/103 DPDK:fast-tests / telemetry_json_autotest OK 0.17 s
94/103 DPDK:fast-tests / telemetry_data_autotest OK 0.17 s
95/103 DPDK:fast-tests / table_autotest FAIL 0.38 s (killed by signal 6 SIGABRT)
96/103 DPDK:fast-tests / ring_pmd_autotest OK 0.17 s
97/103 DPDK:fast-tests / event_eth_tx_adapter_autotest FAIL 0.32 s (killed by signal 6 SIGABRT)
98/103 DPDK:fast-tests / bitratestats_autotest OK 0.17 s
99/103 DPDK:fast-tests / latencystats_autotest OK 0.17 s
100/103 DPDK:fast-tests / pdump_autotest OK 5.27 s
101/103 DPDK:fast-tests / vdev_autotest OK 0.17 s
102/103 DPDK:fast-tests / compressdev_autotest SKIP 0.17 s
103/103 DPDK:fast-tests / telemetry_all SKIP 0.01 s
Ok: 82
Expected Fail: 0
Fail: 12
Unexpected Pass: 0
Skipped: 9
Timeout: 0
Full log written to /home-local/jenkins-local/jenkins-agent/workspace/Generic-Unit-Test-DPDK at 2/dpdk/build/meson-logs/testlog.txt
==== End log output ====
Windows Server 2019
Kernel: 10.0
Compiler: clang 14.0 and gcc 8.1.0 (MinGW)
RHEL 7
Kernel: 4.18.0-240.10.1.el8_3.x86_64
Compiler: gcc 4.8.5 20150623 (Red Hat 4.8.5-44)
Ubuntu 22.04
Kernel: Container Host Kernel
Compiler: gcc 11.3.1-2
Debian Bullseye
Kernel: 5.4.0-122-generic
Compiler: gcc 10.2.1-6
Ubuntu 20.04
Kernel: 4.18.0-240.10.1.el8_3.x86_64
Compiler: gcc 9.3.0-17ubuntu1~20.04
CentOS Stream 8
Kernel: 4.18.0-240.10.1.el8_3.x86_64
Compiler: gcc 8.4.1 20200928
openSUSE Leap 15
Kernel: 4.18.0-240.10.1.el8_3.x86_64
Compiler: gcc 7.5.0
Debian Buster
Kernel: 5.4.0-122-generic
Compiler: gcc 8.3.0-6
CentOS Stream 9
Kernel: 4.18.0-240.10.1.el8_3.x86_64
Compiler: gcc 11.3.1 20220421
RHEL8
Kernel: 4.18.0-240.10.1.el8_3.x86_64
Compiler: gcc 8.3.1 20191121 (Red Hat 8.3.1-5)
To view detailed results, visit:
https://lab.dpdk.org/results/dashboard/patchsets/24787/
UNH-IOL DPDK Community Lab
To manage your email subscriptions, visit:
https://lab.dpdk.org/results/dashboard/preferences/subscriptions/
More information about the test-report
mailing list