|FAILURE| pw121142-121143 [PATCH] [v1, 2/2] net/axgbe: move offloads to Rx/Tx queue setup

dpdklab at iol.unh.edu dpdklab at iol.unh.edu
Wed Dec 21 06:08:53 CET 2022


Test-Label: iol-testing
Test-Status: FAILURE
http://dpdk.org/patch/121143

_Testing issues_

Submitter: Jesna K E <jesna.k.e at amd.com>
Date: Wednesday, December 21 2022 02:35:35 
DPDK git baseline: Repo:dpdk
  Branch: master
  CommitID:c581c49cd3fcaff596fbe566e270b442e6326c79

121142-121143 --> testing fail

Test environment and result as below:

+------------------------------------+--------------------+----------------------+----------------+
|            Environment             | dpdk_meson_compile | dpdk_mingw64_compile | dpdk_unit_test |
+====================================+====================+======================+================+
| FreeBSD 13                         | PASS               | SKIPPED              | SKIPPED        |
+------------------------------------+--------------------+----------------------+----------------+
| Windows Server 2019                | PASS               | PASS                 | PASS           |
+------------------------------------+--------------------+----------------------+----------------+
| Ubuntu 20.04 ARM GCC Native        | FAIL               | SKIPPED              | FAIL           |
+------------------------------------+--------------------+----------------------+----------------+
| Ubuntu 20.04 ARM Clang Native      | FAIL               | SKIPPED              | FAIL           |
+------------------------------------+--------------------+----------------------+----------------+
| CentOS Stream 8                    | PASS               | SKIPPED              | PASS           |
+------------------------------------+--------------------+----------------------+----------------+
| CentOS Stream 9                    | PASS               | SKIPPED              | PASS           |
+------------------------------------+--------------------+----------------------+----------------+
| Ubuntu 20.04 ARM GCC Cross Compile | FAIL               | SKIPPED              | SKIPPED        |
+------------------------------------+--------------------+----------------------+----------------+
| Debian Buster                      | PASS               | SKIPPED              | FAIL           |
+------------------------------------+--------------------+----------------------+----------------+
| RHEL 7                             | SKIPPED            | SKIPPED              | FAIL           |
+------------------------------------+--------------------+----------------------+----------------+
| Ubuntu 22.04                       | SKIPPED            | SKIPPED              | PASS           |
+------------------------------------+--------------------+----------------------+----------------+
| Debian Bullseye                    | SKIPPED            | SKIPPED              | PASS           |
+------------------------------------+--------------------+----------------------+----------------+

==== 20 line log output for RHEL 7 (dpdk_unit_test): ====
93/103 DPDK:fast-tests / telemetry_json_autotest  OK       0.18 s
94/103 DPDK:fast-tests / telemetry_data_autotest  OK       0.17 s
95/103 DPDK:fast-tests / table_autotest        FAIL     0.53 s (killed by signal 6 SIGABRT)
96/103 DPDK:fast-tests / ring_pmd_autotest     OK       0.22 s
97/103 DPDK:fast-tests / event_eth_tx_adapter_autotest  FAIL     0.33 s (killed by signal 6 SIGABRT)
98/103 DPDK:fast-tests / bitratestats_autotest  OK       0.26 s
99/103 DPDK:fast-tests / latencystats_autotest  OK       0.14 s
100/103 DPDK:fast-tests / pdump_autotest        OK       5.52 s
101/103 DPDK:fast-tests / vdev_autotest         OK       0.14 s
102/103 DPDK:fast-tests / compressdev_autotest  SKIP     0.38 s
103/103 DPDK:fast-tests / telemetry_all         SKIP     0.01 s

Ok:                   82
Expected Fail:         0
Fail:                 12
Unexpected Pass:       0
Skipped:               9
Timeout:               0

Full log written to /home-local/jenkins-local/jenkins-agent/workspace/Generic-Unit-Test-DPDK at 3/dpdk/build/meson-logs/testlog.txt
==== End log output ====

FreeBSD 13
	Kernel: 13.0
	Compiler: clang 11.0.1

Windows Server 2019
	Kernel: 10.0
	Compiler: clang 14.0 and gcc 8.1.0 (MinGW)

Ubuntu 20.04 ARM GCC Native
	Kernel: 5.4.0-53-generic
	Compiler: gcc 9.3

Ubuntu 20.04 ARM Clang Native
	Kernel: 5.4.0-53-generic
	Compiler: clang 10.0.0-4ubuntu1

CentOS Stream 8
	Kernel: 4.18.0-240.10.1.el8_3.x86_64
	Compiler: gcc 8.4.1 20200928

CentOS Stream 9
	Kernel: 4.18.0-240.10.1.el8_3.x86_64
	Compiler: gcc 11.3.1 20220421

Ubuntu 20.04 ARM GCC Cross Compile
	Kernel: 5.4.0-72-generic
	Compiler: aarch64-linux-gnu-gcc (Ubuntu 9.3.0-17ubuntu1~20.04) 9.3.0

Debian Buster
	Kernel: 5.4.0-122-generic
	Compiler: gcc 8.3.0-6

RHEL 7
	Kernel: 4.18.0-240.10.1.el8_3.x86_64
	Compiler: gcc 4.8.5 20150623 (Red Hat 4.8.5-44)

Ubuntu 22.04
	Kernel: Container Host Kernel
	Compiler: gcc 11.3.1-2

Debian Bullseye
	Kernel: 5.4.0-122-generic
	Compiler: gcc 10.2.1-6

To view detailed results, visit:
https://lab.dpdk.org/results/dashboard/patchsets/24789/

UNH-IOL DPDK Community Lab

To manage your email subscriptions, visit: 
https://lab.dpdk.org/results/dashboard/preferences/subscriptions/


More information about the test-report mailing list