|FAILURE| pw121229-121230 [PATCH] [4/4] crypto/cnxk: add error interrupt event query handler
dpdklab at iol.unh.edu
dpdklab at iol.unh.edu
Wed Dec 21 15:49:50 CET 2022
Test-Label: iol-aarch64-unit-testing
Test-Status: FAILURE
http://dpdk.org/patch/121230
_Testing issues_
Submitter: Srujana Challa <schalla at marvell.com>
Date: Wednesday, December 21 2022 10:50:07
DPDK git baseline: Repo:dpdk
Branch: master
CommitID:c581c49cd3fcaff596fbe566e270b442e6326c79
121229-121230 --> testing fail
Test environment and result as below:
+-------------------------------+----------------+--------------+
| Environment | dpdk_unit_test | lpm_autotest |
+===============================+================+==============+
| Ubuntu 20.04 ARM Clang Native | FAIL | SKIPPED |
+-------------------------------+----------------+--------------+
| Ubuntu 20.04 ARM GCC Native | FAIL | SKIPPED |
+-------------------------------+----------------+--------------+
| Ubuntu 20.04 ARM SVE | SKIPPED | PASS |
+-------------------------------+----------------+--------------+
==== 20 line log output for Ubuntu 20.04 ARM GCC Native (dpdk_unit_test): ====
[566/3122] Compiling C object drivers/libtmp_rte_common_cnxk.a.p/common_cnxk_cnxk_telemetry_npa.c.o
[567/3122] Compiling C object drivers/libtmp_rte_common_cnxk.a.p/common_cnxk_roc_tim.c.o
[568/3122] Compiling C object drivers/libtmp_rte_common_cnxk.a.p/common_cnxk_roc_ree.c.o
[569/3122] Compiling C object drivers/libtmp_rte_common_cnxk.a.p/common_cnxk_roc_sso.c.o
[570/3122] Compiling C object drivers/libtmp_rte_common_cnxk.a.p/common_cnxk_roc_nix_tm_ops.c.o
[571/3122] Compiling C object drivers/libtmp_rte_common_cnxk.a.p/common_cnxk_roc_nix_tm_utils.c.o
[572/3122] Compiling C object drivers/libtmp_rte_common_cnxk.a.p/common_cnxk_roc_npc.c.o
[573/3122] Compiling C object drivers/libtmp_rte_common_cnxk.a.p/common_cnxk_cnxk_telemetry_nix.c.o
[574/3122] Compiling C object lib/librte_cryptodev.a.p/cryptodev_rte_cryptodev.c.o
[575/3122] Compiling C object drivers/libtmp_rte_common_cnxk.a.p/common_cnxk_cnxk_security.c.o
[576/3122] Compiling C object drivers/libtmp_rte_common_cnxk.a.p/common_cnxk_roc_nix_debug.c.o
[577/3122] Compiling C object drivers/libtmp_rte_common_cnxk.a.p/common_cnxk_roc_npc_mcam.c.o
[578/3122] Compiling C object drivers/libtmp_rte_common_cnxk.a.p/common_cnxk_roc_nix_tm.c.o
[579/3122] Generating drivers/rte_bus_dpaa.sym_chk with a custom command (wrapped by meson to capture output)
[580/3122] Generating drivers/rte_bus_fslmc.sym_chk with a custom command (wrapped by meson to capture output)
[581/3122] Compiling C object lib/librte_pipeline.a.p/pipeline_rte_table_action.c.o
[582/3122] Generating lib/ethdev.sym_chk with a custom command (wrapped by meson to capture output)
[583/3122] Compiling C object lib/librte_vhost.a.p/vhost_vhost_crypto.c.o
[584/3122] Generating lib/eal.sym_chk with a custom command (wrapped by meson to capture output)
ninja: build stopped: subcommand failed.
==== End log output ====
Ubuntu 20.04 ARM Clang Native
Kernel: 5.4.0-53-generic
Compiler: clang 10.0.0-4ubuntu1
Ubuntu 20.04 ARM GCC Native
Kernel: 5.4.0-53-generic
Compiler: gcc 9.3
Ubuntu 20.04 ARM SVE
Kernel: 5.4.0-80-generic
Compiler: gcc 10.3.0 (Ubuntu 10.3.0-1ubuntu1~20.04)
To view detailed results, visit:
https://lab.dpdk.org/results/dashboard/patchsets/24805/
UNH-IOL DPDK Community Lab
To manage your email subscriptions, visit:
https://lab.dpdk.org/results/dashboard/preferences/subscriptions/
More information about the test-report
mailing list