|FAILURE| pw121268-121273 [PATCH] [v4, 6/6] ethdev: add trace points for tm
dpdklab at iol.unh.edu
dpdklab at iol.unh.edu
Thu Dec 22 09:59:49 CET 2022
Test-Label: iol-testing
Test-Status: FAILURE
http://dpdk.org/patch/121273
_Testing issues_
Submitter: Ankur Dwivedi <adwivedi at marvell.com>
Date: Thursday, December 22 2022 06:33:05
DPDK git baseline: Repo:dpdk
Branch: master
CommitID:373f4c7de8ff350548cacc3d56e788461677f2c7
121268-121273 --> testing fail
Test environment and result as below:
+-------------------------------+----------------+--------------------+----------------------+
| Environment | dpdk_unit_test | dpdk_meson_compile | dpdk_mingw64_compile |
+===============================+================+====================+======================+
| Windows Server 2019 | FAIL | FAIL | FAIL |
+-------------------------------+----------------+--------------------+----------------------+
| Ubuntu 20.04 ARM GCC Native | PASS | SKIPPED | SKIPPED |
+-------------------------------+----------------+--------------------+----------------------+
| Ubuntu 20.04 ARM Clang Native | PASS | SKIPPED | SKIPPED |
+-------------------------------+----------------+--------------------+----------------------+
| Debian Buster | PASS | SKIPPED | SKIPPED |
+-------------------------------+----------------+--------------------+----------------------+
| CentOS Stream 8 | PASS | SKIPPED | SKIPPED |
+-------------------------------+----------------+--------------------+----------------------+
| openSUSE Leap 15 | PASS | SKIPPED | SKIPPED |
+-------------------------------+----------------+--------------------+----------------------+
| CentOS Stream 9 | PASS | SKIPPED | SKIPPED |
+-------------------------------+----------------+--------------------+----------------------+
| Debian Bullseye | PASS | SKIPPED | SKIPPED |
+-------------------------------+----------------+--------------------+----------------------+
| Ubuntu 22.04 | PASS | SKIPPED | SKIPPED |
+-------------------------------+----------------+--------------------+----------------------+
| RHEL 7 | PASS | SKIPPED | SKIPPED |
+-------------------------------+----------------+--------------------+----------------------+
| RHEL8 | PASS | SKIPPED | SKIPPED |
+-------------------------------+----------------+--------------------+----------------------+
| Ubuntu 20.04 | FAIL | SKIPPED | SKIPPED |
+-------------------------------+----------------+--------------------+----------------------+
| FreeBSD 13 | SKIPPED | PASS | SKIPPED |
+-------------------------------+----------------+--------------------+----------------------+
==== 20 line log output for Ubuntu 20.04 (dpdk_unit_test): ====
93/103 DPDK:fast-tests / telemetry_json_autotest OK 0.62 s
94/103 DPDK:fast-tests / telemetry_data_autotest OK 0.17 s
95/103 DPDK:fast-tests / table_autotest OK 11.45 s
96/103 DPDK:fast-tests / ring_pmd_autotest OK 0.36 s
97/103 DPDK:fast-tests / event_eth_tx_adapter_autotest OK 0.85 s
98/103 DPDK:fast-tests / bitratestats_autotest OK 0.17 s
99/103 DPDK:fast-tests / latencystats_autotest OK 0.17 s
100/103 DPDK:fast-tests / pdump_autotest OK 5.46 s
101/103 DPDK:fast-tests / vdev_autotest OK 0.29 s
102/103 DPDK:fast-tests / compressdev_autotest SKIP 0.17 s
103/103 DPDK:fast-tests / telemetry_all OK 18.26 s
Ok: 94
Expected Fail: 0
Fail: 1
Unexpected Pass: 0
Skipped: 8
Timeout: 0
Full log written to /home-local/jenkins-local/jenkins-agent/workspace/Generic-Unit-Test-DPDK at 3/dpdk/build/meson-logs/testlog.txt
==== End log output ====
Windows Server 2019
Kernel: 10.0
Compiler: clang 14.0 and gcc 8.1.0 (MinGW)
Ubuntu 20.04 ARM GCC Native
Kernel: 5.4.0-53-generic
Compiler: gcc 9.3
Ubuntu 20.04 ARM Clang Native
Kernel: 5.4.0-53-generic
Compiler: clang 10.0.0-4ubuntu1
Debian Buster
Kernel: 5.4.0-122-generic
Compiler: gcc 8.3.0-6
CentOS Stream 8
Kernel: 4.18.0-240.10.1.el8_3.x86_64
Compiler: gcc 8.4.1 20200928
openSUSE Leap 15
Kernel: 4.18.0-240.10.1.el8_3.x86_64
Compiler: gcc 7.5.0
CentOS Stream 9
Kernel: 4.18.0-240.10.1.el8_3.x86_64
Compiler: gcc 11.3.1 20220421
Debian Bullseye
Kernel: 5.4.0-122-generic
Compiler: gcc 10.2.1-6
Ubuntu 22.04
Kernel: Container Host Kernel
Compiler: gcc 11.3.1-2
RHEL 7
Kernel: 4.18.0-240.10.1.el8_3.x86_64
Compiler: gcc 4.8.5 20150623 (Red Hat 4.8.5-44)
RHEL8
Kernel: 4.18.0-240.10.1.el8_3.x86_64
Compiler: gcc 8.3.1 20191121 (Red Hat 8.3.1-5)
Ubuntu 20.04
Kernel: 4.18.0-240.10.1.el8_3.x86_64
Compiler: gcc 9.3.0-17ubuntu1~20.04
FreeBSD 13
Kernel: 13.0
Compiler: clang 11.0.1
To view detailed results, visit:
https://lab.dpdk.org/results/dashboard/patchsets/24813/
UNH-IOL DPDK Community Lab
To manage your email subscriptions, visit:
https://lab.dpdk.org/results/dashboard/preferences/subscriptions/
More information about the test-report
mailing list