|FAILURE| pw121357 [PATCH] [1/1] common/cnxk: add mbox locking
dpdklab at iol.unh.edu
dpdklab at iol.unh.edu
Fri Dec 23 13:17:11 CET 2022
Test-Label: iol-x86_64-compile-testing
Test-Status: FAILURE
http://dpdk.org/patch/121357
_Testing issues_
Submitter: Rakesh Kudurumalla <rkudurumalla at marvell.com>
Date: Friday, December 23 2022 11:26:32
DPDK git baseline: Repo:dpdk
Branch: master
CommitID:373f4c7de8ff350548cacc3d56e788461677f2c7
121357 --> testing fail
Test environment and result as below:
+------------------+--------------------+
| Environment | dpdk_meson_compile |
+==================+====================+
| FreeBSD 13 | PASS |
+------------------+--------------------+
| Debian Bullseye | FAIL |
+------------------+--------------------+
| CentOS Stream 8 | FAIL |
+------------------+--------------------+
| RHEL 7 | FAIL |
+------------------+--------------------+
| openSUSE Leap 15 | FAIL |
+------------------+--------------------+
| Debian Buster | FAIL |
+------------------+--------------------+
| Ubuntu 22.04 | PASS |
+------------------+--------------------+
| CentOS Stream 9 | FAIL |
+------------------+--------------------+
| RHEL8 | FAIL |
+------------------+--------------------+
| Ubuntu 20.04 | FAIL |
+------------------+--------------------+
==== 20 line log output for Ubuntu 20.04 (dpdk_meson_compile): ====
[689/3154] Compiling C object 'drivers/a715181@@tmp_rte_common_cnxk at sta/common_cnxk_roc_nix_tm_utils.c.o'.
[690/3154] Compiling C object 'drivers/a715181@@tmp_rte_common_cnxk at sta/common_cnxk_roc_nix_tm.c.o'.
[691/3154] Compiling C object 'drivers/a715181@@tmp_rte_common_cnxk at sta/common_cnxk_roc_nix_tm_mark.c.o'.
[692/3154] Compiling C object 'drivers/a715181@@tmp_rte_common_cnxk at sta/common_cnxk_roc_nix_stats.c.o'.
[693/3154] Compiling C object 'drivers/a715181@@tmp_rte_common_cnxk at sta/common_cnxk_roc_npa_irq.c.o'.
[694/3154] Compiling C object 'drivers/a715181@@tmp_rte_common_cnxk at sta/common_cnxk_roc_npa_type.c.o'.
[695/3154] Compiling C object 'drivers/a715181@@tmp_rte_common_cnxk at sta/common_cnxk_roc_npa.c.o'.
FAILED: drivers/a715181@@tmp_rte_common_cnxk at sta/common_cnxk_roc_npa.c.o
ccache cc -Idrivers/a715181@@tmp_rte_common_cnxk at sta -Idrivers -I../drivers -Idrivers/common/cnxk -I../drivers/common/cnxk -Idrivers/common/cnxk/../../bus/pci -I../drivers/common/cnxk/../../bus/pci -Idrivers/common/cnxk/../../../lib/net -I../drivers/common/cnxk/../../../lib/net -Idrivers/common/cnxk/../../../lib/ethdev -I../drivers/common/cnxk/../../../lib/ethdev -Idrivers/common/cnxk/../../../lib/meter -I../drivers/common/cnxk/../../../lib/meter -I. -I../ -Iconfig -I../config -Ilib/eal/include -I../lib/eal/include -Ilib/eal/linux/include -I../lib/eal/linux/include -Ilib/eal/x86/include -I../lib/eal/x86/include -Ilib/eal/common -I../lib/eal/common -Ilib/eal -I../lib/eal -Ilib/kvargs -I../lib/kvargs -Ilib/telemetry/../metrics -I../lib/telemetry/../metrics -Ilib/telemetry -I../lib/telemetry -Ilib/pci -I../lib/pci -Idrivers/bus/pci -I../drivers/bus/pci -I../drivers/bus/pci/linux -Ilib/mbuf -I../lib/mbuf -Ilib/mempool -I../lib/mempool -Ilib/ring -I../lib/ring -Ilib/security -I../lib/security -Ilib/cryptodev -I../lib/cryptodev -Ilib/rcu -I../lib/rcu -Ilib/net -I../lib/net -fdiagnostics-color=always -pipe -D_FILE_OFFSET_BITS=64 -Wall -Winvalid-pch -Wextra -Werror -O3 -include rte_config.h -Wcast-qual -Wdeprecated -Wformat -Wformat-nonliteral -Wformat-security -Wmissing-declarations -Wmissing-prototypes -Wnested-externs -Wold-style-definition -Wpointer-arith -Wsign-compare -Wstrict-prototypes -Wundef -Wwrite-strings -Wno-address-of-packed-member -Wno-packed-not-aligned -Wno-missing-field-initializers -D_GNU_SOURCE -fPIC -march=native -DALLOW_EXPERIMENTAL_API -DALLOW_INTERNAL_API -Wno-format-truncation -DRTE_LOG_DEFAULT_LOGTYPE=pmd.common.cnxk -MD -MQ 'drivers/a715181@@tmp_rte_common_cnxk at sta/common_cnxk_roc_npa.c.o' -MF 'drivers/a715181@@tmp_rte_common_cnxk at sta/common_cnxk_roc_npa.c.o.d' -o 'drivers/a715181@@tmp_rte_common_cnxk at sta/common_cnxk_roc_npa.c.o' -c ../drivers/common/cnxk/roc_npa.c
In file included from ../drivers/common/cnxk/roc_api.h:25,
from ../drivers/common/cnxk/roc_npa.c:5:
../drivers/common/cnxk/roc_npa.c: In function 'npa_lf_init':
../drivers/common/cnxk/roc_platform.h:256:2: error: 'npa_msixoff' may be used uninitialized in this function [-Werror=maybe-uninitialized]
256 | rte_log(RTE_LOG_DEBUG, cnxk_logtype_##subsystem, \
| ^~~~~~~
../drivers/common/cnxk/roc_npa.c:877:11: note: 'npa_msixoff' was declared here
877 | uint16_t npa_msixoff;
| ^~~~~~~~~~~
cc1: all warnings being treated as errors
ninja: build stopped: subcommand failed.
==== End log output ====
FreeBSD 13
Kernel: 13.0
Compiler: clang 11.0.1
Debian Bullseye
Kernel: 5.4.0-122-generic
Compiler: gcc 10.2.1-6
CentOS Stream 8
Kernel: 4.18.0-240.10.1.el8_3.x86_64
Compiler: gcc 8.4.1 20200928
RHEL 7
Kernel: 4.18.0-240.10.1.el8_3.x86_64
Compiler: gcc 4.8.5 20150623 (Red Hat 4.8.5-44)
openSUSE Leap 15
Kernel: 4.18.0-240.10.1.el8_3.x86_64
Compiler: gcc 7.5.0
Debian Buster
Kernel: 5.4.0-122-generic
Compiler: gcc 8.3.0-6
Ubuntu 22.04
Kernel: Container Host Kernel
Compiler: gcc 11.3.1-2
CentOS Stream 9
Kernel: 4.18.0-240.10.1.el8_3.x86_64
Compiler: gcc 11.3.1 20220421
RHEL8
Kernel: 4.18.0-240.10.1.el8_3.x86_64
Compiler: gcc 8.3.1 20191121 (Red Hat 8.3.1-5)
Ubuntu 20.04
Kernel: 4.18.0-240.10.1.el8_3.x86_64
Compiler: gcc 9.3.0-17ubuntu1~20.04
To view detailed results, visit:
https://lab.dpdk.org/results/dashboard/patchsets/24819/
UNH-IOL DPDK Community Lab
To manage your email subscriptions, visit:
https://lab.dpdk.org/results/dashboard/preferences/subscriptions/
More information about the test-report
mailing list