|FAILURE| [GIT MASTER] 31608e4db56893c896375288671b5ee38723a211

dpdklab at iol.unh.edu dpdklab at iol.unh.edu
Sat Dec 24 08:00:17 CET 2022


_Testing issues_

Branch: tags/v21.11

31608e4db56893c896375288671b5ee38723a211 --> testing fail

Test environment and result as below:

+---------------------+----------------+
|     Environment     | dpdk_unit_test |
+=====================+================+
| Windows Server 2019 | PASS           |
+---------------------+----------------+
| Debian Bullseye     | PASS           |
+---------------------+----------------+
| Ubuntu 22.04        | PASS           |
+---------------------+----------------+
| Ubuntu 20.04        | PASS           |
+---------------------+----------------+
| Debian Buster       | FAIL           |
+---------------------+----------------+
| CentOS Stream 9     | FAIL           |
+---------------------+----------------+
| RHEL 7              | PASS           |
+---------------------+----------------+
| openSUSE Leap 15    | PASS           |
+---------------------+----------------+
| CentOS Stream 8     | PASS           |
+---------------------+----------------+
| RHEL8               | PASS           |
+---------------------+----------------+

==== 20 line log output for CentOS Stream 9 (dpdk_unit_test): ====
89/99 DPDK:fast-tests / trace_autotest        OK       0.57 s
90/99 DPDK:fast-tests / metrics_autotest      OK       0.17 s
91/99 DPDK:fast-tests / telemetry_json_autotest  OK       0.25 s
92/99 DPDK:fast-tests / telemetry_data_autotest  OK       0.17 s
93/99 DPDK:fast-tests / ring_pmd_autotest     OK       0.24 s
94/99 DPDK:fast-tests / event_eth_tx_adapter_autotest  OK       0.88 s
95/99 DPDK:fast-tests / bitratestats_autotest  OK       0.17 s
96/99 DPDK:fast-tests / latencystats_autotest  OK       0.45 s
97/99 DPDK:fast-tests / pdump_autotest        OK       5.23 s
98/99 DPDK:fast-tests / vdev_autotest         OK       0.18 s
99/99 DPDK:fast-tests / compressdev_autotest  SKIP     0.36 s

Ok:                   92
Expected Fail:         0
Fail:                  1
Unexpected Pass:       0
Skipped:               6
Timeout:               0

Full log written to /home-local/jenkins-local/jenkins-agent/workspace/Generic-Unit-Test-DPDK/dpdk/build/meson-logs/testlog.txt
==== End log output ====

Windows Server 2019
	Kernel: 10.0
	Compiler: clang 14.0 and gcc 8.1.0 (MinGW)

Debian Bullseye
	Kernel: 5.4.0-122-generic
	Compiler: gcc 10.2.1-6

Ubuntu 22.04
	Kernel: Container Host Kernel
	Compiler: gcc 11.3.1-2

Ubuntu 20.04
	Kernel: 4.18.0-240.10.1.el8_3.x86_64
	Compiler: gcc 9.3.0-17ubuntu1~20.04

Debian Buster
	Kernel: 5.4.0-122-generic
	Compiler: gcc 8.3.0-6

CentOS Stream 9
	Kernel: 4.18.0-240.10.1.el8_3.x86_64
	Compiler: gcc 11.3.1 20220421

RHEL 7
	Kernel: 4.18.0-240.10.1.el8_3.x86_64
	Compiler: gcc 4.8.5 20150623 (Red Hat 4.8.5-44)

openSUSE Leap 15
	Kernel: 4.18.0-240.10.1.el8_3.x86_64
	Compiler: gcc 7.5.0

CentOS Stream 8
	Kernel: 4.18.0-240.10.1.el8_3.x86_64
	Compiler: gcc 8.4.1 20200928

RHEL8
	Kernel: 4.18.0-240.10.1.el8_3.x86_64
	Compiler: gcc 8.3.1 20191121 (Red Hat 8.3.1-5)

To view detailed results, visit:
https://lab.dpdk.org/results/dashboard/tarballs/22728/

UNH-IOL DPDK Community Lab

To manage your email subscriptions, visit: 
https://lab.dpdk.org/results/dashboard/preferences/subscriptions/


More information about the test-report mailing list