|FAILURE| [GIT MASTER] a52c79642ab4296763189dd8efadbb679d32c9a0
dpdklab at iol.unh.edu
dpdklab at iol.unh.edu
Tue Feb 1 00:13:09 CET 2022
_Testing issues_
Branch: dpdk
a52c79642ab4296763189dd8efadbb679d32c9a0 --> testing fail
Test environment and result as below:
+---------------------+--------------------+----------------------+
| Environment | dpdk_meson_compile | dpdk_mingw64_compile |
+=====================+====================+======================+
| Windows Server 2019 | PASS | PASS |
+---------------------+--------------------+----------------------+
| Fedora 31 | PASS | SKIPPED |
+---------------------+--------------------+----------------------+
| CentOS Stream 8 | PASS | SKIPPED |
+---------------------+--------------------+----------------------+
| Fedora 32 | PASS | SKIPPED |
+---------------------+--------------------+----------------------+
| openSUSE Leap 15 | PASS | SKIPPED |
+---------------------+--------------------+----------------------+
| Ubuntu 20.04 | PASS | SKIPPED |
+---------------------+--------------------+----------------------+
| CentOS 8 | PASS | SKIPPED |
+---------------------+--------------------+----------------------+
| RHEL 7 | PASS | SKIPPED |
+---------------------+--------------------+----------------------+
| Fedora 34 | PASS | SKIPPED |
+---------------------+--------------------+----------------------+
| Fedora 33 | PASS | SKIPPED |
+---------------------+--------------------+----------------------+
| Arch Linux | PASS | SKIPPED |
+---------------------+--------------------+----------------------+
| RHEL8 | PASS | SKIPPED |
+---------------------+--------------------+----------------------+
| Alpine | FAIL | SKIPPED |
+---------------------+--------------------+----------------------+
| Ubuntu 18.04 | PASS | SKIPPED |
+---------------------+--------------------+----------------------+
| Fedora 34 clang | PASS | SKIPPED |
+---------------------+--------------------+----------------------+
==== 20 line log output for Alpine (dpdk_meson_compile): ====
|
cc1: all warnings being treated as errors
[1285/2643] Compiling C object 'drivers/a715181@@tmp_rte_net_failsafe at sta/net_failsafe_failsafe_ops.c.o'.
[1286/2643] Compiling C object 'drivers/a715181@@tmp_rte_net_cnxk at sta/net_cnxk_cn10k_rte_flow.c.o'.
[1287/2643] Compiling C object 'drivers/a715181@@tmp_rte_net_cnxk at sta/net_cnxk_cn10k_ethdev.c.o'.
[1288/2643] Compiling C object 'drivers/a715181@@tmp_rte_net_dpaa2 at sta/net_dpaa2_mc_dpni.c.o'.
[1289/2643] Compiling C object 'drivers/a715181@@tmp_rte_net_dpaa2 at sta/net_dpaa2_dpaa2_ethdev.c.o'.
[1290/2643] Compiling C object 'drivers/a715181@@tmp_rte_net_cnxk at sta/net_cnxk_cn10k_ethdev_sec.c.o'.
[1291/2643] Compiling C object 'drivers/a715181@@tmp_rte_net_cnxk at sta/net_cnxk_cn10k_tx_vec.c.o'.
[1292/2643] Compiling C object 'drivers/a715181@@tmp_rte_net_cnxk at sta/net_cnxk_cn10k_rx_vec.c.o'.
[1293/2643] Compiling C object 'drivers/a715181@@tmp_rte_net_cnxk at sta/net_cnxk_cn10k_rx_vec_mseg.c.o'.
[1294/2643] Compiling C object 'drivers/a715181@@tmp_rte_net_cnxk at sta/net_cnxk_cn10k_tx_vec_mseg.c.o'.
[1295/2643] Compiling C object 'drivers/a715181@@tmp_rte_net_dpaa2 at sta/net_dpaa2_dpaa2_rxtx.c.o'.
[1296/2643] Compiling C object 'drivers/a715181@@tmp_rte_net_dpaa at sta/net_dpaa_dpaa_rxtx.c.o'.
[1297/2643] Compiling C object 'drivers/a715181@@tmp_rte_net_dpaa2 at sta/net_dpaa2_dpaa2_flow.c.o'.
[1298/2643] Compiling C object 'drivers/a715181@@tmp_rte_net_cnxk at sta/net_cnxk_cn10k_rx.c.o'.
[1299/2643] Compiling C object 'drivers/a715181@@tmp_rte_net_cnxk at sta/net_cnxk_cn10k_rx_mseg.c.o'.
[1300/2643] Compiling C object 'drivers/a715181@@tmp_rte_net_cnxk at sta/net_cnxk_cn10k_tx.c.o'.
[1301/2643] Compiling C object 'drivers/a715181@@tmp_rte_net_cnxk at sta/net_cnxk_cn10k_tx_mseg.c.o'.
ninja: build stopped: subcommand failed.
==== End log output ====
Windows Server 2019
Kernel: 10.0
Compiler: clang 9.0 and gcc 8.1.0 (MinGW)
Fedora 31
Kernel: 4.18.0-240.10.1.el8_3.x86_64
Compiler: gcc 9.3.1
CentOS Stream 8
Kernel: 4.18.0-240.10.1.el8_3.x86_64
Compiler: gcc 8.4.1 20200928
Fedora 32
Kernel: 4.18.0-240.10.1.el8_3.x86_64
Compiler: gcc 10.2.1
openSUSE Leap 15
Kernel: 4.18.0-240.10.1.el8_3.x86_64
Compiler: gcc 7.5.0
Ubuntu 20.04
Kernel: 4.18.0-240.10.1.el8_3.x86_64
Compiler: gcc 9.3.0-17ubuntu1~20.04
CentOS 8
Kernel: 4.18.0-240.10.1.el8_3.x86_64
Compiler: gcc 8.3.1 20191121 (Red Hat 8.3.1-5)
RHEL 7
Kernel: 4.18.0-240.10.1.el8_3.x86_64
Compiler: gcc 4.8.5 20150623 (Red Hat 4.8.5-44)
Fedora 34
Kernel: 5.4.0-72-generic
Compiler: gcc 11.1.1 20210428 (Red Hat 11.1.1-1)
Fedora 33
Kernel: 5.4.0-72-generic
Compiler: gcc 10.3.1 20210422 (Red Hat 10.3.1-1)
Arch Linux
Kernel: 5.4.0-73-generic
Compiler: gcc 11.1.0
RHEL8
Kernel: 4.18.0-240.10.1.el8_3.x86_64
Compiler: gcc 8.3.1 20191121 (Red Hat 8.3.1-5)
Alpine
Kernel: 5.4.0-73-generic
Compiler: gcc (Alpine 10.3.1_git20210424) 10.3.1 20210424
Ubuntu 18.04
Kernel: 4.18.0-240.10.1.el8_3.x86_64
Compiler: gcc 7.5.0-3ubuntu1~18.04
Fedora 34 clang
Kernel: 5.4.0-72-generic
Compiler: clang 12.0.0 (Fedora 12.0.0-0.3.rc1.fc34)
To view detailed results, visit:
https://lab.dpdk.org/results/dashboard/tarballs/18501/
UNH-IOL DPDK Community Lab
To manage your email subscriptions, visit:
https://lab.dpdk.org/results/dashboard/preferences/subscriptions/
More information about the test-report
mailing list