|WARNING| pw106766-106769 [PATCH] [4/4] crypto: reorganize endianness comments, add crypto uint
dpdklab at iol.unh.edu
dpdklab at iol.unh.edu
Wed Feb 2 16:25:07 CET 2022
Test-Label: iol-abi-testing
Test-Status: WARNING
http://dpdk.org/patch/106769
_Testing issues_
Submitter: Arek Kusztal <arkadiuszx.kusztal at intel.com>
Date: Wednesday, February 02 2022 06:50:30
DPDK git baseline: Repo:dpdk
Branch: master
CommitID:60e68d170b122d86c1c49cc51078db461542a26b
106766-106769 --> testing fail
Test environment and result as below:
+-----------------------------+----------+
| Environment | abi_test |
+=============================+==========+
| Ubuntu 20.04 ARM GCC Native | FAIL |
+-----------------------------+----------+
| CentOS Stream 8 | FAIL |
+-----------------------------+----------+
| CentOS 8 | FAIL |
+-----------------------------+----------+
| Ubuntu 18.04 | FAIL |
+-----------------------------+----------+
| RHEL8 | FAIL |
+-----------------------------+----------+
| Ubuntu 20.04 | FAIL |
+-----------------------------+----------+
| openSUSE Leap 15 | FAIL |
+-----------------------------+----------+
| RHEL 7 | FAIL |
+-----------------------------+----------+
| Fedora 32 | FAIL |
+-----------------------------+----------+
| Fedora 34 clang | FAIL |
+-----------------------------+----------+
| Arch Linux | FAIL |
+-----------------------------+----------+
| Fedora 31 | FAIL |
+-----------------------------+----------+
| Fedora 34 | FAIL |
+-----------------------------+----------+
| Fedora 33 | FAIL |
+-----------------------------+----------+
==== 20 line log output for Fedora 33 (abi_test): ====
Skipped removed driver librte_net_octeontx2.dump.
Skipped removed driver librte_common_octeontx2.dump.
Functions changes summary: 0 Removed, 0 Changed (4 filtered out), 0 Added (1 filtered out) functions
Variables changes summary: 0 Removed, 0 Changed (1 filtered out), 0 Added variable
Skipped removed driver librte_mempool_octeontx2.dump.
Functions changes summary: 0 Removed, 0 Changed (1 filtered out), 0 Added function
Variables changes summary: 0 Removed, 0 Changed, 0 Added variable
Functions changes summary: 0 Removed, 0 Changed (7 filtered out), 0 Added functions
Variables changes summary: 0 Removed, 0 Changed, 0 Added variable
Skipped removed driver librte_regex_octeontx2.dump.
Functions changes summary: 0 Removed, 0 Changed (2 filtered out), 0 Added functions
Variables changes summary: 0 Removed, 0 Changed, 0 Added variable
Functions changes summary: 0 Removed, 0 Changed (1 filtered out), 0 Added function
Variables changes summary: 0 Removed, 0 Changed, 0 Added variable
==== End log output ====
Ubuntu 20.04 ARM GCC Native
Kernel: 5.4.0-53-generic
Compiler: gcc 9.3
CentOS Stream 8
Kernel: 4.18.0-240.10.1.el8_3.x86_64
Compiler: gcc 8.4.1 20200928
CentOS 8
Kernel: 4.18.0-240.10.1.el8_3.x86_64
Compiler: gcc 8.3.1 20191121 (Red Hat 8.3.1-5)
Ubuntu 18.04
Kernel: 4.18.0-240.10.1.el8_3.x86_64
Compiler: gcc 7.5.0-3ubuntu1~18.04
RHEL8
Kernel: 4.18.0-240.10.1.el8_3.x86_64
Compiler: gcc 8.3.1 20191121 (Red Hat 8.3.1-5)
Ubuntu 20.04
Kernel: 4.18.0-240.10.1.el8_3.x86_64
Compiler: gcc 9.3.0-17ubuntu1~20.04
openSUSE Leap 15
Kernel: 4.18.0-240.10.1.el8_3.x86_64
Compiler: gcc 7.5.0
RHEL 7
Kernel: 4.18.0-240.10.1.el8_3.x86_64
Compiler: gcc 4.8.5 20150623 (Red Hat 4.8.5-44)
Fedora 32
Kernel: 4.18.0-240.10.1.el8_3.x86_64
Compiler: gcc 10.2.1
Fedora 34 clang
Kernel: 5.4.0-72-generic
Compiler: clang 12.0.0 (Fedora 12.0.0-0.3.rc1.fc34)
Arch Linux
Kernel: 5.4.0-73-generic
Compiler: gcc 11.1.0
Fedora 31
Kernel: 4.18.0-240.10.1.el8_3.x86_64
Compiler: gcc 9.3.1
Fedora 34
Kernel: 5.4.0-72-generic
Compiler: gcc 11.1.1 20210428 (Red Hat 11.1.1-1)
Fedora 33
Kernel: 5.4.0-72-generic
Compiler: gcc 10.3.1 20210422 (Red Hat 10.3.1-1)
To view detailed results, visit:
https://lab.dpdk.org/results/dashboard/patchsets/20886/
UNH-IOL DPDK Community Lab
To manage your email subscriptions, visit:
https://lab.dpdk.org/results/dashboard/preferences/subscriptions/
More information about the test-report
mailing list