|FAILURE| pw107280-107284 [PATCH] [v6, 5/5] crypto: modify return value for asym session create

dpdklab at iol.unh.edu dpdklab at iol.unh.edu
Fri Feb 11 01:31:03 CET 2022


Test-Label: iol-aarch64-unit-testing
Test-Status: FAILURE
http://dpdk.org/patch/107284

_Testing issues_

Submitter: Ciara Power <ciara.power at intel.com>
Date: Thursday, February 10 2022 15:54:04 
DPDK git baseline: Repo:dpdk
  Branch: master
  CommitID:6e97b5fc1ada1501852e12de84c8514db248929d

107280-107284 --> testing fail

Test environment and result as below:

+-------------------------------+----------------+--------------+
|          Environment          | dpdk_unit_test | lpm_autotest |
+===============================+================+==============+
| Ubuntu 20.04 ARM GCC Native   | FAIL           | SKIPPED      |
+-------------------------------+----------------+--------------+
| Ubuntu 20.04 ARM Clang Native | FAIL           | SKIPPED      |
+-------------------------------+----------------+--------------+
| Ubuntu 20.04 ARM SVE          | SKIPPED        | FAIL         |
+-------------------------------+----------------+--------------+

==== 20 line log output for Ubuntu 20.04 ARM SVE (lpm_autotest): ====
[452/645] Compiling C object 'app/a172ced@@dpdk-test-crypto-perf at exe/test-crypto-perf_cperf_ops.c.o'.
[453/645] Compiling C object 'app/a172ced@@dpdk-test-crypto-perf at exe/test-crypto-perf_cperf_options_parsing.c.o'.
[454/645] Compiling C object 'app/a172ced@@dpdk-test-eventdev at exe/test-eventdev_evt_options.c.o'.
[455/645] Compiling C object 'app/a172ced@@dpdk-test-eventdev at exe/test-eventdev_evt_main.c.o'.
[456/645] Compiling C object 'app/a172ced@@dpdk-test-crypto-perf at exe/test-crypto-perf_cperf_test_common.c.o'.
[457/645] Compiling C object 'app/a172ced@@dpdk-test-crypto-perf at exe/test-crypto-perf_cperf_test_latency.c.o'.
[458/645] Compiling C object 'app/a172ced@@dpdk-test-crypto-perf at exe/test-crypto-perf_cperf_test_pmd_cyclecount.c.o'.
[459/645] Compiling C object 'app/a172ced@@dpdk-test-crypto-perf at exe/test-crypto-perf_cperf_test_throughput.c.o'.
[460/645] Compiling C object 'app/a172ced@@dpdk-test-crypto-perf at exe/test-crypto-perf_cperf_test_vector_parsing.c.o'.
[461/645] Compiling C object 'app/a172ced@@dpdk-test-crypto-perf at exe/test-crypto-perf_cperf_test_vectors.c.o'.
[462/645] Compiling C object 'app/a172ced@@dpdk-test-crypto-perf at exe/test-crypto-perf_cperf_test_verify.c.o'.
[463/645] Compiling C object 'app/a172ced@@dpdk-test-crypto-perf at exe/test-crypto-perf_main.c.o'.
FAILED: app/a172ced@@dpdk-test-crypto-perf at exe/test-crypto-perf_main.c.o
gcc-10 -Iapp/a172ced@@dpdk-test-crypto-perf at exe -Iapp -I../app -Ilib/cryptodev -I../lib/cryptodev -I. -I../ -Iconfig -I../config -Ilib/eal/include -I../lib/eal/include -Ilib/eal/linux/include -I../lib/eal/linux/include -Ilib/eal/arm/include -I../lib/eal/arm/include -Ilib/eal/common -I../lib/eal/common -Ilib/eal -I../lib/eal -Ilib/kvargs -I../lib/kvargs -I../lib/telemetry/../metrics -Ilib/telemetry -I../lib/telemetry -Ilib/mbuf -I../lib/mbuf -Ilib/mempool -I../lib/mempool -Ilib/ring -I../lib/ring -Ilib/rcu -I../lib/rcu -Ilib/net -I../lib/net -Ilib/security -I../lib/security -fdiagnostics-color=always -pipe -D_FILE_OFFSET_BITS=64 -Wall -Winvalid-pch -Wextra -Werror -O3 -include rte_config.h -Wcast-qual -Wdeprecated -Wformat -Wformat-nonliteral -Wformat-security -Wmissing-declarations -Wmissing-prototypes -Wnested-externs -Wold-style-definition -Wpointer-arith -Wsign-compare -Wstrict-prototypes -Wundef -Wwrite-strings -Wno-address-of-packed-member -Wno-packed-not-aligned -Wno-missing-field-initializers -Wno-zero-length-bounds -D_GNU_SOURCE -march=armv8.2-a+crypto+sve -DALLOW_EXPERIMENTAL_API  -MD -MQ 'app/a172ced@@dpdk-test-crypto-perf at exe/test-crypto-perf_main.c.o' -MF 'app/a172ced@@dpdk-test-crypto-perf at exe/test-crypto-perf_main.c.o.d' -o 'app/a172ced@@dpdk-test-crypto-perf at exe/test-crypto-perf_main.c.o' -c ../app/test-crypto-perf/main.c
../app/test-crypto-perf/main.c: In function 'create_asym_op_pool_socket':
../app/test-crypto-perf/main.c:72:36: error: unused parameter 'dev_id' [-Werror=unused-parameter]
72 | create_asym_op_pool_socket(uint8_t dev_id, int32_t socket_id,
|                            ~~~~~~~~^~~~~~
cc1: all warnings being treated as errors
ninja: build stopped: subcommand failed.
==== End log output ====

Ubuntu 20.04 ARM GCC Native
	Kernel: 5.4.0-53-generic
	Compiler: gcc 9.3

Ubuntu 20.04 ARM Clang Native
	Kernel: 5.4.0-53-generic
	Compiler: clang 10.0.0-4ubuntu1

Ubuntu 20.04 ARM SVE
	Kernel: 5.4.0-80-generic
	Compiler: gcc 10.3.0 (Ubuntu 10.3.0-1ubuntu1~20.04)

To view detailed results, visit:
https://lab.dpdk.org/results/dashboard/patchsets/21016/

UNH-IOL DPDK Community Lab

To manage your email subscriptions, visit: 
https://lab.dpdk.org/results/dashboard/preferences/subscriptions/


More information about the test-report mailing list