|FAILURE| pw107768-107771 [PATCH] [v3, 4/4] app/test: add IP reassembly negative cases
dpdklab at iol.unh.edu
dpdklab at iol.unh.edu
Thu Feb 17 21:33:04 CET 2022
Test-Label: iol-aarch64-unit-testing
Test-Status: FAILURE
http://dpdk.org/patch/107771
_Testing issues_
Submitter: Akhil Goyal <gakhil at marvell.com>
Date: Thursday, February 17 2022 17:23:41
DPDK git baseline: Repo:dpdk
Branch: master
CommitID:bd0a32d14b87661c39130d73ab4323247b80f864
107768-107771 --> testing fail
Test environment and result as below:
+-------------------------------+----------------+--------------+
| Environment | dpdk_unit_test | lpm_autotest |
+===============================+================+==============+
| Ubuntu 20.04 ARM Clang Native | FAIL | SKIPPED |
+-------------------------------+----------------+--------------+
| Ubuntu 20.04 ARM GCC Native | FAIL | SKIPPED |
+-------------------------------+----------------+--------------+
| Ubuntu 20.04 ARM SVE | SKIPPED | PASS |
+-------------------------------+----------------+--------------+
==== 20 line log output for Ubuntu 20.04 ARM GCC Native (dpdk_unit_test): ====
>>> DPDK_TEST=inline_ipsec_autotest MALLOC_PERTURB_=81 /home-local/jenkins-local/jenkins-agent/workspace/Generic-VM-Unit-Test-DPDK/dpdk/build/app/test/dpdk-test --file-prefix=inline_ipsec_autotest '-l 0-3'
93/100 DPDK:fast-tests / table_autotest OK 4.79s
94/100 DPDK:fast-tests / ring_pmd_autotest OK 0.13s
95/100 DPDK:fast-tests / event_eth_tx_adapter_autotest OK 0.88s
96/100 DPDK:fast-tests / bitratestats_autotest OK 0.13s
97/100 DPDK:fast-tests / latencystats_autotest OK 0.13s
98/100 DPDK:fast-tests / pdump_autotest OK 5.22s
99/100 DPDK:fast-tests / vdev_autotest OK 0.13s
100/100 DPDK:fast-tests / compressdev_autotest SKIP 0.22s exit status 77
Ok: 94
Expected Fail: 0
Fail: 1
Unexpected Pass: 0
Skipped: 5
Timeout: 0
Full log written to /home-local/jenkins-local/jenkins-agent/workspace/Generic-VM-Unit-Test-DPDK/dpdk/build/meson-logs/testlog.txt
==== End log output ====
Ubuntu 20.04 ARM Clang Native
Kernel: 5.4.0-53-generic
Compiler: clang 10.0.0-4ubuntu1
Ubuntu 20.04 ARM GCC Native
Kernel: 5.4.0-53-generic
Compiler: gcc 9.3
Ubuntu 20.04 ARM SVE
Kernel: 5.4.0-80-generic
Compiler: gcc 10.3.0 (Ubuntu 10.3.0-1ubuntu1~20.04)
To view detailed results, visit:
https://lab.dpdk.org/results/dashboard/patchsets/21115/
UNH-IOL DPDK Community Lab
To manage your email subscriptions, visit:
https://lab.dpdk.org/results/dashboard/preferences/subscriptions/
More information about the test-report
mailing list