|FAILURE| pw107768-107771 [PATCH] [v3, 4/4] app/test: add IP reassembly negative cases

dpdklab at iol.unh.edu dpdklab at iol.unh.edu
Fri Feb 18 22:05:59 CET 2022


Test-Label: iol-x86_64-unit-testing
Test-Status: FAILURE
http://dpdk.org/patch/107771

_Testing issues_

Submitter: Akhil Goyal <gakhil at marvell.com>
Date: Thursday, February 17 2022 17:23:41 
DPDK git baseline: Repo:dpdk
  Branch: master
  CommitID:bd0a32d14b87661c39130d73ab4323247b80f864

107768-107771 --> testing fail

Test environment and result as below:

+------------------+----------------+
|   Environment    | dpdk_unit_test |
+==================+================+
| CentOS 8         | FAIL           |
+------------------+----------------+
| Ubuntu 18.04     | FAIL           |
+------------------+----------------+
| CentOS Stream 8  | FAIL           |
+------------------+----------------+
| Arch Linux       | FAIL           |
+------------------+----------------+
| RHEL8            | FAIL           |
+------------------+----------------+
| Fedora 32        | FAIL           |
+------------------+----------------+
| Ubuntu 20.04     | FAIL           |
+------------------+----------------+
| Fedora 33        | FAIL           |
+------------------+----------------+
| Fedora 34        | FAIL           |
+------------------+----------------+
| openSUSE Leap 15 | FAIL           |
+------------------+----------------+
| Fedora 31        | FAIL           |
+------------------+----------------+
| Fedora 34 clang  | FAIL           |
+------------------+----------------+

==== 20 line log output for Fedora 34 clang (dpdk_unit_test): ====
90/100 DPDK:fast-tests / telemetry_json_autotest  OK       0.18 s
91/100 DPDK:fast-tests / telemetry_data_autotest  OK       0.17 s
92/100 DPDK:fast-tests / inline_ipsec_autotest  FAIL     0.17 s (exit status 255 or signal 127 SIGinvalid)
93/100 DPDK:fast-tests / table_autotest        OK       9.86 s
94/100 DPDK:fast-tests / ring_pmd_autotest     OK       0.18 s
95/100 DPDK:fast-tests / event_eth_tx_adapter_autotest  OK       0.69 s
96/100 DPDK:fast-tests / bitratestats_autotest  OK       0.15 s
97/100 DPDK:fast-tests / latencystats_autotest  OK       0.19 s
98/100 DPDK:fast-tests / pdump_autotest        OK       5.30 s
99/100 DPDK:fast-tests / vdev_autotest         OK       0.18 s
100/100 DPDK:fast-tests / compressdev_autotest  SKIP     0.14 s

Ok:                   93
Expected Fail:         0
Fail:                  1
Unexpected Pass:       0
Skipped:               6
Timeout:               0

Full log written to /home-local/jenkins-local/jenkins-agent/workspace/Generic-Unit-Test-DPDK at 3/dpdk/build/meson-logs/testlog.txt
==== End log output ====

CentOS 8
	Kernel: 4.18.0-240.10.1.el8_3.x86_64
	Compiler: gcc 8.3.1 20191121 (Red Hat 8.3.1-5)

Ubuntu 18.04
	Kernel: 4.18.0-240.10.1.el8_3.x86_64
	Compiler: gcc 7.5.0-3ubuntu1~18.04

CentOS Stream 8
	Kernel: 4.18.0-240.10.1.el8_3.x86_64
	Compiler: gcc 8.4.1 20200928

Arch Linux
	Kernel: 5.4.0-73-generic
	Compiler: gcc 11.1.0

RHEL8
	Kernel: 4.18.0-240.10.1.el8_3.x86_64
	Compiler: gcc 8.3.1 20191121 (Red Hat 8.3.1-5)

Fedora 32
	Kernel: 4.18.0-240.10.1.el8_3.x86_64
	Compiler: gcc 10.2.1

Ubuntu 20.04
	Kernel: 4.18.0-240.10.1.el8_3.x86_64
	Compiler: gcc 9.3.0-17ubuntu1~20.04

Fedora 33
	Kernel: 5.4.0-72-generic
	Compiler: gcc 10.3.1 20210422 (Red Hat 10.3.1-1)

Fedora 34
	Kernel: 5.4.0-72-generic
	Compiler: gcc 11.1.1 20210428 (Red Hat 11.1.1-1)

openSUSE Leap 15
	Kernel: 4.18.0-240.10.1.el8_3.x86_64
	Compiler: gcc 7.5.0

Fedora 31
	Kernel: 4.18.0-240.10.1.el8_3.x86_64
	Compiler: gcc 9.3.1

Fedora 34 clang
	Kernel: 5.4.0-72-generic
	Compiler: clang 12.0.0 (Fedora 12.0.0-0.3.rc1.fc34)

To view detailed results, visit:
https://lab.dpdk.org/results/dashboard/patchsets/21115/

UNH-IOL DPDK Community Lab

To manage your email subscriptions, visit: 
https://lab.dpdk.org/results/dashboard/preferences/subscriptions/


More information about the test-report mailing list