|FAILURE| pw108302-108308 [PATCH] [v2, 7/7] vdpa/mlx5: make statistics counter persistent
dpdklab at iol.unh.edu
dpdklab at iol.unh.edu
Thu Feb 24 20:29:22 CET 2022
Test-Label: iol-aarch64-unit-testing
Test-Status: FAILURE
http://dpdk.org/patch/108308
_Testing issues_
Submitter: Xueming Li <xuemingl at nvidia.com>
Date: Thursday, February 24 2022 15:51:01
DPDK git baseline: Repo:dpdk
Branch: master
CommitID:ee05a93e1e6633d0fdec409faf09f12a2e05b991
108302-108308 --> testing fail
Test environment and result as below:
+-------------------------------+----------------+--------------+
| Environment | dpdk_unit_test | lpm_autotest |
+===============================+================+==============+
| Ubuntu 20.04 ARM Clang Native | FAIL | SKIPPED |
+-------------------------------+----------------+--------------+
| Ubuntu 20.04 ARM GCC Native | PASS | SKIPPED |
+-------------------------------+----------------+--------------+
| Ubuntu 20.04 ARM SVE | SKIPPED | PASS |
+-------------------------------+----------------+--------------+
==== 20 line log output for Ubuntu 20.04 ARM Clang Native (dpdk_unit_test): ====
[3150/3483] Generating drivers/rte_baseband_la12xx.pmd.c with a custom command
[3151/3483] Generating drivers/rte_baseband_fpga_lte_fec.pmd.c with a custom command
[3152/3483] Generating drivers/rte_baseband_acc100.pmd.c with a custom command
[3153/3483] Generating drivers/rte_baseband_turbo_sw.pmd.c with a custom command
[3154/3483] Generating drivers/rte_event_dpaa2.pmd.c with a custom command
[3155/3483] Generating drivers/rte_event_opdl.pmd.c with a custom command
[3156/3483] Generating drivers/rte_event_sw.pmd.c with a custom command
[3157/3483] Generating drivers/rte_event_octeontx.pmd.c with a custom command
[3158/3483] Compiling C object drivers/libtmp_rte_vdpa_mlx5.a.p/vdpa_mlx5_mlx5_vdpa_lm.c.o
[3159/3483] Compiling C object drivers/libtmp_rte_vdpa_mlx5.a.p/vdpa_mlx5_mlx5_vdpa_mem.c.o
[3160/3483] Compiling C object drivers/libtmp_rte_vdpa_mlx5.a.p/vdpa_mlx5_mlx5_vdpa_steer.c.o
[3161/3483] Compiling C object drivers/libtmp_rte_vdpa_mlx5.a.p/vdpa_mlx5_mlx5_vdpa_event.c.o
[3162/3483] Compiling C object drivers/libtmp_rte_vdpa_mlx5.a.p/vdpa_mlx5_mlx5_vdpa.c.o
[3163/3483] Generating drivers/rte_common_mlx5.sym_chk with a custom command (wrapped by meson to capture output)
[3164/3483] Generating lib/ethdev.sym_chk with a custom command (wrapped by meson to capture output)
[3165/3483] Generating drivers/rte_common_sfc_efx.sym_chk with a custom command (wrapped by meson to capture output)
[3166/3483] Generating lib/eal.sym_chk with a custom command (wrapped by meson to capture output)
[3167/3483] Generating drivers/rte_event_cnxk.pmd.c with a custom command
[3168/3483] Generating drivers/rte_common_cnxk.sym_chk with a custom command (wrapped by meson to capture output)
ninja: build stopped: subcommand failed.
==== End log output ====
Ubuntu 20.04 ARM Clang Native
Kernel: 5.4.0-53-generic
Compiler: clang 10.0.0-4ubuntu1
Ubuntu 20.04 ARM GCC Native
Kernel: 5.4.0-53-generic
Compiler: gcc 9.3
Ubuntu 20.04 ARM SVE
Kernel: 5.4.0-80-generic
Compiler: gcc 10.3.0 (Ubuntu 10.3.0-1ubuntu1~20.04)
To view detailed results, visit:
https://lab.dpdk.org/results/dashboard/patchsets/21260/
UNH-IOL DPDK Community Lab
To manage your email subscriptions, visit:
https://lab.dpdk.org/results/dashboard/preferences/subscriptions/
More information about the test-report
mailing list