|FAILURE| pw108368 [PATCH] sched: add parentheses to if clause
dpdklab at iol.unh.edu
dpdklab at iol.unh.edu
Sat Feb 26 16:58:25 CET 2022
Test-Label: iol-aarch64-unit-testing
Test-Status: FAILURE
http://dpdk.org/patch/108368
_Testing issues_
Submitter: Weiguo Li <liwg06 at foxmail.com>
Date: Saturday, February 26 2022 14:55:30
DPDK git baseline: Repo:dpdk
Branch: master
CommitID:de2bc16e1bd187c84d5664c86d28c2207b86ebf9
108368 --> testing fail
Test environment and result as below:
+-------------------------------+----------------+--------------+
| Environment | dpdk_unit_test | lpm_autotest |
+===============================+================+==============+
| Ubuntu 20.04 ARM GCC Native | FAIL | SKIPPED |
+-------------------------------+----------------+--------------+
| Ubuntu 20.04 ARM Clang Native | FAIL | SKIPPED |
+-------------------------------+----------------+--------------+
| Ubuntu 20.04 ARM SVE | SKIPPED | PASS |
+-------------------------------+----------------+--------------+
==== 20 line log output for Ubuntu 20.04 ARM Clang Native (dpdk_unit_test): ====
90/99 DPDK:fast-tests / telemetry_json_autotest OK 0.24s
91/99 DPDK:fast-tests / telemetry_data_autotest OK 0.24s
92/99 DPDK:fast-tests / table_autotest OK 4.95s
93/99 DPDK:fast-tests / ring_pmd_autotest OK 0.14s
94/99 DPDK:fast-tests / event_eth_tx_adapter_autotest OK 1.02s
95/99 DPDK:fast-tests / bitratestats_autotest OK 0.14s
96/99 DPDK:fast-tests / latencystats_autotest OK 0.14s
97/99 DPDK:fast-tests / pdump_autotest OK 5.22s
98/99 DPDK:fast-tests / vdev_autotest OK 0.14s
99/99 DPDK:fast-tests / compressdev_autotest SKIP 0.24s exit status 77
Ok: 93
Expected Fail: 0
Fail: 1
Unexpected Pass: 0
Skipped: 5
Timeout: 0
Full log written to /home-local/jenkins-local/jenkins-agent/workspace/Generic-VM-Unit-Test-DPDK/dpdk/build/meson-logs/testlog.txt
==== End log output ====
Ubuntu 20.04 ARM GCC Native
Kernel: 5.4.0-53-generic
Compiler: gcc 9.3
Ubuntu 20.04 ARM Clang Native
Kernel: 5.4.0-53-generic
Compiler: clang 10.0.0-4ubuntu1
Ubuntu 20.04 ARM SVE
Kernel: 5.4.0-80-generic
Compiler: gcc 10.3.0 (Ubuntu 10.3.0-1ubuntu1~20.04)
To view detailed results, visit:
https://lab.dpdk.org/results/dashboard/patchsets/21290/
UNH-IOL DPDK Community Lab
To manage your email subscriptions, visit:
https://lab.dpdk.org/results/dashboard/preferences/subscriptions/
More information about the test-report
mailing list