|WARNING| pw108408 [PATCH] allow using standard ar from the build ini files instead of 'ar' string

dpdklab at iol.unh.edu dpdklab at iol.unh.edu
Mon Feb 28 19:38:42 CET 2022


Test-Label: iol-aarch64-unit-testing
Test-Status: WARNING
http://dpdk.org/patch/108408

_Testing issues_

Submitter: aisha <atammy.dpdk at bsd.ac>
Date: Monday, February 28 2022 15:54:28 
DPDK git baseline: Repo:dpdk
  Branch: master
  CommitID:305769000c40a4fdf1ed0cf24c157b447b91ea7d

108408 --> testing fail

Test environment and result as below:

+-------------------------------+----------------+--------------+
|          Environment          | dpdk_unit_test | lpm_autotest |
+===============================+================+==============+
| Ubuntu 20.04 ARM Clang Native | PASS           | SKIPPED      |
+-------------------------------+----------------+--------------+
| Ubuntu 20.04 ARM GCC Native   | PASS           | SKIPPED      |
+-------------------------------+----------------+--------------+
| Ubuntu 20.04 ARM SVE          | SKIPPED        | FAIL         |
+-------------------------------+----------------+--------------+

==== 20 line log output for Ubuntu 20.04 ARM SVE (lpm_autotest): ====
The Meson build system
Version: 0.49.2
Source dir: /home-local/jenkins-local/jenkins-agent/workspace/Generic-Unit-Test-DPDK/dpdk
Build dir: /home-local/jenkins-local/jenkins-agent/workspace/Generic-Unit-Test-DPDK/dpdk/build
Build type: native build
Program cat found: YES (/usr/bin/cat)

meson.build:4:0: ERROR:  Meson version is 0.49.2 but project requires >= 0.55.0.

A full log can be found at /home-local/jenkins-local/jenkins-agent/workspace/Generic-Unit-Test-DPDK/dpdk/build/meson-logs/meson-log.txt
==== End log output ====

Ubuntu 20.04 ARM Clang Native
	Kernel: 5.4.0-53-generic
	Compiler: clang 10.0.0-4ubuntu1

Ubuntu 20.04 ARM GCC Native
	Kernel: 5.4.0-53-generic
	Compiler: gcc 9.3

Ubuntu 20.04 ARM SVE
	Kernel: 5.4.0-80-generic
	Compiler: gcc 10.3.0 (Ubuntu 10.3.0-1ubuntu1~20.04)

To view detailed results, visit:
https://lab.dpdk.org/results/dashboard/patchsets/21315/

UNH-IOL DPDK Community Lab

To manage your email subscriptions, visit: 
https://lab.dpdk.org/results/dashboard/preferences/subscriptions/


More information about the test-report mailing list