|FAILURE| pw105747 [PATCH] [1/1] fix spelling in code
dpdklab at iol.unh.edu
dpdklab at iol.unh.edu
Wed Jan 12 09:55:09 CET 2022
Test-Label: iol-aarch64-compile-testing
Test-Status: FAILURE
http://dpdk.org/patch/105747
_Testing issues_
Submitter: Josh Soref <jsoref at gmail.com>
Date: Wednesday, January 12 2022 07:28:08
DPDK git baseline: Repo:dpdk
Branch: master
CommitID:3f993907ee9d530bc595d973a5f764674fcaf509
105747 --> testing fail
Test environment and result as below:
+----------------------------------------+--------------------+
| Environment | dpdk_meson_compile |
+========================================+====================+
| Ubuntu 20.04 ARM Clang Native | FAIL |
+----------------------------------------+--------------------+
| Ubuntu 20.04 ARM GCC Native | FAIL |
+----------------------------------------+--------------------+
| Ubuntu 20.04 aarch32 GCC Cross Compile | PASS |
+----------------------------------------+--------------------+
| Ubuntu 20.04 ARM SVE | PASS |
+----------------------------------------+--------------------+
| Ubuntu 20.04 ARM Clang Cross Compile | PASS |
+----------------------------------------+--------------------+
| Ubuntu 20.04 ARM GCC Cross Compile | PASS |
+----------------------------------------+--------------------+
==== 20 line log output for Ubuntu 20.04 ARM GCC Native (dpdk_meson_compile): ====
[2315/2849] Compiling C object 'drivers/a715181@@tmp_rte_net_cnxk at sta/net_cnxk_cn10k_rx_vec_mseg.c.o'.
[2316/2849] Compiling C object 'drivers/a715181@@tmp_rte_event_cnxk at sta/event_cnxk_cn9k_worker_tx_enq.c.o'.
[2317/2849] Compiling C object 'drivers/a715181@@tmp_rte_crypto_octeontx at sta/crypto_octeontx_otx_cryptodev_ops.c.o'.
[2318/2849] Compiling C object 'drivers/a715181@@tmp_rte_event_cnxk at sta/event_cnxk_cn9k_worker_dual_tx_enq.c.o'.
[2319/2849] Compiling C object 'drivers/a715181@@tmp_rte_net_cnxk at sta/net_cnxk_cn9k_rx_vec_mseg.c.o'.
[2320/2849] Compiling C object 'drivers/a715181@@tmp_rte_event_cnxk at sta/event_cnxk_cn9k_worker_deq.c.o'.
[2321/2849] Compiling C object 'drivers/a715181@@tmp_rte_event_cnxk at sta/event_cnxk_cn9k_worker_dual_tx_enq_seg.c.o'.
[2322/2849] Compiling C object 'drivers/a715181@@tmp_rte_event_cnxk at sta/event_cnxk_cn9k_worker_deq_ca.c.o'.
[2323/2849] Compiling C object 'drivers/a715181@@tmp_rte_event_cnxk at sta/event_cnxk_cn9k_worker_dual_deq_ca.c.o'.
[2324/2849] Compiling C object 'drivers/a715181@@tmp_rte_event_cnxk at sta/event_cnxk_cn9k_worker_deq_tmo.c.o'.
[2325/2849] Compiling C object 'drivers/a715181@@tmp_rte_event_cnxk at sta/event_cnxk_cn9k_worker_dual_deq_tmo.c.o'.
[2326/2849] Compiling C object 'drivers/a715181@@tmp_rte_net_octeontx2 at sta/net_octeontx2_otx2_rx.c.o'.
[2327/2849] Compiling C object 'drivers/a715181@@tmp_rte_event_cnxk at sta/event_cnxk_cn9k_worker_tx_enq_seg.c.o'.
[2328/2849] Compiling C object 'drivers/a715181@@tmp_rte_net_cnxk at sta/net_cnxk_cn10k_tx_vec.c.o'.
[2329/2849] Compiling C object 'drivers/a715181@@tmp_rte_event_cnxk at sta/event_cnxk_cn10k_worker_deq_ca.c.o'.
[2330/2849] Compiling C object 'drivers/a715181@@tmp_rte_event_cnxk at sta/event_cnxk_cn10k_worker_deq.c.o'.
[2331/2849] Compiling C object 'drivers/a715181@@tmp_rte_net_cnxk at sta/net_cnxk_cn10k_tx_vec_mseg.c.o'.
[2332/2849] Compiling C object 'drivers/a715181@@tmp_rte_event_cnxk at sta/event_cnxk_cn10k_worker_deq_tmo.c.o'.
[2333/2849] Compiling C object 'drivers/a715181@@tmp_rte_event_cnxk at sta/event_cnxk_cn10k_worker_tx_enq.c.o'.
ninja: build stopped: subcommand failed.
==== End log output ====
Ubuntu 20.04 ARM Clang Native
Kernel: 5.4.0-53-generic
Compiler: clang 10.0.0-4ubuntu1
Ubuntu 20.04 ARM GCC Native
Kernel: 5.4.0-53-generic
Compiler: gcc 9.3
Ubuntu 20.04 aarch32 GCC Cross Compile
Kernel: 5.4.0-72-generic
Compiler: gcc 9.3.0
Ubuntu 20.04 ARM SVE
Kernel: 5.4.0-80-generic
Compiler: gcc 10.3.0 (Ubuntu 10.3.0-1ubuntu1~20.04)
Ubuntu 20.04 ARM Clang Cross Compile
Kernel: 5.4.0-72-generic
Compiler: clang version 10.0.0-4ubuntu1
Ubuntu 20.04 ARM GCC Cross Compile
Kernel: 5.4.0-72-generic
Compiler: aarch64-linux-gnu-gcc (Ubuntu 9.3.0-17ubuntu1~20.04) 9.3.0
To view detailed results, visit:
https://lab.dpdk.org/results/dashboard/patchsets/20643/
UNH-IOL DPDK Community Lab
To manage your email subscriptions, visit:
https://lab.dpdk.org/results/dashboard/preferences/subscriptions/
More information about the test-report
mailing list