|FAILURE| pw105905-105914 [PATCH] [v1, 6/6] eal: extend --huge-unlink for hugepage file reuse

dpdklab at iol.unh.edu dpdklab at iol.unh.edu
Mon Jan 17 15:19:48 CET 2022


Test-Label: iol-aarch64-unit-testing
Test-Status: FAILURE
http://dpdk.org/patch/105914

_Testing issues_

Submitter: Dmitry Kozlyuk <dkozlyuk at nvidia.com>
Date: Monday, January 17 2022 08:14:40 
DPDK git baseline: Repo:dpdk
  Branch: master
  CommitID:6f716880ee53ac1e50c9c75dc749886e3257bb8f

105905-105914 --> testing fail

Test environment and result as below:

+-------------------------------+--------------+----------------+
|          Environment          | lpm_autotest | dpdk_unit_test |
+===============================+==============+================+
| Ubuntu 20.04 ARM SVE          | PASS         | SKIPPED        |
+-------------------------------+--------------+----------------+
| Ubuntu 20.04 ARM Clang Native | SKIPPED      | FAIL           |
+-------------------------------+--------------+----------------+
| Ubuntu 20.04 ARM GCC Native   | SKIPPED      | FAIL           |
+-------------------------------+--------------+----------------+

==== 20 line log output for Ubuntu 20.04 ARM GCC Native (dpdk_unit_test): ====
89/99 DPDK:fast-tests / trace_autotest        OK       0.67 s
90/99 DPDK:fast-tests / metrics_autotest      OK       0.67 s
91/99 DPDK:fast-tests / telemetry_json_autotest  OK       0.67 s
92/99 DPDK:fast-tests / telemetry_data_autotest  OK       0.67 s
93/99 DPDK:fast-tests / ring_pmd_autotest     OK       0.37 s
94/99 DPDK:fast-tests / event_eth_tx_adapter_autotest  OK       2.97 s
95/99 DPDK:fast-tests / bitratestats_autotest  OK       0.42 s
96/99 DPDK:fast-tests / latencystats_autotest  OK       0.37 s
97/99 DPDK:fast-tests / pdump_autotest        OK       5.73 s
98/99 DPDK:fast-tests / vdev_autotest         OK       0.37 s
99/99 DPDK:fast-tests / compressdev_autotest  SKIP     0.67 s

Ok:                   94
Expected Fail:         0
Fail:                  1
Unexpected Pass:       0
Skipped:               4
Timeout:               0

Full log written to /home-local/jenkins-local/jenkins-agent/workspace/Generic-VM-Unit-Test-DPDK/dpdk/build/meson-logs/testlog.txt
==== End log output ====

Ubuntu 20.04 ARM SVE
	Kernel: 5.4.0-80-generic
	Compiler: gcc 10.3.0 (Ubuntu 10.3.0-1ubuntu1~20.04)

Ubuntu 20.04 ARM Clang Native
	Kernel: 5.4.0-53-generic
	Compiler: clang 10.0.0-4ubuntu1

Ubuntu 20.04 ARM GCC Native
	Kernel: 5.4.0-53-generic
	Compiler: gcc 9.3

To view detailed results, visit:
https://lab.dpdk.org/results/dashboard/patchsets/20684/

UNH-IOL DPDK Community Lab

To manage your email subscriptions, visit: 
https://lab.dpdk.org/results/dashboard/preferences/subscriptions/


More information about the test-report mailing list