|WARNING| [GIT MASTER] 45f04d88ae8fa6217812abdaa623d66b05fc7b6a

dpdklab at iol.unh.edu dpdklab at iol.unh.edu
Thu Jan 20 23:32:36 CET 2022


_Testing issues_

Branch: tags/v21.11

45f04d88ae8fa6217812abdaa623d66b05fc7b6a --> testing fail

Test environment and result as below:

+-----------------------------+----------+
|         Environment         | abi_test |
+=============================+==========+
| FreeBSD 13                  | PASS     |
+-----------------------------+----------+
| Fedora 34 clang             | PASS     |
+-----------------------------+----------+
| Ubuntu 18.04                | PASS     |
+-----------------------------+----------+
| Fedora 34                   | PASS     |
+-----------------------------+----------+
| Arch Linux                  | PASS     |
+-----------------------------+----------+
| openSUSE Leap 15            | PASS     |
+-----------------------------+----------+
| RHEL8                       | PASS     |
+-----------------------------+----------+
| Ubuntu 20.04                | FAIL     |
+-----------------------------+----------+
| Fedora 32                   | PASS     |
+-----------------------------+----------+
| CentOS 8                    | PASS     |
+-----------------------------+----------+
| RHEL 7                      | PASS     |
+-----------------------------+----------+
| Fedora 33                   | PASS     |
+-----------------------------+----------+
| CentOS Stream 8             | PASS     |
+-----------------------------+----------+
| Fedora 31                   | PASS     |
+-----------------------------+----------+
| Ubuntu 20.04 ARM GCC Native | PASS     |
+-----------------------------+----------+

==== 20 line log output for Ubuntu 20.04 (abi_test): ====
[3025/3073] Linking target examples/dpdk-fips_validation.
[3026/3073] Linking target examples/dpdk-ip_reassembly.
[3027/3073] Linking target examples/dpdk-ipv4_multicast.
[3028/3073] Linking target examples/dpdk-l2fwd-crypto.
[3029/3073] Linking target examples/dpdk-flow_classify.
[3030/3073] Linking target examples/dpdk-ethtool.
[3031/3073] Linking target examples/dpdk-vmdq_dcb.
[3032/3073] Linking target examples/dpdk-bbdev_app.
[3033/3073] Linking target examples/dpdk-dma.
[3034/3073] Linking target examples/dpdk-distributor.
[3035/3073] Linking target examples/dpdk-eventdev_pipeline.
[3036/3073] Linking target examples/dpdk-ip_pipeline.
[3037/3073] Linking target examples/dpdk-flow_filtering.
[3038/3073] Linking target examples/dpdk-bond.
[3039/3073] Linking target examples/dpdk-ip_fragmentation.
ninja: build stopped: subcommand failed.
==== Creating reference DPDK ABI
Error: install directory 'build_install' does not exist.
==== Checking ABI
Error: directory to check 'build_install' does not exist.
==== End log output ====

FreeBSD 13
	Kernel: 13.0
	Compiler: clang 11.0.1

Fedora 34 clang
	Kernel: 5.4.0-72-generic
	Compiler: clang 12.0.0 (Fedora 12.0.0-0.3.rc1.fc34)

Ubuntu 18.04
	Kernel: 4.18.0-240.10.1.el8_3.x86_64
	Compiler: gcc 7.5.0-3ubuntu1~18.04

Fedora 34
	Kernel: 5.4.0-72-generic
	Compiler: gcc 11.1.1 20210428 (Red Hat 11.1.1-1)

Arch Linux
	Kernel: 5.4.0-73-generic
	Compiler: gcc 11.1.0

openSUSE Leap 15
	Kernel: 4.18.0-240.10.1.el8_3.x86_64
	Compiler: gcc 7.5.0

RHEL8
	Kernel: 4.18.0-240.10.1.el8_3.x86_64
	Compiler: gcc 8.3.1 20191121 (Red Hat 8.3.1-5)

Ubuntu 20.04
	Kernel: 4.18.0-240.10.1.el8_3.x86_64
	Compiler: gcc 9.3.0-17ubuntu1~20.04

Fedora 32
	Kernel: 4.18.0-240.10.1.el8_3.x86_64
	Compiler: gcc 10.2.1

CentOS 8
	Kernel: 4.18.0-240.10.1.el8_3.x86_64
	Compiler: gcc 8.3.1 20191121 (Red Hat 8.3.1-5)

RHEL 7
	Kernel: 4.18.0-240.10.1.el8_3.x86_64
	Compiler: gcc 4.8.5 20150623 (Red Hat 4.8.5-44)

Fedora 33
	Kernel: 5.4.0-72-generic
	Compiler: gcc 10.3.1 20210422 (Red Hat 10.3.1-1)

CentOS Stream 8
	Kernel: 4.18.0-240.10.1.el8_3.x86_64
	Compiler: gcc 8.4.1 20200928

Fedora 31
	Kernel: 4.18.0-240.10.1.el8_3.x86_64
	Compiler: gcc 9.3.1

Ubuntu 20.04 ARM GCC Native
	Kernel: 5.4.0-53-generic
	Compiler: gcc 9.3

To view detailed results, visit:
https://lab.dpdk.org/results/dashboard/tarballs/18356/

UNH-IOL DPDK Community Lab

To manage your email subscriptions, visit: 
https://lab.dpdk.org/results/dashboard/preferences/subscriptions/


More information about the test-report mailing list