|FAILURE| pw112581-112585 [PATCH] [v6, 5/5] raw/ifpga: add HE-HSSI AFU driver

dpdklab at iol.unh.edu dpdklab at iol.unh.edu
Thu Jun 9 06:52:56 CEST 2022


Test-Label: iol-aarch64-compile-testing
Test-Status: FAILURE
http://dpdk.org/patch/112585

_Testing issues_

Submitter: Wei Huang <wei.huang at intel.com>
Date: Thursday, June 09 2022 02:44:10 
DPDK git baseline: Repo:dpdk
  Branch: master
  CommitID:1ab4156e7d57858fca1db448ac7a0792e1d527b6

112581-112585 --> testing fail

Test environment and result as below:

+----------------------------------------+--------------------+
|              Environment               | dpdk_meson_compile |
+========================================+====================+
| Ubuntu 20.04 ARM GCC Native            | FAIL               |
+----------------------------------------+--------------------+
| Ubuntu 20.04 ARM Clang Native          | FAIL               |
+----------------------------------------+--------------------+
| Ubuntu 20.04 ARM SVE                   | PASS               |
+----------------------------------------+--------------------+
| Ubuntu 20.04 aarch32 GCC Cross Compile | PASS               |
+----------------------------------------+--------------------+
| Ubuntu 20.04 ARM Clang Cross Compile   | PASS               |
+----------------------------------------+--------------------+
| Ubuntu 20.04 ARM GCC Cross Compile     | PASS               |
+----------------------------------------+--------------------+

==== 20 line log output for Ubuntu 20.04 ARM Clang Native (dpdk_meson_compile): ====
[2082/3499] Generating drivers/rte_net_softnic.sym_chk with a custom command (wrapped by meson to capture output)
[2083/3499] Generating drivers/rte_raw_dpaa2_cmdif.sym_chk with a custom command (wrapped by meson to capture output)
[2084/3499] Compiling C object drivers/libtmp_rte_net_mlx5.a.p/net_mlx5_linux_mlx5_ethdev_os.c.o
[2085/3499] Compiling C object drivers/libtmp_rte_net_sfc.a.p/net_sfc_sfc_ef10_tx.c.o
[2086/3499] Compiling C object drivers/libtmp_rte_net_sfc.a.p/net_sfc_sfc_repr.c.o
[2087/3499] Compiling C object drivers/net/txgbe/base/libtxgbe_base.a.p/txgbe_phy.c.o
[2088/3499] Compiling C object drivers/libtmp_rte_net_cnxk.a.p/net_cnxk_tx_cn10k_tx_32_47.c.o
[2089/3499] Compiling C object drivers/libtmp_rte_net_hns3.a.p/net_hns3_hns3_ethdev.c.o
[2090/3499] Compiling C object drivers/libtmp_rte_net_tap.a.p/net_tap_rte_eth_tap.c.o
[2091/3499] Generating drivers/rte_common_mlx5.sym_chk with a custom command (wrapped by meson to capture output)
[2092/3499] Generating lib/ethdev.sym_chk with a custom command (wrapped by meson to capture output)
[2093/3499] Compiling C object drivers/libtmp_rte_net_cnxk.a.p/net_cnxk_tx_cn10k_tx_32_47_mseg.c.o
[2094/3499] Compiling C object drivers/libtmp_rte_net_cnxk.a.p/net_cnxk_tx_cn10k_tx_96_111_mseg.c.o
[2095/3499] Compiling C object drivers/libtmp_rte_net_cnxk.a.p/net_cnxk_rx_cn10k_rx_80_95.c.o
[2096/3499] Generating drivers/rte_common_sfc_efx.sym_chk with a custom command (wrapped by meson to capture output)
[2097/3499] Generating lib/eal.sym_chk with a custom command (wrapped by meson to capture output)
[2098/3499] Compiling C object drivers/libtmp_rte_net_mlx5.a.p/net_mlx5_mlx5_tx_mpw.c.o
[2099/3499] Generating drivers/rte_common_cnxk.sym_chk with a custom command (wrapped by meson to capture output)
[2100/3499] Compiling C object drivers/libtmp_rte_net_mlx5.a.p/net_mlx5_mlx5_tx_nompw.c.o
ninja: build stopped: subcommand failed.
==== End log output ====

Ubuntu 20.04 ARM GCC Native
	Kernel: 5.4.0-53-generic
	Compiler: gcc 9.3

Ubuntu 20.04 ARM Clang Native
	Kernel: 5.4.0-53-generic
	Compiler: clang 10.0.0-4ubuntu1

Ubuntu 20.04 ARM SVE
	Kernel: 5.4.0-80-generic
	Compiler: gcc 10.3.0 (Ubuntu 10.3.0-1ubuntu1~20.04)

Ubuntu 20.04 aarch32 GCC Cross Compile
	Kernel: 5.4.0-72-generic
	Compiler: gcc 9.3.0

Ubuntu 20.04 ARM Clang Cross Compile
	Kernel: 5.4.0-72-generic
	Compiler: clang version 10.0.0-4ubuntu1

Ubuntu 20.04 ARM GCC Cross Compile
	Kernel: 5.4.0-72-generic
	Compiler: aarch64-linux-gnu-gcc (Ubuntu 9.3.0-17ubuntu1~20.04) 9.3.0

To view detailed results, visit:
https://lab.dpdk.org/results/dashboard/patchsets/22517/

UNH-IOL DPDK Community Lab

To manage your email subscriptions, visit: 
https://lab.dpdk.org/results/dashboard/preferences/subscriptions/


More information about the test-report mailing list