|FAILURE| pw112600 [PATCH] bus/vmbus: add support allow/block scan mode

dpdklab at iol.unh.edu dpdklab at iol.unh.edu
Thu Jun 9 19:37:28 CEST 2022


Test-Label: iol-aarch64-unit-testing
Test-Status: FAILURE
http://dpdk.org/patch/112600

_Testing issues_

Submitter: Xiaoming Jiang <jiangxiaoming at outlook.com>
Date: Thursday, June 09 2022 07:55:13 
DPDK git baseline: Repo:dpdk
  Branch: master
  CommitID:1ab4156e7d57858fca1db448ac7a0792e1d527b6

112600 --> testing fail

Test environment and result as below:

+-------------------------------+----------------+--------------+
|          Environment          | dpdk_unit_test | lpm_autotest |
+===============================+================+==============+
| Ubuntu 20.04 ARM GCC Native   | FAIL           | SKIPPED      |
+-------------------------------+----------------+--------------+
| Ubuntu 20.04 ARM Clang Native | FAIL           | SKIPPED      |
+-------------------------------+----------------+--------------+
| Ubuntu 20.04 ARM SVE          | SKIPPED        | PASS         |
+-------------------------------+----------------+--------------+

==== 20 line log output for Ubuntu 20.04 ARM Clang Native (dpdk_unit_test): ====
[818/3495] Generating drivers/rte_common_octeontx.sym_chk with a custom command (wrapped by meson to capture output)
[819/3495] Generating lib/power.sym_chk with a custom command (wrapped by meson to capture output)
[820/3495] Generating lib/compressdev.sym_chk with a custom command (wrapped by meson to capture output)
[821/3495] Generating lib/cmdline.sym_chk with a custom command (wrapped by meson to capture output)
[822/3495] Generating drivers/rte_common_iavf.sym_chk with a custom command (wrapped by meson to capture output)
[823/3495] Generating lib/table.sym_chk with a custom command (wrapped by meson to capture output)
[824/3495] Generating drivers/rte_common_cnxk.pmd.c with a custom command
[825/3495] Generating symbol file lib/librte_telemetry.so.22.2.p/librte_telemetry.so.22.2.symbols
[826/3495] Generating drivers/rte_common_dpaax.sym_chk with a custom command (wrapped by meson to capture output)
[827/3495] Generating lib/graph.sym_chk with a custom command (wrapped by meson to capture output)
[828/3495] Generating drivers/rte_bus_ifpga.sym_chk with a custom command (wrapped by meson to capture output)
[829/3495] Generating drivers/rte_bus_vdev.sym_chk with a custom command (wrapped by meson to capture output)
[830/3495] Generating lib/vhost.sym_chk with a custom command (wrapped by meson to capture output)
[831/3495] Generating lib/cryptodev.sym_chk with a custom command (wrapped by meson to capture output)
[832/3495] Generating lib/eventdev.sym_chk with a custom command (wrapped by meson to capture output)
[833/3495] Generating lib/pipeline.sym_chk with a custom command (wrapped by meson to capture output)
[834/3495] Generating drivers/rte_bus_dpaa.sym_chk with a custom command (wrapped by meson to capture output)
[835/3495] Generating lib/ethdev.sym_chk with a custom command (wrapped by meson to capture output)
[836/3495] Generating lib/eal.sym_chk with a custom command (wrapped by meson to capture output)
ninja: build stopped: subcommand failed.
==== End log output ====

Ubuntu 20.04 ARM GCC Native
	Kernel: 5.4.0-53-generic
	Compiler: gcc 9.3

Ubuntu 20.04 ARM Clang Native
	Kernel: 5.4.0-53-generic
	Compiler: clang 10.0.0-4ubuntu1

Ubuntu 20.04 ARM SVE
	Kernel: 5.4.0-80-generic
	Compiler: gcc 10.3.0 (Ubuntu 10.3.0-1ubuntu1~20.04)

To view detailed results, visit:
https://lab.dpdk.org/results/dashboard/patchsets/22523/

UNH-IOL DPDK Community Lab

To manage your email subscriptions, visit: 
https://lab.dpdk.org/results/dashboard/preferences/subscriptions/


More information about the test-report mailing list