|FAILURE| pw112601 [PATCH] bus/vmbus: add support allow/block scan mode

dpdklab at iol.unh.edu dpdklab at iol.unh.edu
Fri Jun 10 02:14:25 CEST 2022


Test-Label: iol-x86_64-unit-testing
Test-Status: FAILURE
http://dpdk.org/patch/112601

_Testing issues_

Submitter: Xiaoming Jiang <jiangxiaoming at outlook.com>
Date: Thursday, June 09 2022 08:01:09 
DPDK git baseline: Repo:dpdk
  Branch: master
  CommitID:1ab4156e7d57858fca1db448ac7a0792e1d527b6

112601 --> testing fail

Test environment and result as below:

+---------------------+----------------+
|     Environment     | dpdk_unit_test |
+=====================+================+
| Ubuntu 18.04        | FAIL           |
+---------------------+----------------+
| CentOS Stream 8     | FAIL           |
+---------------------+----------------+
| openSUSE Leap 15    | FAIL           |
+---------------------+----------------+
| Windows Server 2019 | PASS           |
+---------------------+----------------+
| Fedora 34           | FAIL           |
+---------------------+----------------+
| Fedora 33           | FAIL           |
+---------------------+----------------+
| Fedora 31           | FAIL           |
+---------------------+----------------+
| Arch Linux          | FAIL           |
+---------------------+----------------+
| RHEL 7              | FAIL           |
+---------------------+----------------+
| RHEL8               | FAIL           |
+---------------------+----------------+
| Fedora 32           | FAIL           |
+---------------------+----------------+
| Fedora 34 clang     | FAIL           |
+---------------------+----------------+
| Ubuntu 20.04        | FAIL           |
+---------------------+----------------+

==== 20 line log output for Ubuntu 20.04 (dpdk_unit_test): ====
[681/3352] Compiling C object 'drivers/a715181@@rte_bus_vdev at sha/meson-generated_.._rte_bus_vdev.pmd.c.o'.
[682/3352] Linking target drivers/librte_bus_pci.so.22.2.
[683/3352] Compiling C object 'drivers/a715181@@tmp_rte_bus_vmbus at sta/bus_vmbus_vmbus_common_uio.c.o'.
[684/3352] Linking target drivers/librte_bus_vdev.so.22.2.
[685/3352] Compiling C object 'drivers/a715181@@tmp_rte_bus_vmbus at sta/bus_vmbus_vmbus_common.c.o'.
FAILED: drivers/a715181@@tmp_rte_bus_vmbus at sta/bus_vmbus_vmbus_common.c.o
ccache cc -Idrivers/a715181@@tmp_rte_bus_vmbus at sta -Idrivers -I../drivers -Idrivers/bus/vmbus -I../drivers/bus/vmbus -I../drivers/bus/vmbus/linux -I. -I../ -Iconfig -I../config -Ilib/eal/include -I../lib/eal/include -Ilib/eal/linux/include -I../lib/eal/linux/include -Ilib/eal/x86/include -I../lib/eal/x86/include -Ilib/eal/common -I../lib/eal/common -Ilib/eal -I../lib/eal -Ilib/kvargs -I../lib/kvargs -Ilib/telemetry/../metrics -I../lib/telemetry/../metrics -Ilib/telemetry -I../lib/telemetry -fdiagnostics-color=always -pipe -D_FILE_OFFSET_BITS=64 -Wall -Winvalid-pch -Wextra -Werror -O3 -include rte_config.h -Wcast-qual -Wdeprecated -Wformat -Wformat-nonliteral -Wformat-security -Wmissing-declarations -Wmissing-prototypes -Wnested-externs -Wold-style-definition -Wpointer-arith -Wsign-compare -Wstrict-prototypes -Wundef -Wwrite-strings -Wno-address-of-packed-member -Wno-packed-not-aligned -Wno-missing-field-initializers -D_GNU_SOURCE -fPIC -march=native -DALLOW_EXPERIMENTAL_API -DALLOW_INTERNAL_API -Wno-format-truncation -DRTE_LOG_DEFAULT_LOGTYPE=bus.vmbus  -MD -MQ 'drivers/a715181@@tmp_rte_bus_vmbus at sta/bus_vmbus_vmbus_common.c.o' -MF 'drivers/a715181@@tmp_rte_bus_vmbus at sta/bus_vmbus_vmbus_common.c.o.d' -o 'drivers/a715181@@tmp_rte_bus_vmbus at sta/bus_vmbus_vmbus_common.c.o' -c ../drivers/bus/vmbus/vmbus_common.c
../drivers/bus/vmbus/vmbus_common.c: In function ‘rte_vmbus_ignore_device’:
../drivers/bus/vmbus/vmbus_common.c:174:53: error: passing argument 1 of ‘vmbus_devargs_lookup’ discards ‘const’ qualifier from pointer target type [-Werror=discarded-qualifiers]
174 |  struct rte_devargs *devargs = vmbus_devargs_lookup(dev);
|                                                     ^~~
In file included from ../drivers/bus/vmbus/vmbus_common.c:24:
../drivers/bus/vmbus/private.h:82:1: note: expected ‘struct rte_vmbus_device *’ but argument is of type ‘const struct rte_vmbus_device *’
82 | vmbus_devargs_lookup(struct rte_vmbus_device *dev);
| ^~~~~~~~~~~~~~~~~~~~
cc1: all warnings being treated as errors
[686/3352] Generating symbol file 'drivers/a715181@@rte_bus_pci at sha/librte_bus_pci.so.22.2.symbols'.
[687/3352] Compiling C object 'drivers/a715181@@tmp_rte_bus_vmbus at sta/bus_vmbus_linux_vmbus_bus.c.o'.
[688/3352] Generating symbol file 'drivers/a715181@@rte_bus_vdev at sha/librte_bus_vdev.so.22.2.symbols'.
ninja: build stopped: subcommand failed.
==== End log output ====

Ubuntu 18.04
	Kernel: 4.18.0-240.10.1.el8_3.x86_64
	Compiler: gcc 7.5.0-3ubuntu1~18.04

CentOS Stream 8
	Kernel: 4.18.0-240.10.1.el8_3.x86_64
	Compiler: gcc 8.4.1 20200928

openSUSE Leap 15
	Kernel: 4.18.0-240.10.1.el8_3.x86_64
	Compiler: gcc 7.5.0

Windows Server 2019
	Kernel: 10.0
	Compiler: clang 14.0 and gcc 8.1.0 (MinGW)

Fedora 34
	Kernel: 5.4.0-72-generic
	Compiler: gcc 11.1.1 20210428 (Red Hat 11.1.1-1)

Fedora 33
	Kernel: 5.4.0-72-generic
	Compiler: gcc 10.3.1 20210422 (Red Hat 10.3.1-1)

Fedora 31
	Kernel: 4.18.0-240.10.1.el8_3.x86_64
	Compiler: gcc 9.3.1

Arch Linux
	Kernel: 5.4.0-73-generic
	Compiler: gcc 11.1.0

RHEL 7
	Kernel: 4.18.0-240.10.1.el8_3.x86_64
	Compiler: gcc 4.8.5 20150623 (Red Hat 4.8.5-44)

RHEL8
	Kernel: 4.18.0-240.10.1.el8_3.x86_64
	Compiler: gcc 8.3.1 20191121 (Red Hat 8.3.1-5)

Fedora 32
	Kernel: 4.18.0-240.10.1.el8_3.x86_64
	Compiler: gcc 10.2.1

Fedora 34 clang
	Kernel: 5.4.0-72-generic
	Compiler: clang 12.0.0 (Fedora 12.0.0-0.3.rc1.fc34)

Ubuntu 20.04
	Kernel: 4.18.0-240.10.1.el8_3.x86_64
	Compiler: gcc 9.3.0-17ubuntu1~20.04

To view detailed results, visit:
https://lab.dpdk.org/results/dashboard/patchsets/22524/

UNH-IOL DPDK Community Lab

To manage your email subscriptions, visit: 
https://lab.dpdk.org/results/dashboard/preferences/subscriptions/


More information about the test-report mailing list