|WARNING| pw112682 [PATCH] drivers: rename octeon ep PMD
dpdklab at iol.unh.edu
dpdklab at iol.unh.edu
Tue Jun 14 01:20:53 CEST 2022
Test-Label: iol-abi-testing
Test-Status: WARNING
http://dpdk.org/patch/112682
_Testing issues_
Submitter: Sathesh B Edara <sedara at marvell.com>
Date: Tuesday, June 07 2022 14:15:46
DPDK git baseline: Repo:dpdk
Branch: master
CommitID:1ab4156e7d57858fca1db448ac7a0792e1d527b6
112682 --> testing fail
Test environment and result as below:
+-----------------------------+----------+
| Environment | abi_test |
+=============================+==========+
| Ubuntu 20.04 ARM GCC Native | FAIL |
+-----------------------------+----------+
| RHEL 7 | FAIL |
+-----------------------------+----------+
| Ubuntu 18.04 | FAIL |
+-----------------------------+----------+
| RHEL8 | FAIL |
+-----------------------------+----------+
| Ubuntu 20.04 | FAIL |
+-----------------------------+----------+
| Fedora 32 | FAIL |
+-----------------------------+----------+
| Arch Linux | FAIL |
+-----------------------------+----------+
| Fedora 34 clang | FAIL |
+-----------------------------+----------+
| Fedora 34 | FAIL |
+-----------------------------+----------+
| Fedora 33 | FAIL |
+-----------------------------+----------+
| Alpine | FAIL |
+-----------------------------+----------+
| openSUSE Leap 15 | FAIL |
+-----------------------------+----------+
| CentOS Stream 8 | FAIL |
+-----------------------------+----------+
| Fedora 31 | FAIL |
+-----------------------------+----------+
==== 20 line log output for Fedora 31 (abi_test): ====
Variables changes summary: 0 Removed, 0 Changed, 0 Added variable
Functions changes summary: 0 Removed, 0 Changed (1 filtered out), 0 Added function
Variables changes summary: 0 Removed, 0 Changed, 0 Added variable
Functions changes summary: 0 Removed, 0 Changed (1 filtered out), 0 Added function
Variables changes summary: 0 Removed, 0 Changed, 0 Added variable
Functions changes summary: 0 Removed (1 filtered out), 0 Changed (219 filtered out), 0 Added (1 filtered out) functions
Variables changes summary: 0 Removed, 0 Changed, 0 Added variable
Functions changes summary: 0 Removed, 0 Changed (1 filtered out), 0 Added (5 filtered out) functions
Variables changes summary: 0 Removed, 0 Changed, 0 Added variable
Functions changes summary: 0 Removed, 0 Changed (2 filtered out), 0 Added functions
Variables changes summary: 0 Removed, 0 Changed, 0 Added variable
Functions changes summary: 0 Removed, 0 Changed (2 filtered out), 0 Added functions
Variables changes summary: 0 Removed, 0 Changed, 0 Added variable
==== End log output ====
Ubuntu 20.04 ARM GCC Native
Kernel: 5.4.0-53-generic
Compiler: gcc 9.3
RHEL 7
Kernel: 4.18.0-240.10.1.el8_3.x86_64
Compiler: gcc 4.8.5 20150623 (Red Hat 4.8.5-44)
Ubuntu 18.04
Kernel: 4.18.0-240.10.1.el8_3.x86_64
Compiler: gcc 7.5.0-3ubuntu1~18.04
RHEL8
Kernel: 4.18.0-240.10.1.el8_3.x86_64
Compiler: gcc 8.3.1 20191121 (Red Hat 8.3.1-5)
Ubuntu 20.04
Kernel: 4.18.0-240.10.1.el8_3.x86_64
Compiler: gcc 9.3.0-17ubuntu1~20.04
Fedora 32
Kernel: 4.18.0-240.10.1.el8_3.x86_64
Compiler: gcc 10.2.1
Arch Linux
Kernel: 5.4.0-73-generic
Compiler: gcc 11.1.0
Fedora 34 clang
Kernel: 5.4.0-72-generic
Compiler: clang 12.0.0 (Fedora 12.0.0-0.3.rc1.fc34)
Fedora 34
Kernel: 5.4.0-72-generic
Compiler: gcc 11.1.1 20210428 (Red Hat 11.1.1-1)
Fedora 33
Kernel: 5.4.0-72-generic
Compiler: gcc 10.3.1 20210422 (Red Hat 10.3.1-1)
Alpine
Kernel: 5.4.0-73-generic
Compiler: gcc (Alpine 10.3.1_git20210424) 10.3.1 20210424
openSUSE Leap 15
Kernel: 4.18.0-240.10.1.el8_3.x86_64
Compiler: gcc 7.5.0
CentOS Stream 8
Kernel: 4.18.0-240.10.1.el8_3.x86_64
Compiler: gcc 8.4.1 20200928
Fedora 31
Kernel: 4.18.0-240.10.1.el8_3.x86_64
Compiler: gcc 9.3.1
To view detailed results, visit:
https://lab.dpdk.org/results/dashboard/patchsets/22570/
UNH-IOL DPDK Community Lab
To manage your email subscriptions, visit:
https://lab.dpdk.org/results/dashboard/preferences/subscriptions/
More information about the test-report
mailing list