|FAILURE| pw112888-112889 [PATCH] [v2, 2/2] net/cnxk: support ops to update precolor VLAN table
dpdklab at iol.unh.edu
dpdklab at iol.unh.edu
Thu Jun 16 14:30:35 CEST 2022
Test-Label: iol-aarch64-unit-testing
Test-Status: FAILURE
http://dpdk.org/patch/112889
_Testing issues_
Submitter: Sunil Kumar Kori <skori at marvell.com>
Date: Thursday, June 16 2022 09:48:25
DPDK git baseline: Repo:dpdk
Branch: master
CommitID:7342e612052ae3ec875ae018548324d29abfa9c2
112888-112889 --> testing fail
Test environment and result as below:
+-------------------------------+--------------+----------------+
| Environment | lpm_autotest | dpdk_unit_test |
+===============================+==============+================+
| Ubuntu 20.04 ARM SVE | PASS | SKIPPED |
+-------------------------------+--------------+----------------+
| Ubuntu 20.04 ARM Clang Native | SKIPPED | FAIL |
+-------------------------------+--------------+----------------+
| Ubuntu 20.04 ARM GCC Native | SKIPPED | PASS |
+-------------------------------+--------------+----------------+
==== 20 line log output for Ubuntu 20.04 ARM Clang Native (dpdk_unit_test): ====
[1152/3495] Compiling C object drivers/libtmp_rte_net_cnxk.a.p/net_cnxk_rx_cn9k_rx_96_111.c.o
[1153/3495] Compiling C object drivers/libtmp_rte_net_cnxk.a.p/net_cnxk_rx_cn9k_rx_112_127.c.o
[1154/3495] Compiling C object drivers/libtmp_rte_net_cnxk.a.p/net_cnxk_rx_cn9k_rx_48_63_vec.c.o
[1155/3495] Compiling C object drivers/libtmp_rte_net_cnxk.a.p/net_cnxk_rx_cn9k_rx_64_79_mseg.c.o
[1156/3495] Compiling C object drivers/libtmp_rte_net_cnxk.a.p/net_cnxk_rx_cn9k_rx_0_15_vec_mseg.c.o
[1157/3495] Compiling C object drivers/libtmp_rte_net_cnxk.a.p/net_cnxk_rx_cn9k_rx_80_95_mseg.c.o
[1158/3495] Compiling C object drivers/libtmp_rte_net_cnxk.a.p/net_cnxk_rx_cn9k_rx_96_111_mseg.c.o
[1159/3495] Compiling C object drivers/libtmp_rte_net_cnxk.a.p/net_cnxk_rx_cn9k_rx_112_127_mseg.c.o
[1160/3495] Compiling C object drivers/libtmp_rte_net_cnxk.a.p/net_cnxk_rx_cn9k_rx_32_47_vec_mseg.c.o
[1161/3495] Compiling C object drivers/libtmp_rte_net_cnxk.a.p/net_cnxk_rx_cn9k_rx_16_31_vec_mseg.c.o
[1162/3495] Compiling C object drivers/libtmp_rte_net_cnxk.a.p/net_cnxk_rx_cn9k_rx_64_79_vec.c.o
[1163/3495] Compiling C object drivers/libtmp_rte_net_cnxk.a.p/net_cnxk_rx_cn9k_rx_48_63_vec_mseg.c.o
[1164/3495] Compiling C object drivers/libtmp_rte_net_cnxk.a.p/net_cnxk_rx_cn9k_rx_80_95_vec.c.o
[1165/3495] Compiling C object drivers/libtmp_rte_net_cnxk.a.p/net_cnxk_rx_cn9k_rx_96_111_vec.c.o
[1166/3495] Compiling C object drivers/libtmp_rte_net_cnxk.a.p/net_cnxk_rx_cn9k_rx_112_127_vec.c.o
[1167/3495] Compiling C object drivers/libtmp_rte_net_cnxk.a.p/net_cnxk_rx_cn9k_rx_64_79_vec_mseg.c.o
[1168/3495] Generating lib/eal.sym_chk with a custom command (wrapped by meson to capture output)
[1169/3495] Generating drivers/rte_common_sfc_efx.sym_chk with a custom command (wrapped by meson to capture output)
[1170/3495] Compiling C object drivers/libtmp_rte_net_cnxk.a.p/net_cnxk_rx_cn9k_rx_80_95_vec_mseg.c.o
ninja: build stopped: subcommand failed.
==== End log output ====
Ubuntu 20.04 ARM SVE
Kernel: 5.4.0-80-generic
Compiler: gcc 10.3.0 (Ubuntu 10.3.0-1ubuntu1~20.04)
Ubuntu 20.04 ARM Clang Native
Kernel: 5.4.0-53-generic
Compiler: clang 10.0.0-4ubuntu1
Ubuntu 20.04 ARM GCC Native
Kernel: 5.4.0-53-generic
Compiler: gcc 9.3
To view detailed results, visit:
https://lab.dpdk.org/results/dashboard/patchsets/22644/
UNH-IOL DPDK Community Lab
To manage your email subscriptions, visit:
https://lab.dpdk.org/results/dashboard/preferences/subscriptions/
More information about the test-report
mailing list