|FAILURE| pw112904-112922 [PATCH] [v2, 19/19] vhost: remove unneeded header includes

dpdklab at iol.unh.edu dpdklab at iol.unh.edu
Thu Jun 16 18:29:01 CEST 2022


Test-Label: iol-aarch64-compile-testing
Test-Status: FAILURE
http://dpdk.org/patch/112922

_Testing issues_

Submitter: Sean Morrissey <sean.morrissey at intel.com>
Date: Thursday, June 16 2022 15:17:27 
DPDK git baseline: Repo:dpdk
  Branch: master
  CommitID:7342e612052ae3ec875ae018548324d29abfa9c2

112904-112922 --> testing fail

Test environment and result as below:

+----------------------------------------+--------------------+
|              Environment               | dpdk_meson_compile |
+========================================+====================+
| Ubuntu 20.04 ARM Clang Native          | FAIL               |
+----------------------------------------+--------------------+
| Ubuntu 20.04 ARM GCC Native            | FAIL               |
+----------------------------------------+--------------------+
| Ubuntu 20.04 ARM SVE                   | FAIL               |
+----------------------------------------+--------------------+
| Ubuntu 20.04 ARM Clang Cross Compile   | FAIL               |
+----------------------------------------+--------------------+
| Ubuntu 20.04 ARM GCC Cross Compile     | FAIL               |
+----------------------------------------+--------------------+
| Ubuntu 20.04 aarch32 GCC Cross Compile | FAIL               |
+----------------------------------------+--------------------+

==== 20 line log output for Ubuntu 20.04 aarch32 GCC Cross Compile (dpdk_meson_compile): ====
[54/2242] Compiling C object 'lib/76b5a35@@rte_eal at sta/eal_common_malloc_mp.c.o'.
[55/2242] Compiling C object 'lib/76b5a35@@rte_eal at sta/eal_common_rte_keepalive.c.o'.
[56/2242] Compiling C object 'lib/76b5a35@@rte_eal at sta/eal_unix_eal_file.c.o'.
[57/2242] Compiling C object 'lib/76b5a35@@rte_eal at sta/eal_unix_eal_filesystem.c.o'.
[58/2242] Compiling C object 'lib/76b5a35@@rte_eal at sta/eal_unix_eal_firmware.c.o'.
[59/2242] Compiling C object 'lib/76b5a35@@rte_eal at sta/eal_unix_eal_unix_memory.c.o'.
[60/2242] Compiling C object 'lib/76b5a35@@rte_eal at sta/eal_unix_eal_unix_thread.c.o'.
[61/2242] Compiling C object 'lib/76b5a35@@rte_eal at sta/eal_unix_eal_unix_timer.c.o'.
[62/2242] Compiling C object 'lib/76b5a35@@rte_eal at sta/eal_unix_rte_thread.c.o'.
[63/2242] Compiling C object 'lib/76b5a35@@rte_eal at sta/eal_linux_eal.c.o'.
FAILED: lib/76b5a35@@rte_eal at sta/eal_linux_eal.c.o
ccache arm-linux-gnueabihf-gcc -Ilib/76b5a35@@rte_eal at sta -Ilib -I../lib -I. -I../ -Iconfig -I../config -Ilib/eal/include -I../lib/eal/include -Ilib/eal/linux/include -I../lib/eal/linux/include -Ilib/eal/arm/include -I../lib/eal/arm/include -Ilib/eal/common -I../lib/eal/common -Ilib/eal -I../lib/eal -Ilib/kvargs -I../lib/kvargs -Ilib/telemetry/../metrics -I../lib/telemetry/../metrics -Ilib/telemetry -I../lib/telemetry -fdiagnostics-color=always -pipe -D_FILE_OFFSET_BITS=64 -Wall -Winvalid-pch -Wextra -Werror -O3 -include rte_config.h -Wcast-qual -Wdeprecated -Wformat -Wformat-nonliteral -Wformat-security -Wmissing-declarations -Wmissing-prototypes -Wnested-externs -Wold-style-definition -Wpointer-arith -Wsign-compare -Wstrict-prototypes -Wundef -Wwrite-strings -Wno-address-of-packed-member -Wno-packed-not-aligned -Wno-missing-field-initializers -Wno-pointer-to-int-cast -D_GNU_SOURCE -fPIC -march=armv8-a -mfpu=neon -DALLOW_EXPERIMENTAL_API -DALLOW_INTERNAL_API -Wno-format-truncation '-DABI_VERSION="22.2"' -DRTE_LIBEAL_USE_GETENTROPY -DRTE_LOG_DEFAULT_LOGTYPE=lib.eal  -MD -MQ 'lib/76b5a35@@rte_eal at sta/eal_linux_eal.c.o' -MF 'lib/76b5a35@@rte_eal at sta/eal_linux_eal.c.o.d' -o 'lib/76b5a35@@rte_eal at sta/eal_linux_eal.c.o' -c ../lib/eal/linux/eal.c
../lib/eal/linux/eal.c: In function 'rte_eal_init':
../lib/eal/linux/eal.c:876:7: error: implicit declaration of function 'rte_cpu_is_supported'; did you mean 'rte_tm_supported'? [-Werror=implicit-function-declaration]
876 |  if (!rte_cpu_is_supported()) {
|       ^~~~~~~~~~~~~~~~~~~~
|       rte_tm_supported
../lib/eal/linux/eal.c:876:7: error: nested extern declaration of 'rte_cpu_is_supported' [-Werror=nested-externs]
cc1: all warnings being treated as errors
ninja: build stopped: subcommand failed.
==== End log output ====

Ubuntu 20.04 ARM Clang Native
	Kernel: 5.4.0-53-generic
	Compiler: clang 10.0.0-4ubuntu1

Ubuntu 20.04 ARM GCC Native
	Kernel: 5.4.0-53-generic
	Compiler: gcc 9.3

Ubuntu 20.04 ARM SVE
	Kernel: 5.4.0-80-generic
	Compiler: gcc 10.3.0 (Ubuntu 10.3.0-1ubuntu1~20.04)

Ubuntu 20.04 ARM Clang Cross Compile
	Kernel: 5.4.0-72-generic
	Compiler: clang version 10.0.0-4ubuntu1

Ubuntu 20.04 ARM GCC Cross Compile
	Kernel: 5.4.0-72-generic
	Compiler: aarch64-linux-gnu-gcc (Ubuntu 9.3.0-17ubuntu1~20.04) 9.3.0

Ubuntu 20.04 aarch32 GCC Cross Compile
	Kernel: 5.4.0-72-generic
	Compiler: gcc 9.3.0

To view detailed results, visit:
https://lab.dpdk.org/results/dashboard/patchsets/22653/

UNH-IOL DPDK Community Lab

To manage your email subscriptions, visit: 
https://lab.dpdk.org/results/dashboard/preferences/subscriptions/


More information about the test-report mailing list